CRAN Package Check Results for Package topicdoc

Last updated on 2020-07-08 12:49:22 CEST.

Flavor Version Tinstall Tcheck Ttotal Status Flags
r-devel-linux-x86_64-debian-clang 0.1.0 3.67 108.19 111.86 OK
r-devel-linux-x86_64-debian-gcc 0.1.0 2.60 78.56 81.16 OK
r-devel-linux-x86_64-fedora-clang 0.1.0 145.92 NOTE
r-devel-linux-x86_64-fedora-gcc 0.1.0 138.03 OK
r-devel-windows-ix86+x86_64 0.1.0 10.00 170.00 180.00 OK
r-patched-linux-x86_64 0.1.0 3.90 108.76 112.66 OK
r-patched-solaris-x86 0.1.0 261.50 OK
r-release-linux-x86_64 0.1.0 3.64 108.90 112.54 OK
r-release-osx-x86_64 0.1.0 OK
r-release-windows-ix86+x86_64 0.1.0 10.00 200.00 210.00 OK
r-oldrel-osx-x86_64 0.1.0 OK
r-oldrel-windows-ix86+x86_64 0.1.0 7.00 195.00 202.00 OK

Check Details

Version: 0.1.0
Check: Rd cross-references
Result: NOTE
    Undeclared package ‘stm’ in Rd xrefs
Flavor: r-devel-linux-x86_64-fedora-clang