CRAN Package Check Results for Package topChef

Last updated on 2023-12-08 15:54:21 CET.

Flavor Version Tinstall Tcheck Ttotal Status Flags
r-devel-linux-x86_64-debian-clang 0.1.0 4.78 54.07 58.85 OK
r-devel-linux-x86_64-debian-gcc 0.1.0 3.91 41.01 44.92 OK
r-devel-linux-x86_64-fedora-clang 0.1.0 72.98 NOTE
r-devel-linux-x86_64-fedora-gcc 0.1.0 81.10 NOTE
r-devel-windows-x86_64 0.1.0 5.00 62.00 67.00 OK
r-patched-linux-x86_64 0.1.0 3.05 51.21 54.26 OK
r-release-linux-x86_64 0.1.0 3.19 50.48 53.67 OK
r-release-macos-arm64 0.1.0 32.00 OK
r-release-macos-x86_64 0.1.0 64.00 OK
r-release-windows-x86_64 0.1.0 7.00 68.00 75.00 OK
r-oldrel-macos-arm64 0.1.0 30.00 OK
r-oldrel-macos-x86_64 0.1.0 42.00 OK
r-oldrel-windows-x86_64 0.1.0 8.00 73.00 81.00 OK

Check Details

Version: 0.1.0
Check: data for non-ASCII characters
Result: NOTE Note: found 9 marked UTF-8 strings Flavors: r-devel-linux-x86_64-fedora-clang, r-devel-linux-x86_64-fedora-gcc