CRAN Package Check Results for Package toolbox

Last updated on 2024-07-19 10:56:59 CEST.

Flavor Version Tinstall Tcheck Ttotal Status Flags
r-devel-linux-x86_64-debian-clang 0.1.1 2.34 22.51 24.85 NOTE
r-devel-linux-x86_64-debian-gcc 0.1.1 1.68 16.98 18.66 NOTE
r-devel-linux-x86_64-fedora-clang 0.1.1 30.94 NOTE
r-devel-linux-x86_64-fedora-gcc 0.1.1 29.24 NOTE
r-devel-windows-x86_64 0.1.1 3.00 41.00 44.00 NOTE
r-patched-linux-x86_64 0.1.1 2.44 21.45 23.89 NOTE
r-release-linux-x86_64 0.1.1 1.77 21.14 22.91 NOTE
r-release-macos-arm64 0.1.1 15.00 NOTE
r-release-macos-x86_64 0.1.1 24.00 NOTE
r-release-windows-x86_64 0.1.1 3.00 40.00 43.00 NOTE
r-oldrel-macos-arm64 0.1.1 17.00 OK
r-oldrel-macos-x86_64 0.1.1 19.00 OK
r-oldrel-windows-x86_64 0.1.1 5.00 42.00 47.00 OK

Check Details

Version: 0.1.1
Check: Rd files
Result: NOTE checkRd: (-1) jsonStr.Rd:5: Lost braces; missing escapes or markup? 5 | \title{Format data as a JSON object (like this: {"x": "120"}).} | ^ checkRd: (-1) jsonStr.Rd:18: Lost braces; missing escapes or markup? 18 | Format data as a JSON object (like this: {"x": "120"}). | ^ Flavors: r-devel-linux-x86_64-debian-clang, r-devel-linux-x86_64-debian-gcc, r-devel-linux-x86_64-fedora-clang, r-devel-linux-x86_64-fedora-gcc, r-devel-windows-x86_64, r-patched-linux-x86_64, r-release-linux-x86_64, r-release-macos-arm64, r-release-macos-x86_64, r-release-windows-x86_64