Last updated on 2023-12-08 15:54:21 CET.
Flavor | Version | Tinstall | Tcheck | Ttotal | Status | Flags |
---|---|---|---|---|---|---|
r-devel-linux-x86_64-debian-clang | 0.1.1 | 508.35 | 28.14 | 536.49 | OK | |
r-devel-linux-x86_64-debian-gcc | 0.1.1 | 396.58 | 22.31 | 418.89 | OK | |
r-devel-linux-x86_64-fedora-clang | 0.1.1 | 748.86 | NOTE | |||
r-devel-linux-x86_64-fedora-gcc | 0.1.1 | 751.74 | OK | |||
r-devel-windows-x86_64 | 0.1.1 | 177.00 | 134.00 | 311.00 | NOTE | |
r-patched-linux-x86_64 | 0.1.1 | 497.16 | 28.31 | 525.47 | OK | |
r-release-linux-x86_64 | 0.1.1 | 496.52 | 27.93 | 524.45 | OK | |
r-release-macos-arm64 | 0.1.1 | 131.00 | NOTE | |||
r-release-macos-x86_64 | 0.1.1 | 138.00 | NOTE | |||
r-release-windows-x86_64 | 0.1.1 | 115.00 | 151.00 | 266.00 | NOTE | |
r-oldrel-macos-arm64 | 0.1.1 | 119.00 | NOTE | |||
r-oldrel-macos-x86_64 | 0.1.1 | 19.00 | ERROR | |||
r-oldrel-windows-x86_64 | 0.1.1 | 680.00 | 130.00 | 810.00 | NOTE |
Version: 0.1.1
Check: installed package size
Result: NOTE
installed size is 13.2Mb
sub-directories of 1Mb or more:
libs 13.0Mb
Flavors: r-devel-linux-x86_64-fedora-clang, r-devel-windows-x86_64, r-release-macos-arm64, r-release-macos-x86_64, r-release-windows-x86_64, r-oldrel-macos-arm64, r-oldrel-windows-x86_64
Version: 0.1.1
Check: whether package can be installed
Result: ERROR
Installation failed.
Flavor: r-oldrel-macos-x86_64