CRAN Package Check Results for Package toOrdinal

Last updated on 2019-04-19 20:47:35 CEST.

Flavor Version Tinstall Tcheck Ttotal Status Flags
r-devel-linux-x86_64-debian-clang 1.1-0.0 1.59 23.50 25.09 OK
r-devel-linux-x86_64-debian-gcc 1.1-0.0 1.46 19.35 20.81 OK
r-devel-linux-x86_64-fedora-clang 1.1-0.0 31.05 OK
r-devel-linux-x86_64-fedora-gcc 1.1-0.0 31.38 OK
r-devel-windows-ix86+x86_64 1.1-0.0 7.00 59.00 66.00 OK
r-patched-linux-x86_64 1.1-0.0 1.65 23.75 25.40 OK
r-patched-solaris-x86 1.1-0.0 49.60 WARN
r-release-linux-x86_64 1.1-0.0 0.96 22.82 23.78 OK
r-release-windows-ix86+x86_64 1.1-0.0 3.00 58.00 61.00 OK
r-release-osx-x86_64 1.1-0.0 WARN
r-oldrel-windows-ix86+x86_64 1.1-0.0 4.00 54.00 58.00 OK
r-oldrel-osx-x86_64 1.1-0.0 WARN

Check Details

Version: 1.1-0.0
Check: re-building of vignette outputs
Result: WARN
    Error(s) in re-building vignettes:
     ...
    --- re-building ‘toOrdinal.Rmd’ using rmarkdown
    Warning in engine$weave(file, quiet = quiet, encoding = enc) :
     Pandoc (>= 1.12.3) and/or pandoc-citeproc not available. Falling back to R Markdown v1.
    Quitting from lines 13-26 (toOrdinal.Rmd)
    Error: processing vignette 'toOrdinal.Rmd' failed with diagnostics:
    argument is of length zero
    --- failed re-building ‘toOrdinal.Rmd’
    
    SUMMARY: processing the following file failed:
     ‘toOrdinal.Rmd’
    
    Error: Vignette re-building failed.
    Execution halted
Flavor: r-patched-solaris-x86

Version: 1.1-0.0
Check: re-building of vignette outputs
Result: WARN
    Error in re-building vignettes:
     ...
    Warning in engine$weave(file, quiet = quiet, encoding = enc) :
     Pandoc (>= 1.12.3) and/or pandoc-citeproc not available. Falling back to R Markdown v1.
    Quitting from lines 13-26 (toOrdinal.Rmd)
    Error: processing vignette 'toOrdinal.Rmd' failed with diagnostics:
    argument is of length zero
    Execution halted
Flavors: r-release-osx-x86_64, r-oldrel-osx-x86_64