CRAN Package Check Results for Package toOrdinal

Last updated on 2019-06-24 15:48:32 CEST.

Flavor Version Tinstall Tcheck Ttotal Status Flags
r-devel-linux-x86_64-debian-clang 1.1-0.0 1.83 23.37 25.20 OK
r-devel-linux-x86_64-debian-gcc 1.1-0.0 1.53 19.36 20.89 OK
r-devel-linux-x86_64-fedora-clang 1.1-0.0 31.67 OK
r-devel-linux-x86_64-fedora-gcc 1.1-0.0 29.95 OK
r-devel-windows-ix86+x86_64 1.1-0.0 7.00 36.00 43.00 OK
r-patched-linux-x86_64 1.1-0.0 1.83 23.33 25.16 OK
r-patched-solaris-x86 1.1-0.0 53.40 WARN
r-release-linux-x86_64 1.1-0.0 1.90 23.77 25.67 OK
r-release-windows-ix86+x86_64 1.1-0.0 5.00 53.00 58.00 OK
r-release-osx-x86_64 1.1-0.0 WARN
r-oldrel-windows-ix86+x86_64 1.1-0.0 3.00 35.00 38.00 OK
r-oldrel-osx-x86_64 1.1-0.0 WARN

Check Details

Version: 1.1-0.0
Check: re-building of vignette outputs
Result: WARN
    Error(s) in re-building vignettes:
     ...
    --- re-building ‘toOrdinal.Rmd’ using rmarkdown
    Warning in engine$weave(file, quiet = quiet, encoding = enc) :
     Pandoc (>= 1.12.3) and/or pandoc-citeproc not available. Falling back to R Markdown v1.
    Quitting from lines 13-26 (toOrdinal.Rmd)
    Error: processing vignette 'toOrdinal.Rmd' failed with diagnostics:
    argument is of length zero
    --- failed re-building ‘toOrdinal.Rmd’
    
    SUMMARY: processing the following file failed:
     ‘toOrdinal.Rmd’
    
    Error: Vignette re-building failed.
    Execution halted
Flavors: r-patched-solaris-x86, r-release-osx-x86_64

Version: 1.1-0.0
Check: re-building of vignette outputs
Result: WARN
    Error in re-building vignettes:
     ...
    Warning in engine$weave(file, quiet = quiet, encoding = enc) :
     Pandoc (>= 1.12.3) and/or pandoc-citeproc not available. Falling back to R Markdown v1.
    Quitting from lines 13-26 (toOrdinal.Rmd)
    Error: processing vignette 'toOrdinal.Rmd' failed with diagnostics:
    argument is of length zero
    Execution halted
Flavor: r-oldrel-osx-x86_64