CRAN Package Check Results for Package tmbstan

Last updated on 2020-07-10 00:48:13 CEST.

Flavor Version Tinstall Tcheck Ttotal Status Flags
r-devel-linux-x86_64-debian-clang 1.0.2 105.11 99.19 204.30 OK
r-devel-linux-x86_64-debian-gcc 1.0.2 112.48 100.29 212.77 OK
r-devel-linux-x86_64-fedora-clang 1.0.2 283.47 NOTE
r-devel-linux-x86_64-fedora-gcc 1.0.2 290.04 OK
r-devel-windows-ix86+x86_64 1.0.2 201.00 198.00 399.00 OK
r-patched-linux-x86_64 1.0.2 117.59 100.39 217.98 OK
r-patched-solaris-x86 1.0.2 346.10 OK
r-release-linux-x86_64 1.0.2 120.97 126.54 247.51 OK
r-release-osx-x86_64 1.0.2 NOTE
r-release-windows-ix86+x86_64 1.0.2 196.00 307.00 503.00 OK
r-oldrel-osx-x86_64 1.0.2 NOTE
r-oldrel-windows-ix86+x86_64 1.0.2 257.00 149.00 406.00 OK

Check Details

Version: 1.0.2
Check: installed package size
Result: NOTE
     installed size is 30.5Mb
     sub-directories of 1Mb or more:
     libs 30.2Mb
Flavors: r-devel-linux-x86_64-fedora-clang, r-release-osx-x86_64, r-oldrel-osx-x86_64