CRAN Package Check Results for Package tmbstan

Last updated on 2019-12-14 03:49:14 CET.

Flavor Version Tinstall Tcheck Ttotal Status Flags
r-devel-linux-x86_64-debian-clang 1.0.2 100.14 95.34 195.48 OK
r-devel-linux-x86_64-debian-gcc 1.0.2 93.44 78.69 172.13 OK
r-devel-linux-x86_64-fedora-clang 1.0.2 248.38 NOTE
r-devel-linux-x86_64-fedora-gcc 1.0.2 282.25 OK
r-devel-windows-ix86+x86_64 1.0.2 186.00 214.00 400.00 OK
r-devel-windows-ix86+x86_64-gcc8 1.0.2 189.00 226.00 415.00 OK
r-patched-linux-x86_64 1.0.2 95.47 88.24 183.71 OK
r-patched-solaris-x86 1.0.2 279.60 OK
r-release-linux-x86_64 1.0.2 96.65 87.72 184.37 OK
r-release-windows-ix86+x86_64 1.0.2 157.00 147.00 304.00 OK
r-release-osx-x86_64 1.0.2 NOTE
r-oldrel-windows-ix86+x86_64 1.0.2 164.00 164.00 328.00 OK
r-oldrel-osx-x86_64 1.0.2 NOTE

Check Details

Version: 1.0.2
Check: installed package size
Result: NOTE
     installed size is 24.1Mb
     sub-directories of 1Mb or more:
     libs 23.8Mb
Flavors: r-devel-linux-x86_64-fedora-clang, r-release-osx-x86_64, r-oldrel-osx-x86_64