CRAN Package Check Results for Package tmaptools

Last updated on 2021-06-16 23:49:40 CEST.

Flavor Version Tinstall Tcheck Ttotal Status Flags
r-devel-linux-x86_64-debian-clang 3.1-1 6.83 84.26 91.09 ERROR
r-devel-linux-x86_64-debian-gcc 3.1-1 6.30 62.52 68.82 ERROR
r-devel-linux-x86_64-fedora-clang 3.1-1 123.95 ERROR
r-devel-linux-x86_64-fedora-gcc 3.1-1 120.14 NOTE
r-devel-windows-x86_64 3.1-1 14.00 104.00 118.00 ERROR
r-devel-windows-x86_64-gcc10-UCRT 3.1-1 ERROR
r-patched-linux-x86_64 3.1-1 6.73 79.81 86.54 ERROR
r-patched-solaris-x86 3.1-1 145.50 ERROR
r-release-linux-x86_64 3.1-1 6.36 78.29 84.65 ERROR
r-release-macos-arm64 3.1-1 NOTE
r-release-macos-x86_64 3.1-1 NOTE
r-release-windows-ix86+x86_64 3.1-1 18.00 102.00 120.00 ERROR
r-oldrel-macos-x86_64 3.1-1 OK
r-oldrel-windows-ix86+x86_64 3.1-1 12.00 93.00 105.00 ERROR

Additional issues

M1mac

Check Details

Version: 3.1-1
Check: LazyData
Result: NOTE
     'LazyData' is specified without a 'data' directory
Flavors: r-devel-linux-x86_64-debian-clang, r-devel-linux-x86_64-debian-gcc, r-devel-linux-x86_64-fedora-clang, r-devel-linux-x86_64-fedora-gcc, r-devel-windows-x86_64, r-patched-linux-x86_64, r-patched-solaris-x86, r-release-linux-x86_64, r-release-macos-arm64, r-release-macos-x86_64, r-release-windows-ix86+x86_64

Version: 3.1-1
Check: examples
Result: ERROR
    Running examples in 'tmaptools-Ex.R' failed
    The error most likely occurred in:
    
    > base::assign(".ptime", proc.time(), pos = "CheckExEnv")
    > ### Name: crop_shape
    > ### Title: Crop shape object
    > ### Aliases: crop_shape
    >
    > ### ** Examples
    >
    > if (require(tmap) && packageVersion("tmap") >= "2.0") {
    + data(World, NLD_muni, land, metro)
    +
    + #land_NLD <- crop_shape(land, NLD_muni)
    +
    + #qtm(land_NLD, raster="trees", style="natural")
    +
    + metro_Europe <- crop_shape(metro, World[World$continent == "Europe", ], polygon = TRUE)
    +
    + qtm(World) +
    + tm_shape(metro_Europe) +
    + tm_bubbles("pop2010", col="red", title.size="European cities") +
    + tm_legend(frame=TRUE)
    + }
    Loading required package: tmap
    Error in s2_geography_from_wkb(x, oriented = oriented, check = check) :
     Evaluation error: Found 1 feature with invalid spherical geometry.
    [34] Loop 5 edge 0 crosses loop 6 edge 4.
    Calls: crop_shape ... as_s2_geography.WKB -> new_s2_xptr -> s2_geography_from_wkb
    Execution halted
Flavors: r-devel-linux-x86_64-debian-clang, r-devel-linux-x86_64-debian-gcc, r-patched-linux-x86_64, r-release-linux-x86_64

Version: 3.1-1
Check: Rd cross-references
Result: NOTE
    Undeclared package ‘sp’ in Rd xrefs
Flavor: r-devel-linux-x86_64-fedora-clang

Version: 3.1-1
Check: examples
Result: ERROR
    Running examples in ‘tmaptools-Ex.R’ failed
    The error most likely occurred in:
    
    > ### Name: crop_shape
    > ### Title: Crop shape object
    > ### Aliases: crop_shape
    >
    > ### ** Examples
    >
    > if (require(tmap) && packageVersion("tmap") >= "2.0") {
    + data(World, NLD_muni, land, metro)
    +
    + #land_NLD <- crop_shape(land, NLD_muni)
    +
    + #qtm(land_NLD, raster="trees", style="natural")
    +
    + metro_Europe <- crop_shape(metro, World[World$continent == "Europe", ], polygon = TRUE)
    +
    + qtm(World) +
    + tm_shape(metro_Europe) +
    + tm_bubbles("pop2010", col="red", title.size="European cities") +
    + tm_legend(frame=TRUE)
    + }
    Loading required package: tmap
    Error in s2_geography_from_wkb(x, oriented = oriented, check = check) :
     Evaluation error: Found 1 feature with invalid spherical geometry.
    [34] Loop 5 edge 0 crosses loop 6 edge 4.
    Calls: crop_shape ... as_s2_geography.WKB -> new_s2_xptr -> s2_geography_from_wkb
    Execution halted
Flavors: r-devel-linux-x86_64-fedora-clang, r-devel-windows-x86_64, r-release-windows-ix86+x86_64, r-oldrel-windows-ix86+x86_64

Version: 3.1-1
Check: package dependencies
Result: ERROR
    Packages required but not available: 'sf', 'lwgeom', 'stars'
    
    Packages suggested but not available for checking: 'tmap', 'rmapshaper'
    
    See section 'The DESCRIPTION file' in the 'Writing R Extensions'
    manual.
Flavor: r-devel-windows-x86_64-gcc10-UCRT

Version: 3.1-1
Check: examples
Result: ERROR
    Running examples in ‘tmaptools-Ex.R’ failed
    The error most likely occurred in:
    
    > ### Name: crop_shape
    > ### Title: Crop shape object
    > ### Aliases: crop_shape
    >
    > ### ** Examples
    >
    > if (require(tmap) && packageVersion("tmap") >= "2.0") {
    + data(World, NLD_muni, land, metro)
    +
    + #land_NLD <- crop_shape(land, NLD_muni)
    +
    + #qtm(land_NLD, raster="trees", style="natural")
    +
    + metro_Europe <- crop_shape(metro, World[World$continent == "Europe", ], polygon = TRUE)
    +
    + qtm(World) +
    + tm_shape(metro_Europe) +
    + tm_bubbles("pop2010", col="red", title.size="European cities") +
    + tm_legend(frame=TRUE)
    + }
    Loading required package: tmap
    Warning in CPL_transform(x, crs, aoi, pipeline, reverse, desired_accuracy, :
     GDAL Error 1: No PROJ.4 translation for source SRS, coordinate transformation initialization has failed.
    Error in CPL_transform(x, crs, aoi, pipeline, reverse, desired_accuracy, :
     OGRCreateCoordinateTransformation() returned NULL: PROJ available?
    Calls: crop_shape ... st_transform.sfc -> st_sfc -> structure -> CPL_transform
    Execution halted
Flavor: r-patched-solaris-x86

Version: 3.1-1
Check: package dependencies
Result: NOTE
    Package suggested but not available for checking: ‘tmap’
Flavor: r-release-macos-arm64

Version: 3.1-1
Check: Rd cross-references
Result: NOTE
    Package unavailable to check Rd xrefs: ‘tmap’
Flavor: r-release-macos-arm64