CRAN Package Check Results for Package tmaptools

Last updated on 2019-03-23 13:49:46 CET.

Flavor Version Tinstall Tcheck Ttotal Status Flags
r-devel-linux-x86_64-debian-clang 2.0-1 14.18 106.93 121.11 OK
r-devel-linux-x86_64-debian-gcc 2.0-1 12.32 86.97 99.29 OK
r-devel-linux-x86_64-fedora-clang 2.0-1 145.23 OK
r-devel-linux-x86_64-fedora-gcc 2.0-1 136.79 OK
r-devel-windows-ix86+x86_64 2.0-1 35.00 156.00 191.00 OK
r-patched-linux-x86_64 2.0-1 9.69 105.04 114.73 OK
r-patched-solaris-x86 2.0-1 201.60 OK
r-release-linux-x86_64 2.0-1 0.39 2.44 2.83 ERROR
r-release-windows-ix86+x86_64 2.0-1 18.00 127.00 145.00 OK
r-release-osx-x86_64 2.0-1 OK
r-oldrel-windows-ix86+x86_64 2.0-1 23.00 166.00 189.00 OK
r-oldrel-osx-x86_64 2.0-1 OK

Check Details

Version: 2.0-1
Check: whether package can be installed
Result: ERROR
    Installation failed.
Flavor: r-release-linux-x86_64