CRAN Package Check Results for Package tm.plugin.dc

Last updated on 2022-12-02 05:00:19 CET.

Flavor Version Tinstall Tcheck Ttotal Status Flags
r-devel-linux-x86_64-debian-clang 0.2-10 2.90 34.00 36.90 ERROR
r-devel-linux-x86_64-debian-gcc 0.2-10 2.28 26.42 28.70 OK
r-devel-linux-x86_64-fedora-clang 0.2-10 56.51 OK
r-devel-linux-x86_64-fedora-gcc 0.2-10 55.02 OK
r-devel-windows-x86_64 0.2-10 18.00 63.00 81.00 OK
r-patched-linux-x86_64 0.2-10 3.24 31.92 35.16 OK
r-release-linux-x86_64 0.2-10 2.88 30.61 33.49 OK
r-release-macos-arm64 0.2-10 16.00 OK
r-release-macos-x86_64 0.2-10 24.00 OK
r-release-windows-x86_64 0.2-10 19.00 66.00 85.00 OK
r-oldrel-macos-arm64 0.2-10 25.00 OK
r-oldrel-macos-x86_64 0.2-10 31.00 OK
r-oldrel-windows-ix86+x86_64 0.2-10 8.00 57.00 65.00 OK

Check Details

Version: 0.2-10
Check: examples
Result: ERROR
    Running examples in 'tm.plugin.dc-Ex.R' failed
    The error most likely occurred in:
    
    > base::assign(".ptime", proc.time(), pos = "CheckExEnv")
    > ### Name: tm_map.DCorpus
    > ### Title: Transformations on Distributed Corpora
    > ### Aliases: tm_map.DCorpus
    >
    > ### ** Examples
    >
    > data("crude")
    > tm_map(as.DCorpus(crude), content_transformer(tolower))
    Warning in file(con, "w") :
     cannot open file '/tmp/RtmpwtIQEg/DSL-20221129-084628-ydgabwknrs/chunk-2120337c4be98a': No such file or directory
    Error in file(con, "w") : cannot open the connection
    Calls: tm_map ... DS_write_lines -> <Anonymous> -> <Anonymous> -> file
    Execution halted
Flavor: r-devel-linux-x86_64-debian-clang