CRAN Package Check Results for Package tippy

Last updated on 2024-02-26 06:53:09 CET.

Flavor Version Tinstall Tcheck Ttotal Status Flags
r-devel-linux-x86_64-debian-clang 0.1.0 2.83 29.28 32.11 NOTE
r-devel-linux-x86_64-debian-gcc 0.1.0 2.36 23.22 25.58 NOTE
r-devel-linux-x86_64-fedora-clang 0.1.0 40.78 NOTE
r-devel-linux-x86_64-fedora-gcc 0.1.0 39.11 NOTE
r-devel-windows-x86_64 0.1.0 4.00 49.00 53.00 NOTE
r-patched-linux-x86_64 0.1.0 3.02 27.95 30.97 NOTE
r-release-linux-x86_64 0.1.0 3.06 29.90 32.96 NOTE
r-release-macos-arm64 0.1.0 18.00 NOTE
r-release-macos-x86_64 0.1.0 25.00 NOTE
r-release-windows-x86_64 0.1.0 5.00 49.00 54.00 NOTE
r-oldrel-macos-arm64 0.1.0 16.00 NOTE
r-oldrel-windows-x86_64 0.1.0 5.00 52.00 57.00 NOTE

Check Details

Version: 0.1.0
Check: LazyData
Result: NOTE 'LazyData' is specified without a 'data' directory Flavors: r-devel-linux-x86_64-debian-clang, r-devel-linux-x86_64-debian-gcc, r-devel-linux-x86_64-fedora-clang, r-devel-linux-x86_64-fedora-gcc, r-devel-windows-x86_64, r-patched-linux-x86_64, r-release-linux-x86_64, r-release-macos-arm64, r-release-macos-x86_64, r-release-windows-x86_64, r-oldrel-macos-arm64, r-oldrel-windows-x86_64