CRAN Package Check Results for Package tippy

Last updated on 2022-01-21 23:02:08 CET.

Flavor Version Tinstall Tcheck Ttotal Status Flags
r-devel-linux-x86_64-debian-clang 0.1.0 2.17 33.00 35.17 NOTE
r-devel-linux-x86_64-debian-gcc 0.1.0 1.78 26.07 27.85 NOTE
r-devel-linux-x86_64-fedora-clang 0.1.0 43.83 NOTE
r-devel-linux-x86_64-fedora-gcc 0.1.0 32.54 NOTE
r-devel-windows-x86_64-new-UL 0.1.0 19.00 61.00 80.00 NOTE
r-devel-windows-x86_64-new-TK 0.1.0 NOTE
r-patched-linux-x86_64 0.1.0 1.64 32.25 33.89 NOTE
r-release-linux-x86_64 0.1.0 1.48 32.07 33.55 NOTE
r-release-macos-arm64 0.1.0 NOTE
r-release-macos-x86_64 0.1.0 NOTE
r-release-windows-ix86+x86_64 0.1.0 6.00 43.00 49.00 NOTE
r-oldrel-macos-x86_64 0.1.0 OK
r-oldrel-windows-ix86+x86_64 0.1.0 6.00 42.00 48.00 OK

Check Details

Version: 0.1.0
Check: LazyData
Result: NOTE
     'LazyData' is specified without a 'data' directory
Flavors: r-devel-linux-x86_64-debian-clang, r-devel-linux-x86_64-debian-gcc, r-devel-linux-x86_64-fedora-clang, r-devel-linux-x86_64-fedora-gcc, r-devel-windows-x86_64-new-UL, r-devel-windows-x86_64-new-TK, r-patched-linux-x86_64, r-release-linux-x86_64, r-release-macos-arm64, r-release-macos-x86_64, r-release-windows-ix86+x86_64