Last updated on 2023-03-26 15:52:49 CEST.
Flavor | Version | Tinstall | Tcheck | Ttotal | Status | Flags |
---|---|---|---|---|---|---|
r-devel-linux-x86_64-debian-clang | 0.1.0 | 2.81 | 28.64 | 31.45 | NOTE | |
r-devel-linux-x86_64-debian-gcc | 0.1.0 | 2.09 | 22.90 | 24.99 | NOTE | |
r-devel-linux-x86_64-fedora-clang | 0.1.0 | 41.09 | NOTE | |||
r-devel-linux-x86_64-fedora-gcc | 0.1.0 | 38.45 | NOTE | |||
r-patched-linux-x86_64 | 0.1.0 | 3.25 | 27.74 | 30.99 | NOTE | |
r-release-linux-x86_64 | 0.1.0 | 3.07 | 29.57 | 32.64 | NOTE | |
r-release-macos-arm64 | 0.1.0 | 16.00 | NOTE | |||
r-release-macos-x86_64 | 0.1.0 | 31.00 | NOTE | |||
r-release-windows-x86_64 | 0.1.0 | 24.00 | 65.00 | 89.00 | NOTE | |
r-oldrel-macos-arm64 | 0.1.0 | 19.00 | NOTE | |||
r-oldrel-macos-x86_64 | 0.1.0 | 24.00 | NOTE | |||
r-oldrel-windows-ix86+x86_64 | 0.1.0 | 8.00 | 55.00 | 63.00 | NOTE |
Version: 0.1.0
Check: LazyData
Result: NOTE
'LazyData' is specified without a 'data' directory
Flavors: r-devel-linux-x86_64-debian-clang, r-devel-linux-x86_64-debian-gcc, r-devel-linux-x86_64-fedora-clang, r-devel-linux-x86_64-fedora-gcc, r-patched-linux-x86_64, r-release-linux-x86_64, r-release-macos-arm64, r-release-macos-x86_64, r-release-windows-x86_64, r-oldrel-macos-arm64, r-oldrel-macos-x86_64, r-oldrel-windows-ix86+x86_64