CRAN Package Check Results for Package tippy

Last updated on 2021-10-19 22:54:13 CEST.

Flavor Version Tinstall Tcheck Ttotal Status Flags
r-devel-linux-x86_64-debian-clang 0.1.0 2.14 24.51 26.65 NOTE
r-devel-linux-x86_64-debian-gcc 0.1.0 1.66 19.22 20.88 NOTE
r-devel-linux-x86_64-fedora-clang 0.1.0 42.38 NOTE
r-devel-linux-x86_64-fedora-gcc 0.1.0 32.16 NOTE
r-devel-windows-x86_64 0.1.0 4.00 36.00 40.00 NOTE
r-devel-windows-x86_64-gcc10-UCRT 0.1.0 NOTE
r-patched-linux-x86_64 0.1.0 2.02 23.18 25.20 NOTE
r-patched-solaris-x86 0.1.0 53.30 NOTE
r-release-linux-x86_64 0.1.0 2.27 24.22 26.49 NOTE
r-release-macos-arm64 0.1.0 NOTE
r-release-macos-x86_64 0.1.0 NOTE
r-release-windows-ix86+x86_64 0.1.0 5.00 43.00 48.00 NOTE
r-oldrel-macos-x86_64 0.1.0 OK
r-oldrel-windows-ix86+x86_64 0.1.0 5.00 41.00 46.00 OK

Check Details

Version: 0.1.0
Check: LazyData
Result: NOTE
     'LazyData' is specified without a 'data' directory
Flavors: r-devel-linux-x86_64-debian-clang, r-devel-linux-x86_64-debian-gcc, r-devel-linux-x86_64-fedora-clang, r-devel-linux-x86_64-fedora-gcc, r-devel-windows-x86_64, r-devel-windows-x86_64-gcc10-UCRT, r-patched-linux-x86_64, r-patched-solaris-x86, r-release-linux-x86_64, r-release-macos-arm64, r-release-macos-x86_64, r-release-windows-ix86+x86_64