CRAN Package Check Results for Package tippy

Last updated on 2022-07-03 21:53:15 CEST.

Flavor Version Tinstall Tcheck Ttotal Status Flags
r-devel-linux-x86_64-debian-clang 0.1.0 2.70 28.82 31.52 NOTE
r-devel-linux-x86_64-debian-gcc 0.1.0 2.20 22.61 24.81 NOTE
r-devel-linux-x86_64-fedora-clang 0.1.0 48.54 NOTE
r-devel-linux-x86_64-fedora-gcc 0.1.0 47.94 NOTE
r-devel-windows-x86_64 0.1.0 12.00 60.00 72.00 NOTE
r-patched-linux-x86_64 0.1.0 2.32 27.68 30.00 NOTE
r-release-linux-x86_64 0.1.0 2.86 28.81 31.67 NOTE
r-release-macos-arm64 0.1.0 16.00 NOTE
r-release-macos-x86_64 0.1.0 31.00 NOTE
r-release-windows-x86_64 0.1.0 19.00 59.00 78.00 NOTE
r-oldrel-macos-arm64 0.1.0 19.00 NOTE
r-oldrel-macos-x86_64 0.1.0 24.00 NOTE
r-oldrel-windows-ix86+x86_64 0.1.0 7.00 47.00 54.00 NOTE

Check Details

Version: 0.1.0
Check: LazyData
Result: NOTE
     'LazyData' is specified without a 'data' directory
Flavors: r-devel-linux-x86_64-debian-clang, r-devel-linux-x86_64-debian-gcc, r-devel-linux-x86_64-fedora-clang, r-devel-linux-x86_64-fedora-gcc, r-devel-windows-x86_64, r-patched-linux-x86_64, r-release-linux-x86_64, r-release-macos-arm64, r-release-macos-x86_64, r-release-windows-x86_64, r-oldrel-macos-arm64, r-oldrel-macos-x86_64, r-oldrel-windows-ix86+x86_64