CRAN Package Check Results for Package tippy

Last updated on 2023-10-03 11:11:34 CEST.

Flavor Version Tinstall Tcheck Ttotal Status Flags
r-devel-linux-x86_64-debian-clang 0.1.0 3.18 28.73 31.91 NOTE
r-devel-linux-x86_64-debian-gcc 0.1.0 2.63 23.22 25.85 NOTE
r-devel-linux-x86_64-fedora-clang 0.1.0 39.90 NOTE
r-devel-linux-x86_64-fedora-gcc 0.1.0 38.98 NOTE
r-devel-windows-x86_64 0.1.0 4.00 51.00 55.00 NOTE
r-patched-linux-x86_64 0.1.0 2.37 26.79 29.16 NOTE
r-release-linux-x86_64 0.1.0 2.63 28.85 31.48 NOTE
r-release-macos-arm64 0.1.0 18.00 NOTE
r-release-macos-x86_64 0.1.0 25.00 NOTE
r-release-windows-x86_64 0.1.0 6.00 48.00 54.00 NOTE
r-oldrel-macos-arm64 0.1.0 16.00 NOTE
r-oldrel-macos-x86_64 0.1.0 31.00 NOTE
r-oldrel-windows-x86_64 0.1.0 6.00 51.00 57.00 NOTE

Check Details

Version: 0.1.0
Check: LazyData
Result: NOTE
     'LazyData' is specified without a 'data' directory
Flavors: r-devel-linux-x86_64-debian-clang, r-devel-linux-x86_64-debian-gcc, r-devel-linux-x86_64-fedora-clang, r-devel-linux-x86_64-fedora-gcc, r-devel-windows-x86_64, r-patched-linux-x86_64, r-release-linux-x86_64, r-release-macos-arm64, r-release-macos-x86_64, r-release-windows-x86_64, r-oldrel-macos-arm64, r-oldrel-macos-x86_64, r-oldrel-windows-x86_64