CRAN Package Check Results for Package tippy

Last updated on 2024-06-16 19:53:32 CEST.

Flavor Version Tinstall Tcheck Ttotal Status Flags
r-devel-linux-x86_64-debian-clang 0.1.0 3.01 29.52 32.53 NOTE
r-devel-linux-x86_64-debian-gcc 0.1.0 2.49 23.70 26.19 NOTE
r-devel-linux-x86_64-fedora-clang 0.1.0 42.21 NOTE
r-devel-linux-x86_64-fedora-gcc 0.1.0 39.40 NOTE
r-devel-windows-x86_64 0.1.0 4.00 50.00 54.00 NOTE
r-patched-linux-x86_64 0.1.0 2.86 29.62 32.48 NOTE
r-release-linux-x86_64 0.1.0 2.50 30.14 32.64 NOTE
r-release-macos-arm64 0.1.0 19.00 NOTE
r-release-macos-x86_64 0.1.0 29.00 NOTE
r-release-windows-x86_64 0.1.0 5.00 51.00 56.00 NOTE
r-oldrel-macos-arm64 0.1.0 18.00 NOTE
r-oldrel-macos-x86_64 0.1.0 25.00 NOTE
r-oldrel-windows-x86_64 0.1.0 6.00 52.00 58.00 NOTE

Check Details

Version: 0.1.0
Check: LazyData
Result: NOTE 'LazyData' is specified without a 'data' directory Flavors: r-devel-linux-x86_64-debian-clang, r-devel-linux-x86_64-debian-gcc, r-devel-linux-x86_64-fedora-clang, r-devel-linux-x86_64-fedora-gcc, r-devel-windows-x86_64, r-patched-linux-x86_64, r-release-linux-x86_64, r-release-macos-arm64, r-release-macos-x86_64, r-release-windows-x86_64, r-oldrel-macos-arm64, r-oldrel-macos-x86_64, r-oldrel-windows-x86_64