CRAN Package Check Results for Package tinyarray

Last updated on 2024-02-28 13:53:31 CET.

Flavor Version Tinstall Tcheck Ttotal Status Flags
r-devel-linux-x86_64-debian-clang 2.3.2 0.72 1.94 2.66 ERROR
r-devel-linux-x86_64-debian-gcc 2.3.2 34.96 280.37 315.33 OK
r-devel-linux-x86_64-fedora-clang 2.3.2 389.73 NOTE
r-devel-linux-x86_64-fedora-gcc 2.3.2 345.55 NOTE
r-devel-windows-x86_64 2.3.2 38.00 312.00 350.00 OK
r-patched-linux-x86_64 2.3.2 39.50 335.95 375.45 OK
r-release-linux-x86_64 2.3.2 0.67 1.71 2.38 ERROR
r-release-macos-arm64 2.3.2 99.00 NOTE
r-release-macos-x86_64 2.3.2 162.00 NOTE
r-release-windows-x86_64 2.3.2 54.00 403.00 457.00 OK
r-oldrel-macos-arm64 2.3.2 94.00 NOTE
r-oldrel-windows-x86_64 2.3.2 50.00 365.00 415.00 OK

Check Details

Version: 2.3.2
Check: package dependencies
Result: ERROR Package required but not available: ‘clusterProfiler’ See section ‘The DESCRIPTION file’ in the ‘Writing R Extensions’ manual. Flavors: r-devel-linux-x86_64-debian-clang, r-release-linux-x86_64

Version: 2.3.2
Check: data for non-ASCII characters
Result: NOTE Note: found 2 marked UTF-8 strings Flavors: r-devel-linux-x86_64-fedora-clang, r-devel-linux-x86_64-fedora-gcc

Version: 2.3.2
Check: package dependencies
Result: NOTE Package suggested but not available for checking: ‘org.Rn.eg.db’ Flavors: r-release-macos-arm64, r-oldrel-macos-arm64

Version: 2.3.2
Check: package dependencies
Result: NOTE Packages suggested but not available for checking: 'org.Rn.eg.db', 'org.Mm.eg.db' Flavor: r-release-macos-x86_64