Last updated on 2023-11-30 08:50:12 CET.
Flavor | Version | Tinstall | Tcheck | Ttotal | Status | Flags |
---|---|---|---|---|---|---|
r-devel-linux-x86_64-debian-clang | 2.9.0 | 27.29 | 248.76 | 276.05 | OK | |
r-devel-linux-x86_64-debian-gcc | 2.9.0 | 20.91 | 255.01 | 275.92 | OK | |
r-devel-linux-x86_64-fedora-clang | 2.9.0 | 481.59 | NOTE | |||
r-devel-linux-x86_64-fedora-gcc | 2.9.0 | 435.70 | NOTE | |||
r-devel-windows-x86_64 | 2.9.0 | 22.00 | 282.00 | 304.00 | OK | |
r-patched-linux-x86_64 | 2.9.0 | 26.56 | 322.88 | 349.44 | OK | |
r-release-linux-x86_64 | 2.9.0 | 15.71 | 227.98 | 243.69 | OK | |
r-release-macos-arm64 | 2.9.0 | 177.00 | OK | |||
r-release-macos-x86_64 | 2.9.0 | 273.00 | OK | |||
r-release-windows-x86_64 | 2.9.0 | 30.00 | 375.00 | 405.00 | OK | |
r-oldrel-macos-arm64 | 2.9.0 | 133.00 | OK | |||
r-oldrel-macos-x86_64 | 2.8.4 | 161.00 | OK | |||
r-oldrel-windows-x86_64 | 2.9.0 | 31.00 | 341.00 | 372.00 | OK |
Version: 2.9.0
Check: package dependencies
Result: NOTE
Imports includes 25 non-default packages.
Importing from so many packages makes the package vulnerable to any of
them becoming unavailable. Move as many as possible to Suggests and
use conditionally.
Flavor: r-devel-linux-x86_64-fedora-clang
Version: 2.9.0
Check: data for non-ASCII characters
Result: NOTE
Note: found 2750 marked UTF-8 strings
Flavors: r-devel-linux-x86_64-fedora-clang, r-devel-linux-x86_64-fedora-gcc