CRAN Package Check Results for Package timetk

Last updated on 2022-12-09 19:52:00 CET.

Flavor Version Tinstall Tcheck Ttotal Status Flags
r-devel-linux-x86_64-debian-clang 2.8.2 24.29 440.46 464.75 OK
r-devel-linux-x86_64-debian-gcc 2.8.2 18.37 338.57 356.94 OK
r-devel-linux-x86_64-fedora-clang 2.8.2 612.31 NOTE
r-devel-linux-x86_64-fedora-gcc 2.8.2 616.06 NOTE
r-devel-windows-x86_64 2.8.2 91.00 550.00 641.00 OK
r-patched-linux-x86_64 2.8.2 26.63 399.44 426.07 OK
r-release-linux-x86_64 2.8.2 18.57 372.51 391.08 NOTE
r-release-macos-arm64 2.8.2 177.00 NOTE
r-release-macos-x86_64 2.8.2 183.00 NOTE
r-release-windows-x86_64 2.8.2 145.00 460.00 605.00 OK
r-oldrel-macos-arm64 2.8.2 136.00 NOTE
r-oldrel-macos-x86_64 2.8.2 188.00 NOTE
r-oldrel-windows-ix86+x86_64 2.8.2 51.00 466.00 517.00 OK

Check Details

Version: 2.8.2
Check: package dependencies
Result: NOTE
    Imports includes 26 non-default packages.
    Importing from so many packages makes the package vulnerable to any of
    them becoming unavailable. Move as many as possible to Suggests and
    use conditionally.
Flavor: r-devel-linux-x86_64-fedora-clang

Version: 2.8.2
Check: data for non-ASCII characters
Result: NOTE
     Note: found 2750 marked UTF-8 strings
Flavors: r-devel-linux-x86_64-fedora-clang, r-devel-linux-x86_64-fedora-gcc, r-release-macos-arm64, r-release-macos-x86_64, r-oldrel-macos-arm64, r-oldrel-macos-x86_64

Version: 2.8.2
Check: package dependencies
Result: NOTE
    Package suggested but not available for checking: ‘modeltime’
Flavor: r-release-linux-x86_64