CRAN Package Check Results for Package timeseriesdb

Last updated on 2019-11-21 18:48:31 CET.

Flavor Version Tinstall Tcheck Ttotal Status Flags
r-devel-linux-x86_64-debian-clang 0.4.1 4.86 45.27 50.13 OK
r-devel-linux-x86_64-debian-gcc 0.4.1 4.78 36.92 41.70 OK
r-devel-linux-x86_64-fedora-clang 0.4.1 60.17 NOTE
r-devel-linux-x86_64-fedora-gcc 0.4.1 58.30 NOTE
r-devel-windows-ix86+x86_64 0.4.1 20.00 84.00 104.00 OK
r-devel-windows-ix86+x86_64-gcc8 0.4.1 12.00 61.00 73.00 OK
r-patched-linux-x86_64 0.4.1 4.67 42.93 47.60 OK
r-patched-solaris-x86 0.4.1 84.90 NOTE
r-release-linux-x86_64 0.4.1 5.13 42.58 47.71 OK
r-release-windows-ix86+x86_64 0.4.1 16.00 84.00 100.00 OK
r-release-osx-x86_64 0.4.1 NOTE
r-oldrel-windows-ix86+x86_64 0.4.1 5.00 80.00 85.00 OK
r-oldrel-osx-x86_64 0.4.1 NOTE

Check Details

Version: 0.4.1
Check: dependencies in R code
Result: NOTE
    Namespace in Imports field not imported from: ‘shiny’
     All declared Imports should be used.
Flavors: r-devel-linux-x86_64-fedora-clang, r-devel-linux-x86_64-fedora-gcc, r-patched-solaris-x86, r-release-osx-x86_64, r-oldrel-osx-x86_64