CRAN Package Check Results for Package timeseriesdb

Last updated on 2020-07-04 20:47:43 CEST.

Flavor Version Tinstall Tcheck Ttotal Status Flags
r-devel-linux-x86_64-debian-clang 0.4.1 5.15 50.56 55.71 OK
r-devel-linux-x86_64-debian-gcc 0.4.1 4.13 38.45 42.58 OK
r-devel-linux-x86_64-fedora-clang 0.4.1 73.50 NOTE
r-devel-linux-x86_64-fedora-gcc 0.4.1 68.35 NOTE
r-devel-windows-ix86+x86_64 0.4.1 18.00 59.00 77.00 OK
r-patched-linux-x86_64 0.4.1 5.20 48.19 53.39 OK
r-patched-solaris-x86 0.4.1 99.30 NOTE
r-release-linux-x86_64 0.4.1 4.97 48.59 53.56 OK
r-release-osx-x86_64 0.4.1 NOTE
r-release-windows-ix86+x86_64 0.4.1 12.00 61.00 73.00 OK
r-oldrel-osx-x86_64 0.4.1 NOTE
r-oldrel-windows-ix86+x86_64 0.4.1 41.00 100.00 141.00 OK

Check Details

Version: 0.4.1
Check: dependencies in R code
Result: NOTE
    Namespace in Imports field not imported from: ‘shiny’
     All declared Imports should be used.
Flavors: r-devel-linux-x86_64-fedora-clang, r-devel-linux-x86_64-fedora-gcc, r-patched-solaris-x86, r-release-osx-x86_64, r-oldrel-osx-x86_64