Last updated on 2022-06-26 05:52:40 CEST.
Flavor | Version | Tinstall | Tcheck | Ttotal | Status | Flags |
---|---|---|---|---|---|---|
r-devel-linux-x86_64-debian-clang | 3062.100 | 14.12 | 102.48 | 116.60 | NOTE | |
r-devel-linux-x86_64-debian-gcc | 3062.100 | 11.29 | 77.90 | 89.19 | NOTE | |
r-devel-linux-x86_64-fedora-clang | 3062.100 | 157.66 | NOTE | |||
r-devel-linux-x86_64-fedora-gcc | 3062.100 | 148.86 | NOTE | |||
r-devel-windows-x86_64 | 3062.100 | 246.00 | 155.00 | 401.00 | NOTE | |
r-patched-linux-x86_64 | 3062.100 | 14.99 | 96.75 | 111.74 | OK | |
r-release-linux-x86_64 | 3062.100 | 13.28 | 96.90 | 110.18 | OK | |
r-release-macos-arm64 | 3062.100 | 40.00 | OK | |||
r-release-macos-x86_64 | 3062.100 | 70.00 | OK | |||
r-release-windows-x86_64 | 3062.100 | 308.00 | 159.00 | 467.00 | OK | |
r-oldrel-macos-arm64 | 3062.100 | 55.00 | OK | |||
r-oldrel-macos-x86_64 | 3062.100 | 95.00 | OK | |||
r-oldrel-windows-ix86+x86_64 | 3062.100 | 26.00 | 133.00 | 159.00 | OK |
Version: 3062.100
Check: Rd files
Result: NOTE
checkRd: (-1) methods-plot.Rd:117: Escaped LaTeX specials: \_ \_
Flavors: r-devel-linux-x86_64-debian-clang, r-devel-linux-x86_64-debian-gcc, r-devel-linux-x86_64-fedora-clang, r-devel-linux-x86_64-fedora-gcc, r-devel-windows-x86_64