Last updated on 2021-01-24 08:49:47 CET.
Flavor | Version | Tinstall | Tcheck | Ttotal | Status | Flags |
---|---|---|---|---|---|---|
r-devel-linux-x86_64-debian-clang | 0.8.2 | 79.43 | 76.67 | 156.10 | OK | |
r-devel-linux-x86_64-debian-gcc | 0.8.2 | 62.36 | 59.19 | 121.55 | OK | |
r-devel-linux-x86_64-fedora-clang | 0.8.2 | 240.33 | NOTE | |||
r-devel-linux-x86_64-fedora-gcc | 0.8.2 | 205.84 | OK | |||
r-devel-windows-ix86+x86_64 | 0.8.2 | 183.00 | 148.00 | 331.00 | NOTE | |
r-patched-linux-x86_64 | 0.8.2 | 72.30 | 73.75 | 146.05 | OK | |
r-release-linux-x86_64 | 0.8.2 | 72.11 | 73.64 | 145.75 | OK | |
r-release-macos-x86_64 | 0.8.2 | NOTE | ||||
r-release-windows-ix86+x86_64 | 0.8.2 | 132.00 | 182.00 | 314.00 | NOTE | |
r-oldrel-macos-x86_64 | 0.8.2 | ERROR | ||||
r-oldrel-windows-ix86+x86_64 | 0.8.2 | 1.00 | 8.00 | 9.00 | ERROR |
Version: 0.8.2
Check: installed package size
Result: NOTE
installed size is 44.3Mb
sub-directories of 1Mb or more:
libs 8.4Mb
notebooks 1.6Mb
tiledb 32.5Mb
Flavors: r-devel-linux-x86_64-fedora-clang, r-devel-windows-ix86+x86_64, r-release-macos-x86_64, r-release-windows-ix86+x86_64
Version: 0.8.2
Check: package dependencies
Result: NOTE
Package suggested but not available for checking: ‘BiocStyle’
Flavor: r-oldrel-macos-x86_64
Version: 0.8.2
Check: whether package can be installed
Result: ERROR
Installation failed.
Flavors: r-oldrel-macos-x86_64, r-oldrel-windows-ix86+x86_64