CRAN Package Check Results for Package tidyverse

Last updated on 2019-03-26 05:50:54 CET.

Flavor Version Tinstall Tcheck Ttotal Status Flags
r-devel-linux-x86_64-debian-clang 1.2.1 6.31 49.61 55.92 OK
r-devel-linux-x86_64-debian-gcc 1.2.1 4.98 40.46 45.44 OK
r-devel-linux-x86_64-fedora-clang 1.2.1 70.72 NOTE
r-devel-linux-x86_64-fedora-gcc 1.2.1 63.48 NOTE
r-devel-windows-ix86+x86_64 1.2.1 23.00 101.00 124.00 OK
r-patched-linux-x86_64 1.2.1 3.86 48.99 52.85 OK
r-patched-solaris-x86 1.2.1 104.90 NOTE
r-release-linux-x86_64 1.2.1 3.73 48.31 52.04 OK
r-release-windows-ix86+x86_64 1.2.1 13.00 109.00 122.00 OK
r-release-osx-x86_64 1.2.1 NOTE
r-oldrel-windows-ix86+x86_64 1.2.1 10.00 73.00 83.00 OK
r-oldrel-osx-x86_64 1.2.1 NOTE

Check Details

Version: 1.2.1
Check: dependencies in R code
Result: NOTE
    Namespaces in Imports field not imported from:
     ‘dbplyr’ ‘reprex’ ‘rlang’
     All declared Imports should be used.
Flavors: r-devel-linux-x86_64-fedora-clang, r-devel-linux-x86_64-fedora-gcc, r-patched-solaris-x86, r-release-osx-x86_64, r-oldrel-osx-x86_64