CRAN Package Check Results for Package tidyverse

Last updated on 2019-08-22 00:51:26 CEST.

Flavor Version Tinstall Tcheck Ttotal Status Flags
r-devel-linux-x86_64-debian-clang 1.2.1 6.83 53.67 60.50 OK
r-devel-linux-x86_64-debian-gcc 1.2.1 6.17 41.67 47.84 OK
r-devel-linux-x86_64-fedora-clang 1.2.1 71.73 NOTE
r-devel-linux-x86_64-fedora-gcc 1.2.1 68.91 NOTE
r-devel-windows-ix86+x86_64 1.2.1 29.00 101.00 130.00 OK
r-patched-linux-x86_64 1.2.1 6.91 51.78 58.69 OK
r-patched-solaris-x86 1.2.1 107.80 NOTE
r-release-linux-x86_64 1.2.1 6.01 51.50 57.51 OK
r-release-windows-ix86+x86_64 1.2.1 38.00 161.00 199.00 OK
r-release-osx-x86_64 1.2.1 NOTE
r-oldrel-windows-ix86+x86_64 1.2.1 15.00 113.00 128.00 OK
r-oldrel-osx-x86_64 1.2.1 NOTE

Check Details

Version: 1.2.1
Check: dependencies in R code
Result: NOTE
    Namespaces in Imports field not imported from:
     ‘dbplyr’ ‘reprex’ ‘rlang’
     All declared Imports should be used.
Flavors: r-devel-linux-x86_64-fedora-clang, r-devel-linux-x86_64-fedora-gcc, r-patched-solaris-x86, r-release-osx-x86_64, r-oldrel-osx-x86_64