CRAN Package Check Results for Package tidyverse

Last updated on 2018-06-25 17:50:04 CEST.

Flavor Version Tinstall Tcheck Ttotal Status Flags
r-devel-linux-x86_64-debian-clang 1.2.1 4.08 45.94 50.02 OK
r-devel-linux-x86_64-debian-gcc 1.2.1 3.69 40.95 44.64 OK
r-devel-linux-x86_64-fedora-clang 1.2.1 65.91 NOTE
r-devel-linux-x86_64-fedora-gcc 1.2.1 62.81 NOTE
r-devel-windows-ix86+x86_64 1.2.1 10.00 71.00 81.00 OK
r-patched-linux-x86_64 1.2.1 2.93 45.44 48.37 OK
r-patched-solaris-x86 1.2.1 94.50 NOTE
r-release-linux-x86_64 1.2.1 4.18 44.87 49.05 OK
r-release-windows-ix86+x86_64 1.2.1 15.00 106.00 121.00 OK
r-release-osx-x86_64 1.2.1 NOTE
r-oldrel-windows-ix86+x86_64 1.2.1 10.00 68.00 78.00 OK
r-oldrel-osx-x86_64 1.2.1 NOTE

Check Details

Version: 1.2.1
Check: dependencies in R code
Result: NOTE
    Namespaces in Imports field not imported from:
     ‘dbplyr’ ‘reprex’ ‘rlang’
     All declared Imports should be used.
Flavors: r-devel-linux-x86_64-fedora-clang, r-devel-linux-x86_64-fedora-gcc, r-patched-solaris-x86, r-release-osx-x86_64, r-oldrel-osx-x86_64