CRAN Package Check Results for Package tidyverse

Last updated on 2018-12-12 13:48:00 CET.

Flavor Version Tinstall Tcheck Ttotal Status Flags
r-devel-linux-x86_64-debian-clang 1.2.1 3.31 50.34 53.65 OK
r-devel-linux-x86_64-debian-gcc 1.2.1 2.90 39.55 42.45 OK
r-devel-linux-x86_64-fedora-clang 1.2.1 62.35 NOTE
r-devel-linux-x86_64-fedora-gcc 1.2.1 59.99 NOTE
r-devel-windows-ix86+x86_64 1.2.1 15.00 68.00 83.00 OK
r-patched-linux-x86_64 1.2.1 4.07 47.39 51.46 OK
r-patched-solaris-x86 1.2.1 98.50 NOTE
r-release-linux-x86_64 1.2.1 3.93 47.72 51.65 OK
r-release-windows-ix86+x86_64 1.2.1 11.00 66.00 77.00 OK
r-release-osx-x86_64 1.2.1 NOTE
r-oldrel-windows-ix86+x86_64 1.2.1 12.00 73.00 85.00 OK
r-oldrel-osx-x86_64 1.2.1 NOTE

Check Details

Version: 1.2.1
Check: dependencies in R code
Result: NOTE
    Namespaces in Imports field not imported from:
     ‘dbplyr’ ‘reprex’ ‘rlang’
     All declared Imports should be used.
Flavors: r-devel-linux-x86_64-fedora-clang, r-devel-linux-x86_64-fedora-gcc, r-patched-solaris-x86, r-release-osx-x86_64, r-oldrel-osx-x86_64