CRAN Package Check Results for Package tidyverse

Last updated on 2024-02-25 07:50:03 CET.

Flavor Version Tinstall Tcheck Ttotal Status Flags
r-devel-linux-x86_64-debian-clang 2.0.0 7.55 58.06 65.61 OK
r-devel-linux-x86_64-debian-gcc 2.0.0 5.46 44.27 49.73 OK
r-devel-linux-x86_64-fedora-clang 2.0.0 81.13 NOTE
r-devel-linux-x86_64-fedora-gcc 2.0.0 93.93 OK
r-devel-windows-x86_64 2.0.0 7.00 67.00 74.00 OK
r-patched-linux-x86_64 2.0.0 7.01 54.86 61.87 OK
r-release-linux-x86_64 2.0.0 4.57 55.02 59.59 OK
r-release-macos-arm64 2.0.0 37.00 OK
r-release-macos-x86_64 2.0.0 59.00 OK
r-release-windows-x86_64 2.0.0 9.00 72.00 81.00 OK
r-oldrel-macos-arm64 2.0.0 29.00 OK
r-oldrel-windows-x86_64 2.0.0 9.00 93.00 102.00 OK

Check Details

Version: 2.0.0
Check: package dependencies
Result: NOTE Imports includes 30 non-default packages. Importing from so many packages makes the package vulnerable to any of them becoming unavailable. Move as many as possible to Suggests and use conditionally. Flavor: r-devel-linux-x86_64-fedora-clang