Last updated on 2023-02-07 09:57:59 CET.
Flavor | Version | Tinstall | Tcheck | Ttotal | Status | Flags |
---|---|---|---|---|---|---|
r-devel-linux-x86_64-debian-clang | 1.3.2 | 10.70 | 95.86 | 106.56 | OK | |
r-devel-linux-x86_64-debian-gcc | 1.3.2 | 8.60 | 72.44 | 81.04 | OK | |
r-devel-linux-x86_64-fedora-clang | 1.3.2 | 132.97 | NOTE | |||
r-devel-linux-x86_64-fedora-gcc | 1.3.2 | 142.20 | NOTE | |||
r-devel-windows-x86_64 | 1.3.2 | 22.00 | 131.00 | 153.00 | OK | |
r-patched-linux-x86_64 | 1.3.2 | 9.62 | 95.74 | 105.36 | OK | |
r-release-linux-x86_64 | 1.3.2 | 8.10 | 101.59 | 109.69 | OK | |
r-release-macos-arm64 | 1.3.2 | 41.00 | NOTE | |||
r-release-macos-x86_64 | 1.3.2 | 55.00 | NOTE | |||
r-release-windows-x86_64 | 1.3.2 | 25.00 | 135.00 | 160.00 | OK | |
r-oldrel-macos-arm64 | 1.3.2 | 39.00 | NOTE | |||
r-oldrel-macos-x86_64 | 1.3.2 | 55.00 | NOTE | |||
r-oldrel-windows-ix86+x86_64 | 1.3.2 | 27.00 | 130.00 | 157.00 | OK |
Version: 1.3.2
Check: package dependencies
Result: NOTE
Imports includes 29 non-default packages.
Importing from so many packages makes the package vulnerable to any of
them becoming unavailable. Move as many as possible to Suggests and
use conditionally.
Flavor: r-devel-linux-x86_64-fedora-clang
Version: 1.3.2
Check: dependencies in R code
Result: NOTE
Namespace in Imports field not imported from: ‘dtplyr’
All declared Imports should be used.
Flavors: r-devel-linux-x86_64-fedora-clang, r-devel-linux-x86_64-fedora-gcc, r-release-macos-arm64, r-release-macos-x86_64, r-oldrel-macos-arm64, r-oldrel-macos-x86_64