CRAN Package Check Results for Package tidyverse

Last updated on 2022-10-05 04:51:07 CEST.

Flavor Version Tinstall Tcheck Ttotal Status Flags
r-devel-linux-x86_64-debian-clang 1.3.2 10.91 99.59 110.50 OK
r-devel-linux-x86_64-debian-gcc 1.3.2 8.80 73.13 81.93 OK
r-devel-linux-x86_64-fedora-clang 1.3.2 147.22 NOTE
r-devel-linux-x86_64-fedora-gcc 1.3.2 135.98 NOTE
r-devel-windows-x86_64 1.3.2 27.00 130.00 157.00 OK
r-patched-linux-x86_64 1.3.2 9.56 91.65 101.21 OK
r-release-linux-x86_64 1.3.2 9.73 92.77 102.50 OK
r-release-macos-arm64 1.3.2 41.00 NOTE
r-release-macos-x86_64 1.3.2 55.00 NOTE
r-release-windows-x86_64 1.3.2 24.00 123.00 147.00 OK
r-oldrel-macos-arm64 1.3.2 39.00 NOTE
r-oldrel-macos-x86_64 1.3.2 55.00 NOTE
r-oldrel-windows-ix86+x86_64 1.3.2 26.00 122.00 148.00 OK

Check Details

Version: 1.3.2
Check: package dependencies
Result: NOTE
    Imports includes 29 non-default packages.
    Importing from so many packages makes the package vulnerable to any of
    them becoming unavailable. Move as many as possible to Suggests and
    use conditionally.
Flavor: r-devel-linux-x86_64-fedora-clang

Version: 1.3.2
Check: dependencies in R code
Result: NOTE
    Namespace in Imports field not imported from: ‘dtplyr’
     All declared Imports should be used.
Flavors: r-devel-linux-x86_64-fedora-clang, r-devel-linux-x86_64-fedora-gcc, r-release-macos-arm64, r-release-macos-x86_64, r-oldrel-macos-arm64, r-oldrel-macos-x86_64