CRAN Package Check Results for Package tidyverse

Last updated on 2019-10-18 00:47:55 CEST.

Flavor Version Tinstall Tcheck Ttotal Status Flags
r-devel-linux-x86_64-debian-clang 1.2.1 7.05 53.58 60.63 OK
r-devel-linux-x86_64-debian-gcc 1.2.1 5.73 41.66 47.39 OK
r-devel-linux-x86_64-fedora-clang 1.2.1 75.65 NOTE
r-devel-linux-x86_64-fedora-gcc 1.2.1 70.46 NOTE
r-devel-windows-ix86+x86_64 1.2.1 36.00 72.00 108.00 OK
r-patched-linux-x86_64 1.2.1 5.74 51.45 57.19 OK
r-patched-solaris-x86 1.2.1 109.20 NOTE
r-release-linux-x86_64 1.2.1 5.93 52.92 58.85 OK
r-release-windows-ix86+x86_64 1.2.1 16.00 115.00 131.00 OK
r-release-osx-x86_64 1.2.1 NOTE
r-oldrel-windows-ix86+x86_64 1.2.1 7.00 66.00 73.00 OK
r-oldrel-osx-x86_64 1.2.1 NOTE

Check Details

Version: 1.2.1
Check: dependencies in R code
Result: NOTE
    Namespaces in Imports field not imported from:
     ‘dbplyr’ ‘reprex’ ‘rlang’
     All declared Imports should be used.
Flavors: r-devel-linux-x86_64-fedora-clang, r-devel-linux-x86_64-fedora-gcc, r-patched-solaris-x86, r-release-osx-x86_64, r-oldrel-osx-x86_64