CRAN Package Check Results for Package tidyverse

Last updated on 2018-09-26 02:49:26 CEST.

Flavor Version Tinstall Tcheck Ttotal Status Flags
r-devel-linux-x86_64-debian-clang 1.2.1 4.51 54.46 58.97 OK
r-devel-linux-x86_64-debian-gcc 1.2.1 3.23 41.82 45.05 OK
r-devel-linux-x86_64-fedora-clang 1.2.1 69.29 NOTE
r-devel-linux-x86_64-fedora-gcc 1.2.1 65.35 NOTE
r-devel-windows-ix86+x86_64 1.2.1 12.00 70.00 82.00 OK
r-patched-linux-x86_64 1.2.1 3.71 45.47 49.18 OK
r-patched-solaris-x86 1.2.1 95.40 NOTE
r-release-linux-x86_64 1.2.1 3.51 45.59 49.10 OK
r-release-windows-ix86+x86_64 1.2.1 16.00 97.00 113.00 OK
r-release-osx-x86_64 1.2.1 NOTE
r-oldrel-windows-ix86+x86_64 1.2.1 9.00 64.00 73.00 OK
r-oldrel-osx-x86_64 1.2.1 NOTE

Check Details

Version: 1.2.1
Check: dependencies in R code
Result: NOTE
    Namespaces in Imports field not imported from:
     ‘dbplyr’ ‘reprex’ ‘rlang’
     All declared Imports should be used.
Flavors: r-devel-linux-x86_64-fedora-clang, r-devel-linux-x86_64-fedora-gcc, r-patched-solaris-x86, r-release-osx-x86_64, r-oldrel-osx-x86_64