CRAN Package Check Results for Package tidytuesdayR

Last updated on 2020-10-27 18:51:37 CET.

Flavor Version Tinstall Tcheck Ttotal Status Flags
r-devel-linux-x86_64-debian-clang 1.0.1 6.47 56.97 63.44 OK
r-devel-linux-x86_64-debian-gcc 1.0.1 5.43 43.27 48.70 OK
r-devel-linux-x86_64-fedora-clang 1.0.1 82.98 OK
r-devel-linux-x86_64-fedora-gcc 1.0.1 71.16 OK
r-devel-windows-ix86+x86_64 1.0.1 16.00 65.00 81.00 OK
r-patched-linux-x86_64 1.0.1 OK
r-patched-solaris-x86 1.0.1 101.80 NOTE
r-release-linux-x86_64 1.0.1 6.49 52.45 58.94 OK
r-release-macos-x86_64 1.0.1 OK
r-release-windows-ix86+x86_64 1.0.1 13.00 62.00 75.00 OK
r-oldrel-macos-x86_64 1.0.1 OK
r-oldrel-windows-ix86+x86_64 1.0.1 14.00 79.00 93.00 OK

Check Details

Version: 1.0.1
Check: package dependencies
Result: NOTE
    Package suggested but not available for checking: ‘pkgdown’
Flavor: r-patched-solaris-x86