CRAN Package Check Results for Package tidytransit

Last updated on 2020-01-25 06:51:32 CET.

Flavor Version Tinstall Tcheck Ttotal Status Flags
r-devel-linux-x86_64-debian-clang 0.6.1 9.81 212.49 222.30 OK
r-devel-linux-x86_64-debian-gcc 0.6.1 8.39 181.44 189.83 OK
r-devel-linux-x86_64-fedora-clang 0.6.1 297.72 NOTE
r-devel-linux-x86_64-fedora-gcc 0.6.1 301.00 NOTE
r-devel-windows-ix86+x86_64 0.6.1 40.00 305.00 345.00 NOTE
r-devel-windows-ix86+x86_64-gcc8 0.6.1 35.00 241.00 276.00 NOTE
r-patched-linux-x86_64 0.6.1 8.22 215.63 223.85 OK
r-patched-solaris-x86 0.6.1 481.10 NOTE
r-release-linux-x86_64 0.6.1 8.46 219.26 227.72 OK
r-release-windows-ix86+x86_64 0.6.1 17.00 319.00 336.00 NOTE
r-release-osx-x86_64 0.6.1 NOTE
r-oldrel-windows-ix86+x86_64 0.6.1 11.00 202.00 213.00 NOTE
r-oldrel-osx-x86_64 0.6.1 NOTE

Check Details

Version: 0.6.1
Check: installed package size
Result: NOTE
     installed size is 6.2Mb
     sub-directories of 1Mb or more:
     doc 1.3Mb
     extdata 4.4Mb
Flavors: r-devel-linux-x86_64-fedora-clang, r-devel-windows-ix86+x86_64, r-devel-windows-ix86+x86_64-gcc8, r-patched-solaris-x86, r-release-windows-ix86+x86_64, r-release-osx-x86_64, r-oldrel-windows-ix86+x86_64, r-oldrel-osx-x86_64

Version: 0.6.1
Check: data for non-ASCII characters
Result: NOTE
     Note: found 62 marked UTF-8 strings
Flavors: r-devel-linux-x86_64-fedora-clang, r-devel-linux-x86_64-fedora-gcc, r-patched-solaris-x86, r-release-osx-x86_64, r-oldrel-osx-x86_64