CRAN Package Check Results for Package tidystats

Last updated on 2019-04-24 14:47:48 CEST.

Flavor Version Tinstall Tcheck Ttotal Status Flags
r-devel-linux-x86_64-debian-clang 0.3 5.51 53.25 58.76 OK
r-devel-linux-x86_64-debian-gcc 0.3 5.63 40.93 46.56 OK
r-devel-linux-x86_64-fedora-clang 0.3 67.39 OK
r-devel-linux-x86_64-fedora-gcc 0.3 63.59 OK
r-devel-windows-ix86+x86_64 0.3 22.00 66.00 88.00 OK
r-patched-linux-x86_64 0.3 5.93 52.32 58.25 OK
r-patched-solaris-x86 0.3 99.70 OK
r-release-linux-x86_64 0.3 4.26 51.21 55.47 OK
r-release-windows-ix86+x86_64 0.3 9.00 106.00 115.00 OK
r-release-osx-x86_64 0.3 OK
r-oldrel-windows-ix86+x86_64 0.1 7.00 65.00 72.00 OK
r-oldrel-osx-x86_64 0.3 ERROR

Check Details

Version: 0.3
Check: whether package can be installed
Result: ERROR
    Installation failed.
Flavor: r-oldrel-osx-x86_64