CRAN Package Check Results for Package tidystats

Last updated on 2024-04-13 03:52:33 CEST.

Flavor Version Tinstall Tcheck Ttotal Status Flags
r-devel-linux-x86_64-debian-clang 0.6.1 6.93 89.00 95.93 OK
r-devel-linux-x86_64-debian-gcc 0.6.1 4.83 64.25 69.08 OK
r-devel-linux-x86_64-fedora-clang 0.6.1 123.18 NOTE
r-devel-linux-x86_64-fedora-gcc 0.6.1 126.60 NOTE
r-devel-windows-x86_64 0.6.1 6.00 84.00 90.00 OK
r-patched-linux-x86_64 0.6.1 7.08 82.58 89.66 OK
r-release-linux-x86_64 0.6.0 3.58 82.63 86.21 ERROR
r-release-macos-arm64 0.6.1 54.00 OK
r-release-macos-x86_64 0.6.1 96.00 OK
r-release-windows-x86_64 0.6.1 9.00 92.00 101.00 OK
r-oldrel-macos-arm64 0.6.1 44.00 OK
r-oldrel-windows-x86_64 0.6.0 8.00 102.00 110.00 ERROR

Check Details

Version: 0.6.1
Check: Rd cross-references
Result: NOTE Undeclared package ‘datawizard’ in Rd xrefs Flavor: r-devel-linux-x86_64-fedora-clang

Version: 0.6.1
Check: data for non-ASCII characters
Result: NOTE Note: found 113 marked UTF-8 strings Flavors: r-devel-linux-x86_64-fedora-clang, r-devel-linux-x86_64-fedora-gcc

Version: 0.6.0
Check: tests
Result: ERROR Running ‘testthat.R’ [27s/34s] Running the tests in ‘tests/testthat.R’ failed. Complete output: > library(testthat) > library(tidystats) This version of tidystats uses a new and improved way of structuring statistics. This breaks previous versions of tidystats. Updates to other tidystats-related software are coming soon. > > test_check("tidystats") [ FAIL 9 | WARN 0 | SKIP 0 | PASS 168 ] ══ Failed tests ════════════════════════════════════════════════════════════════ ── Error ('test_effectsize.R:67:3'): effectsize's Hedges' g works ────────────── Error in `cohens_d(x = mpg ~ am, data = mtcars, adjust = TRUE)`: could not find function "cohens_d" ── Error ('test_effectsize.R:76:3'): effectsize's Hedges' g not pooled works ─── Error in `cohens_d(x = mpg ~ am, data = mtcars, pooled_sd = FALSE, adjust = TRUE)`: could not find function "cohens_d" ── Error ('test_effectsize.R:85:3'): effectsize's Hedges' g mu works ─────────── Error in `cohens_d(x = mpg ~ am, data = mtcars, mu = -5, adjust = TRUE)`: could not find function "cohens_d" ── Error ('test_effectsize.R:94:3'): effectsize's Hedges' g less works ───────── Error in `cohens_d(x = mpg ~ am, data = mtcars, alternative = "less", adjust = TRUE)`: could not find function "cohens_d" ── Error ('test_effectsize.R:103:3'): effectsize's Hedges' g one sample works ── Error in `cohens_d(x = wt ~ 1, data = mtcars, adjust = TRUE)`: could not find function "cohens_d" ── Error ('test_effectsize.R:112:3'): effectsize's Hedges' g one sample works ── Error in `cohens_d(x = Pair(extra[group == 1], extra[group == 2]) ~ 1, data = sleep, adjust = TRUE)`: could not find function "cohens_d" ── Failure ('test_effectsize.R:128:3'): effectsize's Glass's delta works ─────── `tidy_model` not equal to `expected_tidy_model`. Component "statistics": Component 1: Component 3: Mean relative difference: 0.06844244 Component "statistics": Component 1: Component 6: Mean relative difference: 0.06844259 Component "statistics": Component 1: Component 7: Mean relative difference: 0.06844402 Backtrace: ▆ 1. └─tidystats:::expect_equal_models(model = model, expected_tidy_model = expected_statistics$glass_delta) at test_effectsize.R:128:3 2. └─testthat::expect_equal(tidy_model, expected_tidy_model, tolerance = tolerance) ── Failure ('test_effectsize.R:137:3'): effectsize's Glass's delta mu works ──── `tidy_model` not equal to `expected_tidy_model`. Component "statistics": Component 1: Component 3: Mean relative difference: 0.068443 Component "statistics": Component 1: Component 6: Mean relative difference: 0.06844222 Component "statistics": Component 1: Component 7: Mean relative difference: 0.06844404 Backtrace: ▆ 1. └─tidystats:::expect_equal_models(model = model, expected_tidy_model = expected_statistics$glass_delta_mu) at test_effectsize.R:137:3 2. └─testthat::expect_equal(tidy_model, expected_tidy_model, tolerance = tolerance) ── Failure ('test_effectsize.R:149:3'): effectsize's Glass's delta less works ── `tidy_model` not equal to `expected_tidy_model`. Component "statistics": Component 1: Component 3: Mean relative difference: 0.06844244 Component "statistics": Component 1: Component 7: Mean relative difference: 0.06844226 Backtrace: ▆ 1. └─tidystats:::expect_equal_models(model = model, expected_tidy_model = expected_statistics$glass_delta_less) at test_effectsize.R:149:3 2. └─testthat::expect_equal(tidy_model, expected_tidy_model, tolerance = tolerance) [ FAIL 9 | WARN 0 | SKIP 0 | PASS 168 ] Error: Test failures Execution halted Flavor: r-release-linux-x86_64

Version: 0.6.0
Check: tests
Result: ERROR Running 'testthat.R' [24s] Running the tests in 'tests/testthat.R' failed. Complete output: > library(testthat) > library(tidystats) This version of tidystats uses a new and improved way of structuring statistics. This breaks previous versions of tidystats. Updates to other tidystats-related software are coming soon. > > test_check("tidystats") [ FAIL 9 | WARN 0 | SKIP 0 | PASS 168 ] ══ Failed tests ════════════════════════════════════════════════════════════════ ── Error ('test_effectsize.R:67:3'): effectsize's Hedges' g works ────────────── Error in `cohens_d(x = mpg ~ am, data = mtcars, adjust = TRUE)`: could not find function "cohens_d" ── Error ('test_effectsize.R:76:3'): effectsize's Hedges' g not pooled works ─── Error in `cohens_d(x = mpg ~ am, data = mtcars, pooled_sd = FALSE, adjust = TRUE)`: could not find function "cohens_d" ── Error ('test_effectsize.R:85:3'): effectsize's Hedges' g mu works ─────────── Error in `cohens_d(x = mpg ~ am, data = mtcars, mu = -5, adjust = TRUE)`: could not find function "cohens_d" ── Error ('test_effectsize.R:94:3'): effectsize's Hedges' g less works ───────── Error in `cohens_d(x = mpg ~ am, data = mtcars, alternative = "less", adjust = TRUE)`: could not find function "cohens_d" ── Error ('test_effectsize.R:103:3'): effectsize's Hedges' g one sample works ── Error in `cohens_d(x = wt ~ 1, data = mtcars, adjust = TRUE)`: could not find function "cohens_d" ── Error ('test_effectsize.R:112:3'): effectsize's Hedges' g one sample works ── Error in `cohens_d(x = Pair(extra[group == 1], extra[group == 2]) ~ 1, data = sleep, adjust = TRUE)`: could not find function "cohens_d" ── Failure ('test_effectsize.R:128:3'): effectsize's Glass's delta works ─────── `tidy_model` not equal to `expected_tidy_model`. Component "statistics": Component 1: Component 3: Mean relative difference: 0.06844244 Component "statistics": Component 1: Component 6: Mean relative difference: 0.06844259 Component "statistics": Component 1: Component 7: Mean relative difference: 0.06844402 Backtrace: ▆ 1. └─tidystats:::expect_equal_models(model = model, expected_tidy_model = expected_statistics$glass_delta) at test_effectsize.R:128:3 2. └─testthat::expect_equal(tidy_model, expected_tidy_model, tolerance = tolerance) ── Failure ('test_effectsize.R:137:3'): effectsize's Glass's delta mu works ──── `tidy_model` not equal to `expected_tidy_model`. Component "statistics": Component 1: Component 3: Mean relative difference: 0.068443 Component "statistics": Component 1: Component 6: Mean relative difference: 0.06844222 Component "statistics": Component 1: Component 7: Mean relative difference: 0.06844404 Backtrace: ▆ 1. └─tidystats:::expect_equal_models(model = model, expected_tidy_model = expected_statistics$glass_delta_mu) at test_effectsize.R:137:3 2. └─testthat::expect_equal(tidy_model, expected_tidy_model, tolerance = tolerance) ── Failure ('test_effectsize.R:149:3'): effectsize's Glass's delta less works ── `tidy_model` not equal to `expected_tidy_model`. Component "statistics": Component 1: Component 3: Mean relative difference: 0.06844244 Component "statistics": Component 1: Component 7: Mean relative difference: 0.06844226 Backtrace: ▆ 1. └─tidystats:::expect_equal_models(model = model, expected_tidy_model = expected_statistics$glass_delta_less) at test_effectsize.R:149:3 2. └─testthat::expect_equal(tidy_model, expected_tidy_model, tolerance = tolerance) [ FAIL 9 | WARN 0 | SKIP 0 | PASS 168 ] Error: Test failures Execution halted Flavor: r-oldrel-windows-x86_64