CRAN Package Check Results for Package tidystats

Last updated on 2019-02-21 15:51:33 CET.

Flavor Version Tinstall Tcheck Ttotal Status Flags
r-devel-linux-x86_64-debian-clang 0.3 5.46 55.22 60.68 OK
r-devel-linux-x86_64-debian-gcc 0.3 4.29 41.93 46.22 OK
r-devel-linux-x86_64-fedora-clang 0.3 70.74 OK
r-devel-linux-x86_64-fedora-gcc 0.3 64.41 OK
r-devel-windows-ix86+x86_64 0.3 18.00 72.00 90.00 OK
r-patched-linux-x86_64 0.3 4.71 51.00 55.71 OK
r-patched-solaris-x86 0.3 94.30 OK
r-release-linux-x86_64 0.3 OK
r-release-windows-ix86+x86_64 0.3 10.00 110.00 120.00 OK
r-release-osx-x86_64 0.3 OK
r-oldrel-windows-ix86+x86_64 0.1 7.00 65.00 72.00 OK
r-oldrel-osx-x86_64 0.3 ERROR

Check Details

Version: 0.3
Check: whether package can be installed
Result: ERROR
    Installation failed.
Flavor: r-oldrel-osx-x86_64