Last updated on 2023-11-30 05:51:20 CET.
Flavor | Version | Tinstall | Tcheck | Ttotal | Status | Flags |
---|---|---|---|---|---|---|
r-devel-linux-x86_64-debian-clang | 1.2.0 | 4.23 | 86.70 | 90.93 | NOTE | |
r-devel-linux-x86_64-debian-gcc | 1.2.0 | 4.45 | 64.62 | 69.07 | NOTE | |
r-devel-linux-x86_64-fedora-clang | 1.2.0 | 112.11 | NOTE | |||
r-devel-linux-x86_64-fedora-gcc | 1.2.0 | 119.00 | NOTE | |||
r-devel-windows-x86_64 | 1.2.0 | 6.00 | 85.00 | 91.00 | NOTE | |
r-patched-linux-x86_64 | 1.2.0 | 5.98 | 82.39 | 88.37 | OK | |
r-release-linux-x86_64 | 1.2.0 | 4.36 | 82.47 | 86.83 | OK | |
r-release-macos-arm64 | 1.2.0 | 43.00 | OK | |||
r-release-macos-x86_64 | 1.2.0 | 65.00 | OK | |||
r-release-windows-x86_64 | 1.2.0 | 7.00 | 97.00 | 104.00 | OK | |
r-oldrel-macos-arm64 | 1.2.0 | 39.00 | OK | |||
r-oldrel-macos-x86_64 | 1.2.0 | 44.00 | OK | |||
r-oldrel-windows-x86_64 | 1.2.0 | 7.00 | 98.00 | 105.00 | OK |
Version: 1.2.0
Check: Rd \usage sections
Result: NOTE
Documented arguments not in \usage in Rd file 'vars_select.Rd':
‘args’
Functions with \usage entries need to have the appropriate \alias
entries, and all their arguments documented.
The \usage entries must correspond to syntactically valid R code.
See chapter ‘Writing R documentation files’ in the ‘Writing R
Extensions’ manual.
Flavors: r-devel-linux-x86_64-debian-clang, r-devel-linux-x86_64-debian-gcc, r-devel-linux-x86_64-fedora-clang, r-devel-linux-x86_64-fedora-gcc, r-devel-windows-x86_64