CRAN Package Check Results for Package tidyselect

Last updated on 2020-09-22 04:49:52 CEST.

Flavor Version Tinstall Tcheck Ttotal Status Flags
r-devel-linux-x86_64-debian-clang 1.1.0 4.73 47.63 52.36 OK
r-devel-linux-x86_64-debian-gcc 1.1.0 0.33 2.40 2.73 ERROR
r-devel-linux-x86_64-fedora-clang 1.1.0 82.23 OK
r-devel-linux-x86_64-fedora-gcc 1.1.0 62.51 OK
r-devel-windows-ix86+x86_64 1.1.0 10.00 56.00 66.00 OK
r-patched-linux-x86_64 1.1.0 4.17 47.00 51.17 OK
r-patched-solaris-x86 1.1.0 84.20 OK
r-release-linux-x86_64 1.1.0 4.34 46.87 51.21 OK
r-release-macos-x86_64 1.1.0 OK
r-release-windows-ix86+x86_64 1.1.0 9.00 69.00 78.00 OK
r-oldrel-macos-x86_64 1.1.0 OK
r-oldrel-windows-ix86+x86_64 1.1.0 6.00 51.00 57.00 OK

Check Details

Version: 1.1.0
Check: whether package can be installed
Result: ERROR
    Installation failed.
Flavor: r-devel-linux-x86_64-debian-gcc