CRAN Package Check Results for Package tidyr

Last updated on 2019-03-19 23:51:20 CET.

Flavor Version Tinstall Tcheck Ttotal Status Flags
r-devel-linux-x86_64-debian-clang 0.8.3 29.23 45.41 74.64 OK
r-devel-linux-x86_64-debian-gcc 0.8.3 25.30 35.74 61.04 OK
r-devel-linux-x86_64-fedora-clang 0.8.3 102.54 NOTE
r-devel-linux-x86_64-fedora-gcc 0.8.3 103.51 NOTE
r-devel-windows-ix86+x86_64 0.8.3 78.00 121.00 199.00 OK
r-patched-linux-x86_64 0.8.3 30.29 44.06 74.35 OK
r-patched-solaris-x86 0.8.3 109.20 NOTE
r-release-linux-x86_64 0.8.3 28.23 44.32 72.55 OK
r-release-windows-ix86+x86_64 0.8.3 76.00 90.00 166.00 OK
r-release-osx-x86_64 0.8.3 NOTE
r-oldrel-windows-ix86+x86_64 0.8.3 90.00 114.00 204.00 OK
r-oldrel-osx-x86_64 0.8.3 NOTE

Check Details

Version: 0.8.3
Check: data for non-ASCII characters
Result: NOTE
     Note: found 23 marked UTF-8 strings
Flavors: r-devel-linux-x86_64-fedora-clang, r-devel-linux-x86_64-fedora-gcc, r-patched-solaris-x86, r-release-osx-x86_64, r-oldrel-osx-x86_64