CRAN Package Check Results for Package tidyr

Last updated on 2019-06-16 17:50:38 CEST.

Flavor Version Tinstall Tcheck Ttotal Status Flags
r-devel-linux-x86_64-debian-clang 0.8.3 30.01 45.01 75.02 OK
r-devel-linux-x86_64-debian-gcc 0.8.3 24.11 35.82 59.93 OK
r-devel-linux-x86_64-fedora-clang 0.8.3 102.37 NOTE
r-devel-linux-x86_64-fedora-gcc 0.8.3 94.12 NOTE
r-devel-windows-ix86+x86_64 0.8.3 80.00 108.00 188.00 OK
r-patched-linux-x86_64 0.8.3 31.43 44.39 75.82 OK
r-patched-solaris-x86 0.8.3 126.30 NOTE
r-release-linux-x86_64 0.8.3 30.47 44.43 74.90 OK
r-release-windows-ix86+x86_64 0.8.3 61.00 124.00 185.00 OK
r-release-osx-x86_64 0.8.3 NOTE
r-oldrel-windows-ix86+x86_64 0.8.3 54.00 112.00 166.00 OK
r-oldrel-osx-x86_64 0.8.3 NOTE

Check Details

Version: 0.8.3
Check: data for non-ASCII characters
Result: NOTE
     Note: found 23 marked UTF-8 strings
Flavors: r-devel-linux-x86_64-fedora-clang, r-devel-linux-x86_64-fedora-gcc, r-patched-solaris-x86, r-release-osx-x86_64, r-oldrel-osx-x86_64