CRAN Package Check Results for Package tidyr

Last updated on 2020-09-18 21:51:44 CEST.

Flavor Version Tinstall Tcheck Ttotal Status Flags
r-devel-linux-x86_64-debian-clang 1.1.2 14.12 91.88 106.00 OK
r-devel-linux-x86_64-debian-gcc 1.1.2 11.84 67.81 79.65 OK
r-devel-linux-x86_64-fedora-clang 1.1.2 142.24 NOTE
r-devel-linux-x86_64-fedora-gcc 1.1.2 130.95 NOTE
r-devel-windows-ix86+x86_64 1.1.2 36.00 115.00 151.00 OK
r-patched-linux-x86_64 1.1.2 13.71 88.44 102.15 OK
r-patched-solaris-x86 1.1.2 155.40 NOTE
r-release-linux-x86_64 1.1.2 14.46 89.29 103.75 OK
r-release-macos-x86_64 1.1.2 NOTE
r-release-windows-ix86+x86_64 1.1.2 36.00 154.00 190.00 OK
r-oldrel-macos-x86_64 1.1.2 NOTE
r-oldrel-windows-ix86+x86_64 1.1.2 33.00 144.00 177.00 OK

Check Details

Version: 1.1.2
Check: data for non-ASCII characters
Result: NOTE
     Note: found 24 marked UTF-8 strings
Flavors: r-devel-linux-x86_64-fedora-clang, r-devel-linux-x86_64-fedora-gcc, r-patched-solaris-x86, r-release-macos-x86_64, r-oldrel-macos-x86_64