CRAN Package Check Results for Package tidyr

Last updated on 2021-01-21 12:50:19 CET.

Flavor Version Tinstall Tcheck Ttotal Status Flags
r-devel-linux-x86_64-debian-clang 1.1.2 13.91 97.13 111.04 OK
r-devel-linux-x86_64-debian-gcc 1.1.2 11.95 73.33 85.28 OK
r-devel-linux-x86_64-fedora-clang 1.1.2 155.57 NOTE
r-devel-linux-x86_64-fedora-gcc 1.1.2 134.26 NOTE
r-devel-windows-ix86+x86_64 1.1.2 31.00 127.00 158.00 OK
r-patched-linux-x86_64 1.1.2 15.16 93.46 108.62 OK
r-patched-solaris-x86 1.1.2 160.80 NOTE
r-release-linux-x86_64 1.1.2 13.76 92.91 106.67 OK
r-release-macos-x86_64 1.1.2 NOTE
r-release-windows-ix86+x86_64 1.1.2 2.00 8.00 10.00 ERROR
r-oldrel-macos-x86_64 1.1.2 NOTE
r-oldrel-windows-ix86+x86_64 1.1.2 31.00 115.00 146.00 OK

Check Details

Version: 1.1.2
Check: data for non-ASCII characters
Result: NOTE
     Note: found 24 marked UTF-8 strings
Flavors: r-devel-linux-x86_64-fedora-clang, r-devel-linux-x86_64-fedora-gcc, r-patched-solaris-x86, r-release-macos-x86_64, r-oldrel-macos-x86_64

Version: 1.1.2
Check: whether package can be installed
Result: ERROR
    Installation failed.
Flavor: r-release-windows-ix86+x86_64