CRAN Package Check Results for Package tidyr

Last updated on 2022-10-02 17:51:56 CEST.

Flavor Version Tinstall Tcheck Ttotal Status Flags
r-devel-linux-x86_64-debian-clang 1.2.1 15.55 139.01 154.56 OK
r-devel-linux-x86_64-debian-gcc 1.2.1 14.39 104.19 118.58 OK
r-devel-linux-x86_64-fedora-clang 1.2.1 212.63 NOTE
r-devel-linux-x86_64-fedora-gcc 1.2.1 208.26 NOTE
r-devel-windows-x86_64 1.2.1 54.00 195.00 249.00 OK
r-patched-linux-x86_64 1.2.1 16.35 127.46 143.81 OK
r-release-linux-x86_64 1.2.1 14.67 130.80 145.47 OK
r-release-macos-arm64 1.2.1 58.00 NOTE
r-release-macos-x86_64 1.2.1 77.00 NOTE
r-release-windows-x86_64 1.2.1 55.00 186.00 241.00 OK
r-oldrel-macos-arm64 1.2.1 60.00 NOTE
r-oldrel-macos-x86_64 1.2.1 84.00 NOTE
r-oldrel-windows-ix86+x86_64 1.2.1 45.00 234.00 279.00 OK

Check Details

Version: 1.2.1
Check: data for non-ASCII characters
Result: NOTE
     Note: found 24 marked UTF-8 strings
Flavors: r-devel-linux-x86_64-fedora-clang, r-devel-linux-x86_64-fedora-gcc, r-release-macos-arm64, r-release-macos-x86_64, r-oldrel-macos-arm64, r-oldrel-macos-x86_64