CRAN Package Check Results for Package tidyr

Last updated on 2019-01-16 18:47:18 CET.

Flavor Version Tinstall Tcheck Ttotal Status Flags
r-devel-linux-x86_64-debian-clang 0.8.2 29.92 46.81 76.73 OK
r-devel-linux-x86_64-debian-gcc 0.8.2 27.74 36.89 64.63 OK
r-devel-linux-x86_64-fedora-clang 0.8.2 100.48 NOTE
r-devel-linux-x86_64-fedora-gcc 0.8.2 93.88 NOTE
r-devel-windows-ix86+x86_64 0.8.2 60.00 88.00 148.00 OK
r-patched-linux-x86_64 0.8.2 33.76 43.14 76.90 OK
r-patched-solaris-x86 0.8.2 109.60 NOTE
r-release-linux-x86_64 0.8.2 31.93 42.89 74.82 OK
r-release-windows-ix86+x86_64 0.8.2 79.00 78.00 157.00 OK
r-release-osx-x86_64 0.8.2 NOTE
r-oldrel-windows-ix86+x86_64 0.8.2 62.00 90.00 152.00 OK
r-oldrel-osx-x86_64 0.8.2 NOTE

Check Details

Version: 0.8.2
Check: data for non-ASCII characters
Result: NOTE
     Note: found 23 marked UTF-8 strings
Flavors: r-devel-linux-x86_64-fedora-clang, r-devel-linux-x86_64-fedora-gcc, r-patched-solaris-x86, r-release-osx-x86_64, r-oldrel-osx-x86_64