Last updated on 2023-02-07 11:52:24 CET.
Flavor | Version | Tinstall | Tcheck | Ttotal | Status | Flags |
---|---|---|---|---|---|---|
r-devel-linux-x86_64-debian-clang | 1.3.0 | 18.70 | 183.20 | 201.90 | NOTE | |
r-devel-linux-x86_64-debian-gcc | 1.3.0 | 15.96 | 133.57 | 149.53 | NOTE | |
r-devel-linux-x86_64-fedora-clang | 1.3.0 | 250.52 | NOTE | |||
r-devel-linux-x86_64-fedora-gcc | 1.3.0 | 266.19 | NOTE | |||
r-devel-windows-x86_64 | 1.3.0 | 103.00 | 251.00 | 354.00 | NOTE | |
r-patched-linux-x86_64 | 1.3.0 | 19.27 | 171.66 | 190.93 | OK | |
r-release-linux-x86_64 | 1.3.0 | 16.27 | 170.07 | 186.34 | OK | |
r-release-macos-arm64 | 1.3.0 | 66.00 | OK | |||
r-release-macos-x86_64 | 1.3.0 | 89.00 | OK | |||
r-release-windows-x86_64 | 1.3.0 | 103.00 | 233.00 | 336.00 | OK | |
r-oldrel-macos-arm64 | 1.3.0 | 78.00 | OK | |||
r-oldrel-macos-x86_64 | 1.3.0 | 100.00 | OK | |||
r-oldrel-windows-ix86+x86_64 | 1.3.0 | 46.00 | 316.00 | 362.00 | OK |
Version: 1.3.0
Check: C++ specification
Result: NOTE
Specified C++11: please update to current default of C++17
Flavors: r-devel-linux-x86_64-debian-clang, r-devel-linux-x86_64-debian-gcc, r-devel-linux-x86_64-fedora-clang, r-devel-windows-x86_64
Version: 1.3.0
Check: data for non-ASCII characters
Result: NOTE
Note: found 24 marked UTF-8 strings
Flavors: r-devel-linux-x86_64-fedora-clang, r-devel-linux-x86_64-fedora-gcc
Version: 1.3.0
Check: C++ specification
Result: NOTE
Specified C++11: please drop specification unless essential
Flavor: r-devel-linux-x86_64-fedora-gcc