CRAN Package Check Results for Package tidyr

Last updated on 2020-01-29 09:52:06 CET.

Flavor Version Tinstall Tcheck Ttotal Status Flags
r-devel-linux-x86_64-debian-clang 1.0.2 36.31 90.36 126.67 OK
r-devel-linux-x86_64-debian-gcc 1.0.2 24.33 67.88 92.21 OK
r-devel-linux-x86_64-fedora-clang 1.0.2 166.65 NOTE
r-devel-linux-x86_64-fedora-gcc 1.0.2 161.52 NOTE
r-devel-windows-ix86+x86_64 1.0.2 69.00 173.00 242.00 OK
r-devel-windows-ix86+x86_64-gcc8 1.0.2 95.00 150.00 245.00 OK
r-patched-linux-x86_64 1.0.2 OK
r-patched-solaris-x86 1.0.2 165.90 NOTE
r-release-linux-x86_64 1.0.2 30.75 77.78 108.53 OK
r-release-windows-ix86+x86_64 1.0.2 87.00 127.00 214.00 OK
r-release-osx-x86_64 1.0.2 NOTE
r-oldrel-windows-ix86+x86_64 1.0.2 111.00 169.00 280.00 OK
r-oldrel-osx-x86_64 1.0.2 NOTE

Check Details

Version: 1.0.2
Check: data for non-ASCII characters
Result: NOTE
     Note: found 24 marked UTF-8 strings
Flavors: r-devel-linux-x86_64-fedora-clang, r-devel-linux-x86_64-fedora-gcc, r-patched-solaris-x86, r-release-osx-x86_64, r-oldrel-osx-x86_64