Last updated on 2023-05-28 07:57:44 CEST.
Flavor | Version | Tinstall | Tcheck | Ttotal | Status | Flags |
---|---|---|---|---|---|---|
r-devel-linux-x86_64-debian-clang | 1.3.0 | 18.94 | 176.00 | 194.94 | NOTE | |
r-devel-linux-x86_64-debian-gcc | 1.3.0 | 15.30 | 132.75 | 148.05 | NOTE | |
r-devel-linux-x86_64-fedora-clang | 1.3.0 | 245.96 | NOTE | |||
r-devel-linux-x86_64-fedora-gcc | 1.3.0 | 241.83 | NOTE | |||
r-devel-windows-x86_64 | 1.3.0 | 20.00 | 161.00 | 181.00 | NOTE | |
r-patched-linux-x86_64 | 1.3.0 | 19.40 | 168.65 | 188.05 | NOTE | |
r-release-linux-x86_64 | 1.3.0 | 19.30 | 165.68 | 184.98 | NOTE | |
r-release-macos-arm64 | 1.3.0 | 86.00 | NOTE | |||
r-release-macos-x86_64 | 1.3.0 | 133.00 | NOTE | |||
r-release-windows-x86_64 | 1.3.0 | 24.00 | 203.00 | 227.00 | NOTE | |
r-oldrel-macos-arm64 | 1.3.0 | 66.00 | OK | |||
r-oldrel-macos-x86_64 | 1.3.0 | 89.00 | OK | |||
r-oldrel-windows-x86_64 | 1.3.0 | 24.00 | 189.00 | 213.00 | OK |
Version: 1.3.0
Check: C++ specification
Result: NOTE
Specified C++11: please drop specification unless essential
Flavors: r-devel-linux-x86_64-debian-clang, r-devel-linux-x86_64-debian-gcc, r-devel-linux-x86_64-fedora-clang, r-devel-linux-x86_64-fedora-gcc, r-devel-windows-x86_64, r-patched-linux-x86_64, r-release-linux-x86_64, r-release-macos-arm64, r-release-macos-x86_64, r-release-windows-x86_64
Version: 1.3.0
Check: data for non-ASCII characters
Result: NOTE
Note: found 24 marked UTF-8 strings
Flavors: r-devel-linux-x86_64-fedora-clang, r-devel-linux-x86_64-fedora-gcc