CRAN Package Check Results for Package tidyquant

Last updated on 2022-11-28 22:51:37 CET.

Flavor Version Tinstall Tcheck Ttotal Status Flags
r-devel-linux-x86_64-debian-clang 1.0.6 12.83 263.46 276.29 OK
r-devel-linux-x86_64-debian-gcc 1.0.6 8.52 205.80 214.32 OK
r-devel-linux-x86_64-fedora-clang 1.0.6 351.51 NOTE
r-devel-linux-x86_64-fedora-gcc 1.0.6 363.66 OK
r-devel-windows-x86_64 1.0.6 57.00 306.00 363.00 NOTE
r-patched-linux-x86_64 1.0.6 18.57 254.36 272.93 OK
r-release-linux-x86_64 1.0.6 8.49 223.66 232.15 OK
r-release-macos-arm64 1.0.6 188.00 NOTE
r-release-macos-x86_64 1.0.6 160.00 NOTE
r-release-windows-x86_64 1.0.5 106.00 327.00 433.00 NOTE
r-oldrel-macos-arm64 1.0.6 152.00 NOTE
r-oldrel-macos-x86_64 1.0.6 179.00 NOTE
r-oldrel-windows-ix86+x86_64 1.0.6 28.00 324.00 352.00 NOTE

Check Details

Version: 1.0.6
Check: package dependencies
Result: NOTE
    Imports includes 22 non-default packages.
    Importing from so many packages makes the package vulnerable to any of
    them becoming unavailable. Move as many as possible to Suggests and
    use conditionally.
Flavor: r-devel-linux-x86_64-fedora-clang

Version: 1.0.6
Check: installed package size
Result: NOTE
     installed size is 5.3Mb
     sub-directories of 1Mb or more:
     doc 4.4Mb
Flavors: r-devel-linux-x86_64-fedora-clang, r-devel-windows-x86_64, r-release-macos-arm64, r-release-macos-x86_64, r-oldrel-macos-arm64, r-oldrel-macos-x86_64, r-oldrel-windows-ix86+x86_64

Version: 1.0.6
Check: package dependencies
Result: NOTE
    Package suggested but not available for checking: ‘Rblpapi’
Flavors: r-release-macos-arm64, r-oldrel-macos-arm64

Version: 1.0.6
Check: Rd cross-references
Result: NOTE
    Package unavailable to check Rd xrefs: ‘Rblpapi’
Flavors: r-release-macos-arm64, r-oldrel-macos-arm64

Version: 1.0.5
Check: installed package size
Result: NOTE
     installed size is 5.3Mb
     sub-directories of 1Mb or more:
     doc 4.4Mb
Flavor: r-release-windows-x86_64