Last updated on 2022-06-26 21:54:06 CEST.
Flavor | Version | Tinstall | Tcheck | Ttotal | Status | Flags |
---|---|---|---|---|---|---|
r-devel-linux-x86_64-debian-clang | 0.1.0 | 16.61 | 249.95 | 266.56 | OK | |
r-devel-linux-x86_64-debian-gcc | 1.0.0 | 12.66 | 188.97 | 201.63 | OK | |
r-devel-linux-x86_64-fedora-clang | 1.0.0 | 335.10 | WARN | |||
r-devel-linux-x86_64-fedora-gcc | 1.0.0 | 363.75 | WARN | |||
r-devel-windows-x86_64 | 0.1.0 | 48.00 | 189.00 | 237.00 | OK | |
r-patched-linux-x86_64 | 1.0.0 | 16.30 | 244.23 | 260.53 | OK | |
r-release-linux-x86_64 | 1.0.0 | 15.80 | 242.02 | 257.82 | OK | |
r-release-macos-arm64 | 1.0.0 | 89.00 | OK | |||
r-release-macos-x86_64 | 1.0.0 | 122.00 | OK | |||
r-release-windows-x86_64 | 0.1.0 | 69.00 | 268.00 | 337.00 | OK | |
r-oldrel-macos-arm64 | 1.0.0 | 65.00 | OK | |||
r-oldrel-macos-x86_64 | 1.0.0 | 118.00 | OK | |||
r-oldrel-windows-ix86+x86_64 | 1.0.0 | 50.00 | 215.00 | 265.00 | OK |
Version: 1.0.0
Check: package dependencies
Result: WARN
Requires (indirectly) orphaned package: ‘gtools’
Flavors: r-devel-linux-x86_64-fedora-clang, r-devel-linux-x86_64-fedora-gcc