CRAN Package Check Results for Package tidymodels

Last updated on 2020-10-26 10:50:09 CET.

Flavor Version Tinstall Tcheck Ttotal Status Flags
r-devel-linux-x86_64-debian-clang 0.1.1 13.70 139.19 152.89 OK
r-devel-linux-x86_64-debian-gcc 0.1.1 12.25 103.77 116.02 OK
r-devel-linux-x86_64-fedora-clang 0.1.1 195.50 NOTE
r-devel-linux-x86_64-fedora-gcc 0.1.1 178.53 NOTE
r-devel-windows-ix86+x86_64 0.1.1 34.00 156.00 190.00 OK
r-patched-linux-x86_64 0.1.1 11.45 126.74 138.19 OK
r-patched-solaris-x86 0.1.1 255.90 NOTE
r-release-linux-x86_64 0.1.1 16.26 125.71 141.97 OK
r-release-macos-x86_64 0.1.1 NOTE
r-release-windows-ix86+x86_64 0.1.1 24.00 123.00 147.00 OK
r-oldrel-macos-x86_64 0.1.1 NOTE
r-oldrel-windows-ix86+x86_64 0.1.1 31.00 162.00 193.00 OK

Check Details

Version: 0.1.1
Check: dependencies in R code
Result: NOTE
    Namespaces in Imports field not imported from:
     ‘modeldata’ ‘tidyr’
     All declared Imports should be used.
Flavors: r-devel-linux-x86_64-fedora-clang, r-devel-linux-x86_64-fedora-gcc, r-patched-solaris-x86, r-release-macos-x86_64, r-oldrel-macos-x86_64