CRAN Package Check Results for Package tidymodels

Last updated on 2022-11-28 20:51:00 CET.

Flavor Version Tinstall Tcheck Ttotal Status Flags
r-devel-linux-x86_64-debian-clang 1.0.0 18.93 165.84 184.77 OK
r-devel-linux-x86_64-debian-gcc 1.0.0 14.02 123.67 137.69 OK
r-devel-linux-x86_64-fedora-clang 1.0.0 236.28 NOTE
r-devel-linux-x86_64-fedora-gcc 1.0.0 225.09 NOTE
r-devel-windows-x86_64 1.0.0 42.00 185.00 227.00 OK
r-patched-linux-x86_64 1.0.0 16.81 156.19 173.00 OK
r-release-linux-x86_64 1.0.0 16.03 158.18 174.21 OK
r-release-macos-arm64 1.0.0 58.00 NOTE
r-release-macos-x86_64 1.0.0 84.00 NOTE
r-release-windows-x86_64 1.0.0 38.00 192.00 230.00 OK
r-oldrel-macos-arm64 1.0.0 57.00 NOTE
r-oldrel-macos-x86_64 1.0.0 83.00 NOTE
r-oldrel-windows-ix86+x86_64 1.0.0 39.00 185.00 224.00 OK

Check Details

Version: 1.0.0
Check: package dependencies
Result: NOTE
    Imports includes 21 non-default packages.
    Importing from so many packages makes the package vulnerable to any of
    them becoming unavailable. Move as many as possible to Suggests and
    use conditionally.
Flavor: r-devel-linux-x86_64-fedora-clang

Version: 1.0.0
Check: dependencies in R code
Result: NOTE
    Namespace in Imports field not imported from: ‘modeldata’
     All declared Imports should be used.
Flavors: r-devel-linux-x86_64-fedora-clang, r-devel-linux-x86_64-fedora-gcc, r-release-macos-arm64, r-release-macos-x86_64, r-oldrel-macos-arm64, r-oldrel-macos-x86_64