CRAN Package Check Results for Package tidylda

Last updated on 2021-12-03 08:50:38 CET.

Flavor Version Tinstall Tcheck Ttotal Status Flags
r-devel-linux-x86_64-debian-clang 0.0.1 45.44 105.68 151.12 OK
r-devel-linux-x86_64-debian-gcc 0.0.1 39.15 79.59 118.74 OK
r-devel-linux-x86_64-fedora-clang 0.0.1 225.53 NOTE
r-devel-linux-x86_64-fedora-gcc 0.0.1 203.47 OK
r-devel-windows-x86_64-new-UL 0.0.1 68.00 171.00 239.00 OK
r-devel-windows-x86_64-new-TK 0.0.1 OK
r-devel-windows-x86_64-old 0.0.1 62.00 105.00 167.00 OK
r-patched-linux-x86_64 0.0.1 42.26 100.26 142.52 OK
r-patched-solaris-x86 0.0.1 238.70 OK
r-release-linux-x86_64 0.0.1 42.07 99.73 141.80 OK
r-release-macos-arm64 0.0.1 OK
r-release-macos-x86_64 0.0.1 OK
r-release-windows-ix86+x86_64 0.0.1 113.00 193.00 306.00 OK
r-oldrel-macos-x86_64 0.0.1 OK
r-oldrel-windows-ix86+x86_64 0.0.1 114.00 202.00 316.00 OK

Check Details

Version: 0.0.1
Check: Rd cross-references
Result: NOTE
    Undeclared package ‘slam’ in Rd xrefs
Flavor: r-devel-linux-x86_64-fedora-clang