Last updated on 2023-05-28 00:56:30 CEST.
Flavor | Version | Tinstall | Tcheck | Ttotal | Status | Flags |
---|---|---|---|---|---|---|
r-devel-linux-x86_64-debian-clang | 0.6.0 | 7.91 | 125.65 | 133.56 | OK | |
r-devel-linux-x86_64-debian-gcc | 0.6.0 | 6.90 | 93.84 | 100.74 | OK | |
r-devel-linux-x86_64-fedora-clang | 0.6.0 | 162.15 | NOTE | |||
r-devel-linux-x86_64-fedora-gcc | 0.6.0 | 165.98 | NOTE | |||
r-devel-windows-x86_64 | 0.6.0 | 10.00 | 123.00 | 133.00 | OK | |
r-patched-linux-x86_64 | 0.6.0 | 8.24 | 119.31 | 127.55 | OK | |
r-release-linux-x86_64 | 0.6.0 | 5.24 | 118.06 | 123.30 | OK | |
r-release-macos-arm64 | 0.6.0 | 71.00 | OK | |||
r-release-macos-x86_64 | 0.6.0 | 113.00 | OK | |||
r-release-windows-x86_64 | 0.6.0 | 12.00 | 152.00 | 164.00 | OK | |
r-oldrel-macos-arm64 | 0.6.0 | 63.00 | OK | |||
r-oldrel-macos-x86_64 | 0.6.0 | 88.00 | OK | |||
r-oldrel-windows-x86_64 | 0.6.0 | 12.00 | 143.00 | 155.00 | OK |
Version: 0.6.0
Check: data for non-ASCII characters
Result: NOTE
Note: found 182 marked UTF-8 strings
Flavors: r-devel-linux-x86_64-fedora-clang, r-devel-linux-x86_64-fedora-gcc