Last updated on 2023-12-11 23:13:09 CET.
Flavor | Version | Tinstall | Tcheck | Ttotal | Status | Flags |
---|---|---|---|---|---|---|
r-devel-linux-x86_64-debian-clang | 1.0.2 | 21.10 | 633.93 | 655.03 | OK | |
r-devel-linux-x86_64-debian-gcc | 1.0.2 | 16.53 | 471.35 | 487.88 | OK | |
r-devel-linux-x86_64-fedora-clang | 1.0.2 | 806.06 | OK | |||
r-devel-linux-x86_64-fedora-gcc | 1.0.2 | 533.65 | OK | |||
r-devel-windows-x86_64 | 1.0.2 | 19.00 | 500.00 | 519.00 | OK | |
r-patched-linux-x86_64 | 1.0.2 | 21.72 | 598.24 | 619.96 | OK | |
r-release-linux-x86_64 | 1.0.2 | 19.43 | 618.95 | 638.38 | OK | |
r-release-macos-arm64 | 1.0.2 | 205.00 | OK | |||
r-release-macos-x86_64 | 1.0.2 | 535.00 | NOTE | |||
r-release-windows-x86_64 | 1.0.2 | 27.00 | 674.00 | 701.00 | OK | |
r-oldrel-macos-arm64 | 1.0.2 | 186.00 | OK | |||
r-oldrel-macos-x86_64 | 1.0.2 | 279.00 | OK | |||
r-oldrel-windows-x86_64 | 1.0.2 | 27.00 | 653.00 | 680.00 | OK |
Version: 1.0.2
Check: package dependencies
Result: NOTE
Package suggested but not available for checking: ‘ggplot2’
Flavor: r-release-macos-x86_64