CRAN Package Check Results for Package tidygraph

Last updated on 2021-04-18 10:48:29 CEST.

Flavor Version Tinstall Tcheck Ttotal Status Flags
r-devel-linux-x86_64-debian-clang 1.2.0 31.34 90.05 121.39 NOTE
r-devel-linux-x86_64-debian-gcc 1.2.0 19.28 68.59 87.87 NOTE
r-devel-linux-x86_64-fedora-clang 1.2.0 154.23 NOTE
r-devel-linux-x86_64-fedora-gcc 1.2.0 145.61 NOTE
r-devel-windows-ix86+x86_64 1.2.0 65.00 158.00 223.00 NOTE
r-devel-windows-x86_64-gcc10-UCRT 1.2.0 NOTE
r-patched-linux-x86_64 1.2.0 22.67 83.58 106.25 OK
r-patched-solaris-x86 1.2.0 181.10 OK
r-release-linux-x86_64 1.2.0 22.27 83.97 106.24 OK
r-release-macos-x86_64 1.2.0 OK
r-release-windows-ix86+x86_64 1.2.0 78.00 171.00 249.00 OK
r-oldrel-macos-x86_64 1.2.0 OK
r-oldrel-windows-ix86+x86_64 1.2.0 39.00 144.00 183.00 OK

Check Details

Version: 1.2.0
Check: LazyData
Result: NOTE
     'LazyData' is specified without a 'data' directory
Flavors: r-devel-linux-x86_64-debian-clang, r-devel-linux-x86_64-debian-gcc, r-devel-linux-x86_64-fedora-clang, r-devel-linux-x86_64-fedora-gcc, r-devel-windows-ix86+x86_64, r-devel-windows-x86_64-gcc10-UCRT