Last updated on 2023-06-07 10:58:51 CEST.
Flavor | Version | Tinstall | Tcheck | Ttotal | Status | Flags |
---|---|---|---|---|---|---|
r-devel-linux-x86_64-debian-clang | 1.2.3 | 15.23 | 95.77 | 111.00 | OK | |
r-devel-linux-x86_64-debian-gcc | 1.2.3 | 13.33 | 69.15 | 82.48 | OK | |
r-devel-linux-x86_64-fedora-clang | 1.2.3 | 144.04 | OK | |||
r-devel-linux-x86_64-fedora-gcc | 1.2.3 | 129.21 | OK | |||
r-devel-windows-x86_64 | 1.2.3 | 17.00 | 100.00 | 117.00 | OK | |
r-patched-linux-x86_64 | 1.2.3 | 16.98 | 87.37 | 104.35 | OK | |
r-release-linux-x86_64 | 1.2.3 | 13.79 | 88.27 | 102.06 | OK | |
r-release-macos-arm64 | 1.2.3 | 43.00 | OK | |||
r-release-macos-x86_64 | 1.2.3 | 64.00 | NOTE | |||
r-release-windows-x86_64 | 1.2.3 | 20.00 | 118.00 | 138.00 | OK | |
r-oldrel-macos-arm64 | 1.2.3 | 33.00 | OK | |||
r-oldrel-macos-x86_64 | 1.2.3 | 57.00 | OK | |||
r-oldrel-windows-x86_64 | 1.2.3 | 20.00 | 115.00 | 135.00 | OK |
Version: 1.2.3
Check: package dependencies
Result: NOTE
Package suggested but not available for checking: ‘graph’
Flavor: r-release-macos-x86_64