CRAN Package Check Results for Package tidygeocoder

Last updated on 2020-10-27 17:52:57 CET.

Flavor Version Tinstall Tcheck Ttotal Status Flags
r-devel-linux-x86_64-debian-clang 1.0.1 2.97 30.79 33.76 OK
r-devel-linux-x86_64-debian-gcc 1.0.1 2.28 23.81 26.09 OK
r-devel-linux-x86_64-fedora-clang 1.0.1 50.00 NOTE
r-devel-linux-x86_64-fedora-gcc 1.0.1 40.04 NOTE
r-devel-windows-ix86+x86_64 1.0.1 6.00 64.00 70.00 OK
r-patched-linux-x86_64 1.0.1 OK
r-patched-solaris-x86 1.0.1 59.30 WARN
r-release-linux-x86_64 1.0.1 2.90 29.67 32.57 OK
r-release-macos-x86_64 1.0.1 WARN
r-release-windows-ix86+x86_64 1.0.1 5.00 51.00 56.00 OK
r-oldrel-macos-x86_64 1.0.1 WARN
r-oldrel-windows-ix86+x86_64 1.0.1 5.00 62.00 67.00 OK

Check Details

Version: 1.0.1
Check: data for non-ASCII characters
Result: NOTE
     Note: found 2 marked UTF-8 strings
Flavors: r-devel-linux-x86_64-fedora-clang, r-devel-linux-x86_64-fedora-gcc, r-patched-solaris-x86, r-release-macos-x86_64, r-oldrel-macos-x86_64

Version: 1.0.1
Check: re-building of vignette outputs
Result: WARN
    Error(s) in re-building vignettes:
     ...
    --- re-building ‘tidygeocoder.Rmd’ using rmarkdown
    Warning in engine$weave(file, quiet = quiet, encoding = enc) :
     Pandoc (>= 1.12.3) and/or pandoc-citeproc not available. Falling back to R Markdown v1.
    
    Attaching package: 'dplyr'
    
    The following objects are masked from 'package:stats':
    
     filter, lag
    
    The following objects are masked from 'package:base':
    
     intersect, setdiff, setequal, union
    
    Quitting from lines 147-152 (tidygeocoder.Rmd)
    Error: processing vignette 'tidygeocoder.Rmd' failed with diagnostics:
    there is no package called 'webshot'
    --- failed re-building ‘tidygeocoder.Rmd’
    
    SUMMARY: processing the following file failed:
     ‘tidygeocoder.Rmd’
    
    Error: Vignette re-building failed.
    Execution halted
Flavor: r-patched-solaris-x86

Version: 1.0.1
Check: re-building of vignette outputs
Result: WARN
    Error(s) in re-building vignettes:
     ...
    --- re-building ‘tidygeocoder.Rmd’ using rmarkdown
    Warning in engine$weave(file, quiet = quiet, encoding = enc) :
     Pandoc (>= 1.12.3) and/or pandoc-citeproc not available. Falling back to R Markdown v1.
    
    Attaching package: 'dplyr'
    
    The following objects are masked from 'package:stats':
    
     filter, lag
    
    The following objects are masked from 'package:base':
    
     intersect, setdiff, setequal, union
    
    Quitting from lines 147-152 (tidygeocoder.Rmd)
    Error: processing vignette 'tidygeocoder.Rmd' failed with diagnostics:
    cannot open the connection
    --- failed re-building ‘tidygeocoder.Rmd’
    
    SUMMARY: processing the following file failed:
     ‘tidygeocoder.Rmd’
    
    Error: Vignette re-building failed.
    Execution halted
Flavors: r-release-macos-x86_64, r-oldrel-macos-x86_64