CRAN Package Check Results for Package tidygenomics

Last updated on 2019-08-19 20:46:28 CEST.

Flavor Version Tinstall Tcheck Ttotal Status Flags
r-devel-linux-x86_64-debian-clang 0.1.2 16.09 49.68 65.77 OK
r-devel-linux-x86_64-debian-gcc 0.1.2 13.05 37.71 50.76 OK
r-devel-linux-x86_64-fedora-clang 0.1.2 84.30 OK
r-devel-linux-x86_64-fedora-gcc 0.1.2 80.59 OK
r-devel-windows-ix86+x86_64 0.1.2 47.00 100.00 147.00 OK
r-patched-linux-x86_64 0.1.2 15.34 47.19 62.53 OK
r-patched-solaris-x86 0.1.2 100.10 OK
r-release-linux-x86_64 0.1.2 13.89 47.04 60.93 OK
r-release-windows-ix86+x86_64 0.1.2 37.00 90.00 127.00 OK
r-release-osx-x86_64 0.1.2 ERROR
r-oldrel-windows-ix86+x86_64 0.1.2 38.00 120.00 158.00 OK
r-oldrel-osx-x86_64 0.1.2 OK

Check Details

Version: 0.1.2
Check: package dependencies
Result: ERROR
    Package required but not available: ‘IRanges’
    
    See section ‘The DESCRIPTION file’ in the ‘Writing R Extensions’
    manual.
Flavor: r-release-osx-x86_64