CRAN Package Check Results for Package tidyestimate

Last updated on 2024-03-01 19:49:14 CET.

Flavor Version Tinstall Tcheck Ttotal Status Flags
r-devel-linux-x86_64-debian-clang 1.1.1 5.27 57.52 62.79 OK
r-devel-linux-x86_64-debian-gcc 1.1.1 4.55 44.58 49.13 OK
r-devel-linux-x86_64-fedora-clang 1.1.1 80.16 NOTE
r-devel-linux-x86_64-fedora-gcc 1.1.1 86.04 NOTE
r-devel-windows-x86_64 1.1.1 7.00 63.00 70.00 OK
r-patched-linux-x86_64 1.1.1 6.69 56.24 62.93 OK
r-release-linux-x86_64 1.1.1 4.36 56.06 60.42 OK
r-release-macos-arm64 1.1.1 34.00 OK
r-release-macos-x86_64 1.1.1 65.00 OK
r-release-windows-x86_64 1.1.1 10.00 74.00 84.00 OK
r-oldrel-macos-arm64 1.1.1 36.00 OK
r-oldrel-windows-x86_64 1.1.1 9.00 77.00 86.00 OK

Check Details

Version: 1.1.1
Check: data for non-ASCII characters
Result: NOTE Note: found 6 marked UTF-8 strings Flavors: r-devel-linux-x86_64-fedora-clang, r-devel-linux-x86_64-fedora-gcc