CRAN Package Check Results for Package tidycensus

Last updated on 2020-08-12 21:50:00 CEST.

Flavor Version Tinstall Tcheck Ttotal Status Flags
r-devel-linux-x86_64-debian-clang 0.9.9.5 0.44 2.27 2.71 ERROR
r-devel-linux-x86_64-debian-gcc 0.9.9.5 8.24 56.56 64.80 OK
r-devel-linux-x86_64-fedora-clang 0.9.9.5 109.79 OK
r-devel-linux-x86_64-fedora-gcc 0.9.9.5 100.12 OK
r-devel-windows-ix86+x86_64 0.9.9.5 30.00 147.00 177.00 OK
r-patched-linux-x86_64 0.9.9.5 8.97 71.41 80.38 OK
r-patched-solaris-x86 0.9.9.5 168.40 OK
r-release-linux-x86_64 0.9.9.5 0.57 2.21 2.78 ERROR
r-release-macos-x86_64 0.9.9.5 OK
r-release-windows-ix86+x86_64 0.9.9.5 38.00 157.00 195.00 OK
r-oldrel-macos-x86_64 0.9.9.5 OK
r-oldrel-windows-ix86+x86_64 0.9.9.5 24.00 100.00 124.00 OK

Check Details

Version: 0.9.9.5
Check: package dependencies
Result: ERROR
    Package required but not available: 'tidyr'
    
    See section 'The DESCRIPTION file' in the 'Writing R Extensions'
    manual.
Flavors: r-devel-linux-x86_64-debian-clang, r-release-linux-x86_64