CRAN Package Check Results for Package tidycensus

Last updated on 2022-09-27 14:53:43 CEST.

Flavor Version Tinstall Tcheck Ttotal Status Flags
r-devel-linux-x86_64-debian-clang 1.2.3 17.43 116.95 134.38 OK
r-devel-linux-x86_64-debian-gcc 1.2.3 11.24 86.54 97.78 OK
r-devel-linux-x86_64-fedora-clang 1.2.3 180.89 NOTE
r-devel-linux-x86_64-fedora-gcc 1.2.3 161.37 NOTE
r-devel-windows-x86_64 1.2.3 46.00 171.00 217.00 OK
r-patched-linux-x86_64 1.2.3 14.88 106.06 120.94 OK
r-release-linux-x86_64 1.2.3 16.18 108.34 124.52 OK
r-release-macos-arm64 1.2.3 51.00 NOTE
r-release-macos-x86_64 1.2.3 63.00 NOTE
r-release-windows-x86_64 1.2.3 40.00 171.00 211.00 OK
r-oldrel-macos-arm64 1.2.3 47.00 NOTE
r-oldrel-macos-x86_64 1.2.3 66.00 NOTE
r-oldrel-windows-ix86+x86_64 1.2.3 46.00 160.00 206.00 OK

Check Details

Version: 1.2.3
Check: data for non-ASCII characters
Result: NOTE
     Note: found 2 marked UTF-8 strings
Flavors: r-devel-linux-x86_64-fedora-clang, r-devel-linux-x86_64-fedora-gcc, r-release-macos-arm64, r-release-macos-x86_64, r-oldrel-macos-arm64, r-oldrel-macos-x86_64