CRAN Package Check Results for Package tidycensus

Last updated on 2023-01-29 20:51:42 CET.

Flavor Version Tinstall Tcheck Ttotal Status Flags
r-devel-linux-x86_64-debian-clang 1.3.1 11.11 98.22 109.33 OK
r-devel-linux-x86_64-debian-gcc 1.3.1 10.24 73.30 83.54 OK
r-devel-linux-x86_64-fedora-clang 1.3.1 138.18 NOTE
r-devel-linux-x86_64-fedora-gcc 1.3.1 135.60 NOTE
r-devel-windows-x86_64 1.3.1 37.00 138.00 175.00 OK
r-patched-linux-x86_64 1.3.1 12.81 93.14 105.95 OK
r-release-linux-x86_64 1.3.1 12.38 95.49 107.87 OK
r-release-macos-arm64 1.3.1 42.00 OK
r-release-macos-x86_64 1.3.1 55.00 OK
r-release-windows-x86_64 1.3.1 38.00 129.00 167.00 OK
r-oldrel-macos-arm64 1.3.1 42.00 OK
r-oldrel-macos-x86_64 1.3.1 56.00 OK
r-oldrel-windows-ix86+x86_64 1.3.1 36.00 124.00 160.00 OK

Check Details

Version: 1.3.1
Check: data for non-ASCII characters
Result: NOTE
     Note: found 2 marked UTF-8 strings
Flavors: r-devel-linux-x86_64-fedora-clang, r-devel-linux-x86_64-fedora-gcc