CRAN Package Check Results for Package tidycells

Last updated on 2019-12-14 03:49:14 CET.

Flavor Version Tinstall Tcheck Ttotal Status Flags
r-devel-linux-x86_64-debian-clang 0.2.1 11.88 282.25 294.13 OK
r-devel-linux-x86_64-debian-gcc 0.2.1 8.44 205.30 213.74 ERROR
r-devel-linux-x86_64-fedora-clang 0.2.1 329.77 OK
r-devel-linux-x86_64-fedora-gcc 0.2.1 309.79 OK
r-devel-windows-ix86+x86_64 0.2.1 21.00 348.00 369.00 OK
r-devel-windows-ix86+x86_64-gcc8 0.2.1 31.00 364.00 395.00 OK
r-patched-linux-x86_64 0.2.1 9.36 248.36 257.72 OK
r-patched-solaris-x86 0.2.1 299.70 OK
r-release-linux-x86_64 0.2.1 8.88 247.21 256.09 OK
r-release-windows-ix86+x86_64 0.2.1 16.00 222.00 238.00 OK
r-release-osx-x86_64 0.2.1 OK
r-oldrel-windows-ix86+x86_64 0.2.1 12.00 264.00 276.00 OK
r-oldrel-osx-x86_64 0.2.1 OK

Check Details

Version: 0.2.1
Check: tests
Result: ERROR
     Running ‘testthat.R’ [121s/160s]
    Running the tests in ‘tests/testthat.R’ failed.
    Complete output:
     > library(testthat)
     > library(tidycells)
     >
     >
     > test_results <- test_check("tidycells")
     Error in .jcall("java/lang/Class", "Ljava/lang/Class;", "forName", cl, :
     RcallMethod: cannot determine object class
     Error in .jcall("java/lang/Class", "Ljava/lang/Class;", "forName", cl, :
     RcallMethod: cannot determine object class
     Error in .jcall("java/lang/Class", "Ljava/lang/Class;", "forName", cl, :
     RcallMethod: cannot determine object class
     Error in .jcall("java/lang/Class", "Ljava/lang/Class;", "forName", cl, :
     RcallMethod: cannot determine object class
     ── 1. Error: read_cells: external packages works (except pdf) (@test-read_cells.
     argument is of length zero
     Backtrace:
     1. dm$fn
     9. purrr::map(., ~read_cells(.x, 1, simplify = FALSE))
     10. tidycells:::.f(.x[[i]], ...)
     12. tidycells:::read_cells.character(.x, 1, simplify = FALSE)
     13. tidycells:::read_cells.read_cell_part(...)
    
     Error in .jcall("java/lang/Class", "Ljava/lang/Class;", "forName", cl, :
     RcallMethod: cannot determine object class
     Error in .jcall("java/lang/Class", "Ljava/lang/Class;", "forName", cl, :
     RcallMethod: cannot determine object class
     Error in .jcall("java/lang/Class", "Ljava/lang/Class;", "forName", cl, :
     RcallMethod: cannot determine object class
     Error in .jcall("java/lang/Class", "Ljava/lang/Class;", "forName", cl, :
     RcallMethod: cannot determine object class
     ── 2. Error: read_cells: external packages works (for pdf) (@test-read_cells.R#2
     no applicable method for 'select_' applied to an object of class "NULL"
     Backtrace:
     1. purrr::map(...)
     9. tidycells:::.f(.x[[i]], ...)
     10. dplyr::select(., value, collated_1, collated_2, collated_3)
     11. dplyr::select_(.data, .dots = compat_as_lazy_dots(...))
     19. purrr::map(...)
     20. tidycells:::.f(.x[[i]], ...)
    
     ══ testthat results ═══════════════════════════════════════════════════════════
     [ OK: 177 | SKIPPED: 2 | WARNINGS: 0 | FAILED: 2 ]
     1. Error: read_cells: external packages works (except pdf) (@test-read_cells.R#147)
     2. Error: read_cells: external packages works (for pdf) (@test-read_cells.R#201)
    
     Error: testthat unit tests failed
     Execution halted
Flavor: r-devel-linux-x86_64-debian-gcc