CRAN Package Check Results for Package tidycat

Last updated on 2022-01-27 19:51:16 CET.

Flavor Version Tinstall Tcheck Ttotal Status Flags
r-devel-linux-x86_64-debian-clang 0.1.2 2.41 49.86 52.27 OK
r-devel-linux-x86_64-debian-gcc 0.1.2 1.77 37.89 39.66 OK
r-devel-linux-x86_64-fedora-clang 0.1.2 62.34 NOTE
r-devel-linux-x86_64-fedora-gcc 0.1.2 50.12 NOTE
r-devel-windows-x86_64-new-UL 0.1.2 17.00 72.00 89.00 OK
r-devel-windows-x86_64-new-TK 0.1.2 NOTE
r-patched-linux-x86_64 0.1.2 1.90 43.84 45.74 OK
r-release-linux-x86_64 0.1.2 2.02 44.53 46.55 OK
r-release-macos-arm64 0.1.2 NOTE
r-release-macos-x86_64 0.1.2 NOTE
r-release-windows-ix86+x86_64 0.1.2 5.00 59.00 64.00 OK
r-oldrel-macos-x86_64 0.1.2 NOTE
r-oldrel-windows-ix86+x86_64 0.1.2 5.00 57.00 62.00 OK

Check Details

Version: 0.1.2
Check: dependencies in R code
Result: NOTE
    Namespace in Imports field not imported from: ‘tidyr’
     All declared Imports should be used.
Flavors: r-devel-linux-x86_64-fedora-clang, r-devel-linux-x86_64-fedora-gcc, r-devel-windows-x86_64-new-TK, r-release-macos-arm64, r-release-macos-x86_64, r-oldrel-macos-x86_64