Last updated on 2022-05-22 04:49:25 CEST.
Flavor | Version | Tinstall | Tcheck | Ttotal | Status | Flags |
---|---|---|---|---|---|---|
r-devel-linux-x86_64-debian-clang | 0.1.0 | 2.67 | 51.74 | 54.41 | OK | |
r-devel-linux-x86_64-debian-gcc | 0.1.0 | 2.24 | 39.14 | 41.38 | OK | |
r-devel-linux-x86_64-fedora-clang | 0.1.0 | 67.01 | NOTE | |||
r-devel-linux-x86_64-fedora-gcc | 0.1.0 | 64.23 | NOTE | |||
r-devel-windows-x86_64 | 0.1.0 | 19.00 | 77.00 | 96.00 | OK | |
r-patched-linux-x86_64 | 0.1.0 | 2.83 | 48.77 | 51.60 | OK | |
r-release-linux-x86_64 | 0.1.0 | 2.48 | 48.72 | 51.20 | OK | |
r-release-macos-arm64 | 0.1.0 | 22.00 | NOTE | |||
r-release-macos-x86_64 | 0.1.0 | 36.00 | NOTE | |||
r-release-windows-x86_64 | 0.1.0 | 18.00 | 76.00 | 94.00 | OK | |
r-oldrel-macos-arm64 | 0.1.0 | 26.00 | NOTE | |||
r-oldrel-macos-x86_64 | 0.1.0 | 32.00 | NOTE | |||
r-oldrel-windows-ix86+x86_64 | 0.1.0 | 11.00 | 67.00 | 78.00 | OK |
Version: 0.1.0
Check: dependencies in R code
Result: NOTE
Namespaces in Imports field not imported from:
‘badger’ ‘ggplot2’ ‘lubridate’ ‘scales’ ‘xgboost’
All declared Imports should be used.
Flavors: r-devel-linux-x86_64-fedora-clang, r-devel-linux-x86_64-fedora-gcc, r-release-macos-arm64, r-release-macos-x86_64, r-oldrel-macos-arm64, r-oldrel-macos-x86_64