CRAN Package Check Results for Package tidyUSDA

Last updated on 2021-07-25 23:00:33 CEST.

Flavor Version Tinstall Tcheck Ttotal Status Flags
r-devel-linux-x86_64-debian-clang 0.3.1 0.40 3.07 3.47 ERROR
r-devel-linux-x86_64-debian-gcc 0.3.1 0.38 2.28 2.66 ERROR
r-devel-linux-x86_64-fedora-clang 0.3.1 11.83 ERROR
r-devel-windows-x86_64 0.3.1 7.00 73.00 80.00 OK
r-devel-windows-x86_64-gcc10-UCRT 0.3.1 NOTE
r-patched-linux-x86_64 0.3.1 3.43 38.20 41.63 OK
r-patched-solaris-x86 0.3.1 61.10 WARN
r-release-linux-x86_64 0.3.1 3.22 28.33 31.55 WARN
r-release-macos-arm64 0.3.1 NOTE
r-release-macos-x86_64 0.3.1 NOTE
r-release-windows-ix86+x86_64 0.3.1 9.00 65.00 74.00 OK
r-oldrel-macos-x86_64 0.3.1 NOTE
r-oldrel-windows-ix86+x86_64 0.3.1 12.00 69.00 81.00 OK

Check Details

Version: 0.3.1
Check: package dependencies
Result: ERROR
    Package required but not available: 'fuzzyjoin'
    
    See section 'The DESCRIPTION file' in the 'Writing R Extensions'
    manual.
Flavors: r-devel-linux-x86_64-debian-clang, r-devel-linux-x86_64-debian-gcc, r-devel-linux-x86_64-fedora-clang

Version: 0.3.1
Check: dependencies in R code
Result: NOTE
    Namespaces in Imports field not imported from:
     'brio' 'curl' 'diffobj' 'gitcreds' 'keyring' 'nlme' 'rgdal' 'stringi'
     'usethis' 'waldo'
     All declared Imports should be used.
Flavors: r-devel-windows-x86_64-gcc10-UCRT, r-patched-solaris-x86, r-release-macos-arm64, r-release-macos-x86_64, r-oldrel-macos-x86_64

Version: 0.3.1
Check: re-building of vignette outputs
Result: WARN
    Error(s) in re-building vignettes:
     ...
    --- re-building ‘using_tidyusda.Rmd’ using rmarkdown
    Warning in engine$weave(file, quiet = quiet, encoding = enc) :
     Pandoc (>= 1.12.3) not available. Falling back to R Markdown v1.
    Quitting from lines 72-89 (using_tidyusda.Rmd)
    Error: processing vignette 'using_tidyusda.Rmd' failed with diagnostics:
    lexical error: invalid char in json text.
     <!DOCTYPE html PUBLIC "-//W3C//
     (right here) ------^
    
    --- failed re-building ‘using_tidyusda.Rmd’
    
    SUMMARY: processing the following file failed:
     ‘using_tidyusda.Rmd’
    
    Error: Vignette re-building failed.
    Execution halted
Flavor: r-patched-solaris-x86

Version: 0.3.1
Check: re-building of vignette outputs
Result: WARN
    Error(s) in re-building vignettes:
     ...
    --- re-building ‘using_tidyusda.Rmd’ using rmarkdown
    Quitting from lines 72-89 (using_tidyusda.Rmd)
    Error: processing vignette 'using_tidyusda.Rmd' failed with diagnostics:
    GnuTLS recv error (-110): The TLS connection was non-properly terminated.
    --- failed re-building ‘using_tidyusda.Rmd’
    
    SUMMARY: processing the following file failed:
     ‘using_tidyusda.Rmd’
    
    Error: Vignette re-building failed.
    Execution halted
Flavor: r-release-linux-x86_64