Last updated on 2023-12-08 18:55:52 CET.
Flavor | Version | Tinstall | Tcheck | Ttotal | Status | Flags |
---|---|---|---|---|---|---|
r-devel-linux-x86_64-debian-clang | 0.1.2 | 15.97 | 185.34 | 201.31 | OK | |
r-devel-linux-x86_64-debian-gcc | 0.1.2 | 13.86 | 142.44 | 156.30 | OK | |
r-devel-linux-x86_64-fedora-clang | 0.1.2 | 253.77 | OK | |||
r-devel-linux-x86_64-fedora-gcc | 0.1.2 | 245.60 | OK | |||
r-devel-windows-x86_64 | 0.1.2 | 14.00 | 170.00 | 184.00 | OK | |
r-patched-linux-x86_64 | 0.1.2 | 14.85 | 180.05 | 194.90 | OK | |
r-release-linux-x86_64 | 0.1.2 | 12.54 | 177.85 | 190.39 | OK | |
r-release-macos-arm64 | 0.1.2 | 76.00 | OK | |||
r-release-macos-x86_64 | 0.1.2 | 170.00 | OK | |||
r-release-windows-x86_64 | 0.1.2 | 20.00 | 196.00 | 216.00 | OK | |
r-oldrel-macos-arm64 | 0.1.2 | 84.00 | WARN | |||
r-oldrel-macos-x86_64 | 0.1.2 | 113.00 | WARN | |||
r-oldrel-windows-x86_64 | 0.1.2 | 20.00 | 191.00 | 211.00 | WARN |
Version: 0.1.2
Check: S3 generic/method consistency
Result: WARN
Warning: declared S3 method 'filter.edsurvey.data.frame' not found
See section ‘Generic functions and methods’ in the ‘Writing R
Extensions’ manual.
Flavors: r-oldrel-macos-arm64, r-oldrel-macos-x86_64, r-oldrel-windows-x86_64