CRAN Package Check Results for Package tictoc

Last updated on 2020-06-04 15:49:25 CEST.

Flavor Version Tinstall Tcheck Ttotal Status Flags
r-devel-linux-x86_64-debian-clang 1.0 2.07 21.12 23.19 NOTE
r-devel-linux-x86_64-debian-gcc 1.0 1.57 17.12 18.69 NOTE
r-devel-linux-x86_64-fedora-clang 1.0 38.05 NOTE
r-devel-linux-x86_64-fedora-gcc 1.0 27.91 NOTE
r-devel-windows-ix86+x86_64 1.0 7.00 48.00 55.00 NOTE
r-patched-linux-x86_64 1.0 2.22 21.26 23.48 NOTE
r-patched-solaris-x86 1.0 44.50 NOTE
r-release-linux-x86_64 1.0 1.94 21.18 23.12 NOTE
r-release-osx-x86_64 1.0 NOTE
r-release-windows-ix86+x86_64 1.0 4.00 46.00 50.00 NOTE
r-oldrel-osx-x86_64 1.0 NOTE
r-oldrel-windows-ix86+x86_64 1.0 5.00 45.00 50.00 NOTE

Check Details

Version: 1.0
Check: DESCRIPTION meta-information
Result: NOTE
    Malformed Title field: should not end in a period.
Flavors: r-devel-linux-x86_64-debian-clang, r-devel-linux-x86_64-debian-gcc, r-devel-linux-x86_64-fedora-clang, r-devel-linux-x86_64-fedora-gcc, r-devel-windows-ix86+x86_64, r-patched-linux-x86_64, r-patched-solaris-x86, r-release-linux-x86_64, r-release-osx-x86_64, r-release-windows-ix86+x86_64, r-oldrel-osx-x86_64, r-oldrel-windows-ix86+x86_64