CRAN Package Check Results for Package tictoc

Last updated on 2019-07-23 08:49:42 CEST.

Flavor Version Tinstall Tcheck Ttotal Status Flags
r-devel-linux-x86_64-debian-clang 1.0 1.72 19.91 21.63 NOTE
r-devel-linux-x86_64-debian-gcc 1.0 1.29 16.47 17.76 NOTE
r-devel-linux-x86_64-fedora-clang 1.0 27.34 NOTE
r-devel-linux-x86_64-fedora-gcc 1.0 30.99 NOTE
r-devel-windows-ix86+x86_64 1.0 4.00 33.00 37.00 NOTE
r-patched-linux-x86_64 1.0 1.67 20.13 21.80 NOTE
r-patched-solaris-x86 1.0 44.30 NOTE
r-release-linux-x86_64 1.0 1.67 19.85 21.52 NOTE
r-release-windows-ix86+x86_64 1.0 5.00 45.00 50.00 NOTE
r-release-osx-x86_64 1.0 NOTE
r-oldrel-windows-ix86+x86_64 1.0 2.00 34.00 36.00 NOTE
r-oldrel-osx-x86_64 1.0 NOTE

Check Details

Version: 1.0
Check: DESCRIPTION meta-information
Result: NOTE
    Malformed Title field: should not end in a period.
Flavors: r-devel-linux-x86_64-debian-clang, r-devel-linux-x86_64-debian-gcc, r-devel-linux-x86_64-fedora-clang, r-devel-linux-x86_64-fedora-gcc, r-devel-windows-ix86+x86_64, r-patched-linux-x86_64, r-patched-solaris-x86, r-release-linux-x86_64, r-release-windows-ix86+x86_64, r-release-osx-x86_64, r-oldrel-windows-ix86+x86_64, r-oldrel-osx-x86_64