CRAN Package Check Results for Package tictoc

Last updated on 2019-05-21 20:47:43 CEST.

Flavor Version Tinstall Tcheck Ttotal Status Flags
r-devel-linux-x86_64-debian-clang 1.0 1.63 19.70 21.33 NOTE
r-devel-linux-x86_64-debian-gcc 1.0 1.27 16.08 17.35 NOTE
r-devel-linux-x86_64-fedora-clang 1.0 27.03 NOTE
r-devel-linux-x86_64-fedora-gcc 1.0 24.96 NOTE
r-devel-windows-ix86+x86_64 1.0 5.00 33.00 38.00 NOTE
r-patched-linux-x86_64 1.0 1.59 20.26 21.85 NOTE
r-patched-solaris-x86 1.0 42.00 NOTE
r-release-linux-x86_64 1.0 1.72 20.10 21.82 NOTE
r-release-windows-ix86+x86_64 1.0 6.00 29.00 35.00 NOTE
r-release-osx-x86_64 1.0 NOTE
r-oldrel-windows-ix86+x86_64 1.0 2.00 34.00 36.00 NOTE
r-oldrel-osx-x86_64 1.0 NOTE

Check Details

Version: 1.0
Check: DESCRIPTION meta-information
Result: NOTE
    Malformed Title field: should not end in a period.
Flavors: r-devel-linux-x86_64-debian-clang, r-devel-linux-x86_64-debian-gcc, r-devel-linux-x86_64-fedora-clang, r-devel-linux-x86_64-fedora-gcc, r-devel-windows-ix86+x86_64, r-patched-linux-x86_64, r-patched-solaris-x86, r-release-linux-x86_64, r-release-windows-ix86+x86_64, r-release-osx-x86_64, r-oldrel-windows-ix86+x86_64, r-oldrel-osx-x86_64