CRAN Package Check Results for Package threesixtygiving

Last updated on 2022-11-28 04:54:55 CET.

Flavor Version Tinstall Tcheck Ttotal Status Flags
r-devel-linux-x86_64-debian-clang 0.2.2 7.95 71.99 79.94 NOTE
r-devel-linux-x86_64-debian-gcc 0.2.2 6.37 54.38 60.75 NOTE
r-devel-linux-x86_64-fedora-clang 0.2.2 108.97 NOTE
r-devel-linux-x86_64-fedora-gcc 0.2.2 106.87 NOTE
r-devel-windows-x86_64 0.2.2 53.00 104.00 157.00 NOTE
r-patched-linux-x86_64 0.2.2 7.97 68.21 76.18 NOTE
r-release-linux-x86_64 0.2.2 6.46 69.09 75.55 NOTE
r-release-macos-arm64 0.2.2 31.00 NOTE
r-release-macos-x86_64 0.2.2 53.00 NOTE
r-release-windows-x86_64 0.2.2 61.00 108.00 169.00 NOTE
r-oldrel-macos-arm64 0.2.2 35.00 NOTE
r-oldrel-macos-x86_64 0.2.2 56.00 NOTE
r-oldrel-windows-ix86+x86_64 0.2.2 19.00 135.00 154.00 NOTE

Check Details

Version: 0.2.2
Check: LazyData
Result: NOTE
     'LazyData' is specified without a 'data' directory
Flavors: r-devel-linux-x86_64-debian-clang, r-devel-linux-x86_64-debian-gcc, r-devel-linux-x86_64-fedora-clang, r-devel-linux-x86_64-fedora-gcc, r-devel-windows-x86_64, r-patched-linux-x86_64, r-release-linux-x86_64, r-release-macos-arm64, r-release-macos-x86_64, r-release-windows-x86_64, r-oldrel-macos-arm64, r-oldrel-macos-x86_64, r-oldrel-windows-ix86+x86_64