CRAN Package Check Results for Package threeBrain

Last updated on 2022-05-22 04:49:25 CEST.

Flavor Version Tinstall Tcheck Ttotal Status Flags
r-devel-linux-x86_64-debian-clang 0.2.4 21.46 76.87 98.33 OK
r-devel-linux-x86_64-debian-gcc 0.2.4 20.09 58.45 78.54 OK
r-devel-linux-x86_64-fedora-clang 0.2.4 119.16 NOTE
r-devel-linux-x86_64-fedora-gcc 0.2.4 126.58 OK
r-devel-windows-x86_64 0.2.4 91.00 110.00 201.00 NOTE
r-patched-linux-x86_64 0.2.4 19.79 72.99 92.78 OK
r-release-linux-x86_64 0.2.4 17.81 73.78 91.59 OK
r-release-macos-arm64 0.2.4 43.00 NOTE
r-release-macos-x86_64 0.2.4 70.00 NOTE
r-release-windows-x86_64 0.2.4 103.00 114.00 217.00 NOTE
r-oldrel-macos-arm64 0.2.4 38.00 NOTE
r-oldrel-macos-x86_64 0.2.4 49.00 NOTE
r-oldrel-windows-ix86+x86_64 0.2.4 40.00 96.00 136.00 NOTE

Check Details

Version: 0.2.4
Check: installed package size
Result: NOTE
     installed size is 5.4Mb
     sub-directories of 1Mb or more:
     doc 1.7Mb
     htmlwidgets 2.3Mb
Flavors: r-devel-linux-x86_64-fedora-clang, r-devel-windows-x86_64, r-release-macos-arm64, r-release-macos-x86_64, r-release-windows-x86_64, r-oldrel-macos-arm64, r-oldrel-macos-x86_64, r-oldrel-windows-ix86+x86_64