CRAN Package Check Results for Package thorn

Last updated on 2022-05-22 17:50:54 CEST.

Flavor Version Tinstall Tcheck Ttotal Status Flags
r-devel-linux-x86_64-debian-clang 0.2.0 2.42 35.45 37.87 NOTE
r-devel-linux-x86_64-debian-gcc 0.2.0 1.94 28.20 30.14 NOTE
r-devel-linux-x86_64-fedora-clang 0.2.0 46.60 NOTE
r-devel-linux-x86_64-fedora-gcc 0.2.0 45.44 NOTE
r-devel-windows-x86_64 0.2.0 9.00 52.00 61.00 NOTE
r-patched-linux-x86_64 0.2.0 2.38 34.71 37.09 NOTE
r-release-linux-x86_64 0.2.0 2.56 34.91 37.47 NOTE
r-release-macos-arm64 0.2.0 17.00 NOTE
r-release-macos-x86_64 0.2.0 22.00 NOTE
r-release-windows-x86_64 0.2.0 19.00 52.00 71.00 NOTE
r-oldrel-macos-arm64 0.2.0 20.00 NOTE
r-oldrel-macos-x86_64 0.2.0 26.00 NOTE
r-oldrel-windows-ix86+x86_64 0.2.0 6.00 45.00 51.00 NOTE

Check Details

Version: 0.2.0
Check: LazyData
Result: NOTE
     'LazyData' is specified without a 'data' directory
Flavors: r-devel-linux-x86_64-debian-clang, r-devel-linux-x86_64-debian-gcc, r-devel-linux-x86_64-fedora-clang, r-devel-linux-x86_64-fedora-gcc, r-devel-windows-x86_64, r-patched-linux-x86_64, r-release-linux-x86_64, r-release-macos-arm64, r-release-macos-x86_64, r-release-windows-x86_64, r-oldrel-macos-arm64, r-oldrel-macos-x86_64, r-oldrel-windows-ix86+x86_64