CRAN Package Check Results for Package thinkr

Last updated on 2018-12-17 04:50:36 CET.

Flavor Version Tinstall Tcheck Ttotal Status Flags
r-devel-linux-x86_64-debian-clang 0.13 5.16 3.32 8.48 ERROR
r-devel-linux-x86_64-debian-gcc 0.13 4.86 1.83 6.69 ERROR
r-devel-linux-x86_64-fedora-clang 0.13 81.83 OK
r-devel-linux-x86_64-fedora-gcc 0.13 78.89 OK
r-devel-windows-ix86+x86_64 0.13 16.00 111.00 127.00 OK
r-patched-linux-x86_64 0.13 5.10 62.24 67.34 OK
r-patched-solaris-x86 0.13 115.70 OK
r-release-linux-x86_64 0.13 6.18 62.63 68.81 OK
r-release-windows-ix86+x86_64 0.13 15.00 126.00 141.00 OK
r-release-osx-x86_64 0.13 OK
r-oldrel-windows-ix86+x86_64 0.13 18.00 121.00 139.00 OK
r-oldrel-osx-x86_64 0.13 OK

Check Details

Version: 0.13
Check: whether the package can be loaded
Result: ERROR
    Loading this package had a fatal error status code 1
    Loading log:
    Error: package or namespace load failed for ‘thinkr’ in dyn.load(file, DLLpath = DLLpath, ...):
     unable to load shared object ‘/home/hornik/tmp/R.check/r-devel-clang/Work/build/Packages/Rcpp/libs/Rcpp.so’:
     /home/hornik/tmp/R.check/r-devel-clang/Work/build/Packages/Rcpp/libs/Rcpp.so: failed to map segment from shared object
    Execution halted
Flavor: r-devel-linux-x86_64-debian-clang

Version: 0.13
Check: whether the package can be loaded
Result: ERROR
    Loading this package had a fatal error status code 1
    Loading log:
    Error: package or namespace load failed for ‘thinkr’ in dyn.load(file, DLLpath = DLLpath, ...):
     unable to load shared object ‘/home/hornik/tmp/R.check/r-devel-gcc/Work/build/Packages/Rcpp/libs/Rcpp.so’:
     /home/hornik/tmp/R.check/r-devel-gcc/Work/build/Packages/Rcpp/libs/Rcpp.so: failed to map segment from shared object
    Execution halted
Flavor: r-devel-linux-x86_64-debian-gcc