CRAN Package Check Results for Package thinkr

Last updated on 2019-03-19 23:51:20 CET.

Flavor Version Tinstall Tcheck Ttotal Status Flags
r-devel-linux-x86_64-debian-clang 0.13 8.62 68.47 77.09 OK
r-devel-linux-x86_64-debian-gcc 0.13 7.05 51.29 58.34 OK
r-devel-linux-x86_64-fedora-clang 0.13 90.56 OK
r-devel-linux-x86_64-fedora-gcc 0.13 97.42 OK
r-devel-windows-ix86+x86_64 0.13 28.00 126.00 154.00 OK
r-patched-linux-x86_64 0.13 5.00 62.69 67.69 OK
r-patched-solaris-x86 0.13 3.50 ERROR
r-release-linux-x86_64 0.13 5.56 62.93 68.49 OK
r-release-windows-ix86+x86_64 0.13 10.00 80.00 90.00 OK
r-release-osx-x86_64 0.13 OK
r-oldrel-windows-ix86+x86_64 0.13 22.00 124.00 146.00 OK
r-oldrel-osx-x86_64 0.13 OK

Check Details

Version: 0.13
Check: package dependencies
Result: ERROR
    Package required but not available: ‘devtools’
    
    See section ‘The DESCRIPTION file’ in the ‘Writing R Extensions’
    manual.
Flavor: r-patched-solaris-x86