CRAN Package Check Results for Package tgp

Last updated on 2022-08-14 17:51:41 CEST.

Flavor Version Tinstall Tcheck Ttotal Status Flags
r-devel-linux-x86_64-debian-clang 2.4-18 36.39 59.79 96.18 NOTE --no-vignettes
r-devel-linux-x86_64-debian-gcc 2.4-18 25.60 45.07 70.67 NOTE --no-vignettes
r-devel-linux-x86_64-fedora-clang 2.4-18 142.82 NOTE --no-vignettes
r-devel-linux-x86_64-fedora-gcc 2.4-18 127.64 NOTE --no-vignettes
r-devel-windows-x86_64 2.4-18 65.00 68.00 133.00 NOTE --no-examples --no-tests --no-vignettes
r-patched-linux-x86_64 2.4-18 31.80 56.08 87.88 OK --no-vignettes
r-release-linux-x86_64 2.4-18 28.85 56.52 85.37 OK --no-vignettes
r-release-macos-arm64 2.4-18 35.00 NOTE --no-vignettes
r-release-macos-x86_64 2.4-18 48.00 OK --no-vignettes
r-release-windows-x86_64 2.4-18 61.00 66.00 127.00 OK --no-examples --no-tests --no-vignettes
r-oldrel-macos-arm64 2.4-18 36.00 NOTE --no-vignettes
r-oldrel-macos-x86_64 2.4-18 51.00 OK --no-vignettes
r-oldrel-windows-ix86+x86_64 2.4-18 95.00 74.00 169.00 NOTE --no-examples --no-tests --no-vignettes

Check Details

Version: 2.4-18
Flags: --no-vignettes
Check: Rd files
Result: NOTE
    checkRd: (-1) btgp.Rd:2: Escaped LaTeX specials: \&
    checkRd: (-1) btgp.Rd:382: Escaped LaTeX specials: \&
    checkRd: (-1) btgp.Rd:387: Escaped LaTeX specials: \&
    checkRd: (-1) default.itemps.Rd:34: Escaped LaTeX specials: \&
    checkRd: (-1) default.itemps.Rd:115: Escaped LaTeX specials: \&
    checkRd: (-1) friedman.1.data.Rd:82: Escaped LaTeX specials: \&
    checkRd: (-1) tgp.design.Rd:75: Escaped LaTeX specials: \&
    checkRd: (-1) tgp.design.Rd:77: Escaped LaTeX specials: \&
Flavors: r-devel-linux-x86_64-debian-clang, r-devel-linux-x86_64-debian-gcc, r-devel-linux-x86_64-fedora-clang, r-devel-linux-x86_64-fedora-gcc

Version: 2.4-18
Flags: --no-vignettes
Check: HTML version of manual
Result: NOTE
    Found the following math rendering problems:
    btgp.Rd:66: Undefined control sequence: \boldmath in ...thbf{X}) \mbox{\boldmath $\beta$} + W(\m...
    tgp.default.params.Rd:20: Undefined control sequence: \boldmath in ...thbf{X}) \mbox{\boldmath $\beta$} + W(\m...
    tgp.default.params.Rd:51-52: Undefined control sequence: \boldmath in \mbox{\boldmath
     $\beta$}
Flavors: r-devel-linux-x86_64-debian-clang, r-devel-linux-x86_64-debian-gcc, r-devel-linux-x86_64-fedora-gcc

Version: 2.4-18
Flags: --no-vignettes
Check: Rd cross-references
Result: NOTE
    Undeclared package ‘akima’ in Rd xrefs
Flavor: r-devel-linux-x86_64-fedora-clang

Version: 2.4-18
Flags: --no-examples --no-tests --no-vignettes
Check: Rd files
Result: NOTE
    checkRd: (-1) btgp.Rd:2: Escaped LaTeX specials: \&
    checkRd: (-1) btgp.Rd:382: Escaped LaTeX specials: \&
    checkRd: (-1) btgp.Rd:387: Escaped LaTeX specials: \&
    checkRd: (-1) default.itemps.Rd:34: Escaped LaTeX specials: \&
    checkRd: (-1) default.itemps.Rd:115: Escaped LaTeX specials: \&
    checkRd: (-1) friedman.1.data.Rd:82: Escaped LaTeX specials: \&
    checkRd: (-1) tgp.design.Rd:75: Escaped LaTeX specials: \&
    checkRd: (-1) tgp.design.Rd:77: Escaped LaTeX specials: \&
Flavor: r-devel-windows-x86_64

Version: 2.4-18
Flags: --no-vignettes
Check: installed package size
Result: NOTE
     installed size is 5.0Mb
     sub-directories of 1Mb or more:
     doc 2.7Mb
     libs 1.8Mb
Flavors: r-release-macos-arm64, r-oldrel-macos-arm64

Version: 2.4-18
Flags: --no-examples --no-tests --no-vignettes
Check: installed package size
Result: NOTE
     installed size is 5.4Mb
     sub-directories of 1Mb or more:
     doc 2.7Mb
     libs 2.2Mb
Flavor: r-oldrel-windows-ix86+x86_64