Last updated on 2019-12-14 03:49:14 CET.
Flavor | Version | Tinstall | Tcheck | Ttotal | Status | Flags |
---|---|---|---|---|---|---|
r-devel-linux-x86_64-debian-clang | 2015.12-1 | 2.61 | 26.67 | 29.28 | NOTE | |
r-devel-linux-x86_64-debian-gcc | 2015.12-1 | 2.15 | 21.52 | 23.67 | NOTE | |
r-devel-linux-x86_64-fedora-clang | 2015.12-1 | 36.96 | NOTE | |||
r-devel-linux-x86_64-fedora-gcc | 2015.12-1 | 37.38 | NOTE | |||
r-devel-windows-ix86+x86_64 | 2015.12-1 | 5.00 | 51.00 | 56.00 | OK | |
r-devel-windows-ix86+x86_64-gcc8 | 2015.12-1 | 5.00 | 56.00 | 61.00 | OK | |
r-patched-linux-x86_64 | 2015.12-1 | 2.18 | 25.24 | 27.42 | OK | |
r-patched-solaris-x86 | 2015.12-1 | 50.80 | OK | |||
r-release-linux-x86_64 | 2015.12-1 | 2.22 | 25.09 | 27.31 | OK | |
r-release-windows-ix86+x86_64 | 2015.12-1 | 6.00 | 40.00 | 46.00 | OK | |
r-release-osx-x86_64 | 2015.12-1 | OK | ||||
r-oldrel-windows-ix86+x86_64 | 2015.12-1 | 3.00 | 40.00 | 43.00 | OK | |
r-oldrel-osx-x86_64 | 2015.12-1 | OK |
Version: 2015.12-1
Check: for non-standard things in the check directory
Result: NOTE
Found the following files/directories:
'tmp.test.data.csv'
Flavors: r-devel-linux-x86_64-debian-clang, r-devel-linux-x86_64-debian-gcc, r-devel-linux-x86_64-fedora-clang, r-devel-linux-x86_64-fedora-gcc