CRAN Package Check Results for Package textrecipes

Last updated on 2022-11-28 20:51:00 CET.

Flavor Version Tinstall Tcheck Ttotal Status Flags
r-devel-linux-x86_64-debian-clang 1.0.1 33.74 239.65 273.39 OK
r-devel-linux-x86_64-debian-gcc 1.0.1 24.72 175.80 200.52 OK
r-devel-linux-x86_64-fedora-clang 1.0.1 344.82 NOTE
r-devel-linux-x86_64-fedora-gcc 1.0.1 333.97 NOTE
r-devel-windows-x86_64 1.0.1 95.00 285.00 380.00 OK
r-patched-linux-x86_64 1.0.1 34.83 220.02 254.85 OK
r-release-linux-x86_64 1.0.1 22.92 213.75 236.67 OK
r-release-macos-arm64 1.0.1 87.00 NOTE
r-release-macos-x86_64 1.0.1 116.00 NOTE
r-release-windows-x86_64 1.0.1 41.00 286.00 327.00 OK
r-oldrel-macos-arm64 1.0.1 90.00 NOTE
r-oldrel-macos-x86_64 1.0.1 119.00 NOTE
r-oldrel-windows-ix86+x86_64 1.0.1 80.00 391.00 471.00 OK

Check Details

Version: 1.0.1
Check: data for non-ASCII characters
Result: NOTE
     Note: found 4 marked UTF-8 strings
Flavors: r-devel-linux-x86_64-fedora-clang, r-devel-linux-x86_64-fedora-gcc, r-release-macos-arm64, r-release-macos-x86_64, r-oldrel-macos-arm64, r-oldrel-macos-x86_64