Last updated on 2023-06-07 16:55:45 CEST.
Flavor | Version | Tinstall | Tcheck | Ttotal | Status | Flags |
---|---|---|---|---|---|---|
r-devel-linux-x86_64-debian-clang | 1.0.3 | 24.35 | 233.13 | 257.48 | OK | |
r-devel-linux-x86_64-debian-gcc | 1.0.3 | 20.12 | 174.90 | 195.02 | OK | |
r-devel-linux-x86_64-fedora-clang | 1.0.3 | 170.45 | NOTE | |||
r-devel-linux-x86_64-fedora-gcc | 1.0.3 | 316.27 | NOTE | |||
r-devel-windows-x86_64 | 1.0.3 | 22.00 | 189.00 | 211.00 | OK | |
r-patched-linux-x86_64 | 1.0.3 | 26.93 | 219.55 | 246.48 | OK | |
r-release-linux-x86_64 | 1.0.3 | 15.33 | 217.85 | 233.18 | OK | |
r-release-macos-arm64 | 1.0.3 | 101.00 | OK | |||
r-release-macos-x86_64 | 1.0.3 | 281.00 | OK | |||
r-release-windows-x86_64 | 1.0.3 | 28.00 | 240.00 | 268.00 | OK | |
r-oldrel-macos-arm64 | 1.0.3 | 81.00 | OK | |||
r-oldrel-macos-x86_64 | 1.0.3 | 117.00 | OK | |||
r-oldrel-windows-x86_64 | 1.0.3 | 28.00 | 232.00 | 260.00 | OK |
Version: 1.0.3
Check: data for non-ASCII characters
Result: NOTE
Note: found 4 marked UTF-8 strings
Flavors: r-devel-linux-x86_64-fedora-clang, r-devel-linux-x86_64-fedora-gcc