CRAN Package Check Results for Package textmineR

Last updated on 2020-10-21 17:50:55 CEST.

Flavor Version Tinstall Tcheck Ttotal Status Flags
r-devel-linux-x86_64-debian-clang 3.0.4 114.69 113.84 228.53 OK --no-vignettes
r-devel-linux-x86_64-debian-gcc 3.0.4 80.59 88.38 168.97 OK --no-vignettes
r-devel-linux-x86_64-fedora-clang 3.0.4 630.31 NOTE
r-devel-linux-x86_64-fedora-gcc 3.0.4 625.87 OK
r-devel-windows-ix86+x86_64 3.0.4 246.00 653.00 899.00 OK
r-patched-linux-x86_64 3.0.4 98.51 106.10 204.61 OK --no-vignettes
r-patched-solaris-x86 3.0.4 698.60 OK
r-release-linux-x86_64 3.0.4 100.35 110.65 211.00 OK --no-vignettes
r-release-macos-x86_64 3.0.4 NOTE
r-release-windows-ix86+x86_64 3.0.4 221.00 531.00 752.00 OK
r-oldrel-macos-x86_64 3.0.4 NOTE
r-oldrel-windows-ix86+x86_64 3.0.4 235.00 660.00 895.00 OK

Check Details

Version: 3.0.4
Check: installed package size
Result: NOTE
     installed size is 5.7Mb
     sub-directories of 1Mb or more:
     libs 3.9Mb
Flavors: r-devel-linux-x86_64-fedora-clang, r-release-macos-x86_64, r-oldrel-macos-x86_64

Version: 3.0.4
Check: Rd cross-references
Result: NOTE
    Undeclared package ‘tm’ in Rd xrefs
Flavor: r-devel-linux-x86_64-fedora-clang