CRAN Package Check Results for Package textmineR

Last updated on 2019-08-24 04:47:10 CEST.

Flavor Version Tinstall Tcheck Ttotal Status Flags
r-devel-linux-x86_64-debian-clang 3.0.4 88.59 96.21 184.80 OK --no-vignettes
r-devel-linux-x86_64-debian-gcc 3.0.4 71.12 75.22 146.34 OK --no-vignettes
r-devel-linux-x86_64-fedora-clang 3.0.4 556.70 NOTE
r-devel-linux-x86_64-fedora-gcc 3.0.4 545.95 OK
r-devel-windows-ix86+x86_64 3.0.4 178.00 562.00 740.00 OK
r-patched-linux-x86_64 3.0.4 74.74 93.62 168.36 OK --no-vignettes
r-patched-solaris-x86 3.0.4 653.50 OK
r-release-linux-x86_64 3.0.4 74.33 94.60 168.93 OK --no-vignettes
r-release-windows-ix86+x86_64 3.0.4 266.00 503.00 769.00 OK
r-release-osx-x86_64 3.0.4 NOTE
r-oldrel-windows-ix86+x86_64 3.0.4 233.00 672.00 905.00 OK
r-oldrel-osx-x86_64 3.0.4 OK

Check Details

Version: 3.0.4
Check: installed package size
Result: NOTE
     installed size is 5.4Mb
     sub-directories of 1Mb or more:
     libs 3.6Mb
Flavors: r-devel-linux-x86_64-fedora-clang, r-release-osx-x86_64