Last updated on 2022-06-29 14:51:31 CEST.
Flavor | Version | Tinstall | Tcheck | Ttotal | Status | Flags |
---|---|---|---|---|---|---|
r-devel-linux-x86_64-debian-clang | 3.0.5 | 115.78 | 388.87 | 504.65 | OK | |
r-devel-linux-x86_64-debian-gcc | 3.0.5 | 88.49 | 287.26 | 375.75 | OK | |
r-devel-linux-x86_64-fedora-clang | 3.0.5 | 649.47 | WARN | |||
r-devel-linux-x86_64-fedora-gcc | 3.0.5 | 632.06 | WARN | |||
r-devel-windows-x86_64 | 3.0.5 | 117.00 | 520.00 | 637.00 | OK | |
r-patched-linux-x86_64 | 3.0.5 | 92.45 | 381.69 | 474.14 | OK | |
r-release-linux-x86_64 | 3.0.5 | 97.92 | 381.08 | 479.00 | OK | |
r-release-macos-arm64 | 3.0.5 | 180.00 | NOTE | |||
r-release-macos-x86_64 | 3.0.5 | 221.00 | NOTE | |||
r-release-windows-x86_64 | 3.0.5 | 123.00 | 538.00 | 661.00 | OK | |
r-oldrel-macos-arm64 | 3.0.5 | 216.00 | NOTE | |||
r-oldrel-macos-x86_64 | 3.0.5 | 213.00 | NOTE | |||
r-oldrel-windows-ix86+x86_64 | 3.0.5 | 261.00 | 676.00 | 937.00 | OK |
Version: 3.0.5
Check: package dependencies
Result: WARN
Requires orphaned package: ‘gtools’
Flavors: r-devel-linux-x86_64-fedora-clang, r-devel-linux-x86_64-fedora-gcc
Version: 3.0.5
Check: Rd cross-references
Result: NOTE
Undeclared package ‘tm’ in Rd xrefs
Flavor: r-devel-linux-x86_64-fedora-clang
Version: 3.0.5
Check: installed package size
Result: NOTE
installed size is 5.4Mb
sub-directories of 1Mb or more:
libs 3.5Mb
Flavors: r-release-macos-arm64, r-release-macos-x86_64, r-oldrel-macos-arm64, r-oldrel-macos-x86_64