CRAN Package Check Results for Package textmineR

Last updated on 2020-08-13 06:47:46 CEST.

Flavor Version Tinstall Tcheck Ttotal Status Flags
r-devel-linux-x86_64-debian-clang 3.0.4 107.79 109.46 217.25 NOTE --no-vignettes
r-devel-linux-x86_64-debian-gcc 3.0.4 80.71 83.88 164.59 OK --no-vignettes
r-devel-linux-x86_64-fedora-clang 3.0.4 578.77 NOTE
r-devel-linux-x86_64-fedora-gcc 3.0.4 569.59 OK
r-devel-windows-ix86+x86_64 3.0.4 222.00 711.00 933.00 OK
r-patched-linux-x86_64 3.0.4 87.27 106.35 193.62 OK --no-vignettes
r-patched-solaris-x86 3.0.4 699.40 OK
r-release-linux-x86_64 3.0.4 85.06 106.99 192.05 NOTE --no-vignettes
r-release-macos-x86_64 3.0.4 NOTE
r-release-windows-ix86+x86_64 3.0.4 293.00 564.00 857.00 OK
r-oldrel-macos-x86_64 3.0.4 NOTE
r-oldrel-windows-ix86+x86_64 3.0.4 196.00 590.00 786.00 OK

Check Details

Version: 3.0.4
Flags: --no-vignettes
Check: package dependencies
Result: NOTE
    Package suggested but not available for checking: 'tidyr'
Flavors: r-devel-linux-x86_64-debian-clang, r-release-linux-x86_64

Version: 3.0.4
Check: installed package size
Result: NOTE
     installed size is 5.9Mb
     sub-directories of 1Mb or more:
     libs 4.1Mb
Flavors: r-devel-linux-x86_64-fedora-clang, r-release-macos-x86_64, r-oldrel-macos-x86_64

Version: 3.0.4
Check: Rd cross-references
Result: NOTE
    Undeclared package ‘tm’ in Rd xrefs
Flavor: r-devel-linux-x86_64-fedora-clang