CRAN Package Check Results for Package textmineR

Last updated on 2021-10-17 06:49:54 CEST.

Flavor Version Tinstall Tcheck Ttotal Status Flags
r-devel-linux-x86_64-debian-clang 3.0.5 100.21 126.79 227.00 OK --no-vignettes
r-devel-linux-x86_64-debian-gcc 3.0.5 78.74 96.30 175.04 OK --no-vignettes
r-devel-linux-x86_64-fedora-clang 3.0.5 623.37 NOTE
r-devel-linux-x86_64-fedora-gcc 3.0.5 610.69 OK
r-devel-windows-x86_64 3.0.5 135.00 494.00 629.00 OK
r-devel-windows-x86_64-gcc10-UCRT 3.0.5 OK
r-patched-linux-x86_64 3.0.5 91.16 113.78 204.94 OK --no-vignettes
r-patched-solaris-x86 3.0.5 313.50 OK
r-release-linux-x86_64 3.0.5 88.24 112.04 200.28 OK --no-vignettes
r-release-macos-arm64 3.0.5 NOTE
r-release-macos-x86_64 3.0.5 NOTE
r-release-windows-ix86+x86_64 3.0.5 191.00 659.00 850.00 OK
r-oldrel-macos-x86_64 3.0.5 NOTE
r-oldrel-windows-ix86+x86_64 3.0.5 255.00 658.00 913.00 OK

Check Details

Version: 3.0.5
Check: Rd cross-references
Result: NOTE
    Undeclared package ‘tm’ in Rd xrefs
Flavor: r-devel-linux-x86_64-fedora-clang

Version: 3.0.5
Check: installed package size
Result: NOTE
     installed size is 6.1Mb
     sub-directories of 1Mb or more:
     libs 4.2Mb
Flavors: r-release-macos-arm64, r-release-macos-x86_64, r-oldrel-macos-x86_64