CRAN Package Check Results for Package textmineR

Last updated on 2020-06-01 07:48:21 CEST.

Flavor Version Tinstall Tcheck Ttotal Status Flags
r-devel-linux-x86_64-debian-clang 3.0.4 108.79 110.74 219.53 OK --no-vignettes
r-devel-linux-x86_64-debian-gcc 3.0.4 84.50 84.04 168.54 OK --no-vignettes
r-devel-linux-x86_64-fedora-clang 3.0.4 618.58 NOTE
r-devel-linux-x86_64-fedora-gcc 3.0.4 578.87 OK
r-devel-windows-ix86+x86_64 3.0.4 278.00 579.00 857.00 OK
r-patched-linux-x86_64 3.0.4 88.84 105.67 194.51 OK --no-vignettes
r-patched-solaris-x86 3.0.4 712.90 OK
r-release-linux-x86_64 3.0.4 85.82 106.92 192.74 OK --no-vignettes
r-release-osx-x86_64 3.0.4 NOTE
r-release-windows-ix86+x86_64 3.0.4 213.00 858.00 1071.00 OK
r-oldrel-osx-x86_64 3.0.4 NOTE
r-oldrel-windows-ix86+x86_64 3.0.4 212.00 607.00 819.00 OK

Check Details

Version: 3.0.4
Check: installed package size
Result: NOTE
     installed size is 5.9Mb
     sub-directories of 1Mb or more:
     libs 4.1Mb
Flavors: r-devel-linux-x86_64-fedora-clang, r-release-osx-x86_64, r-oldrel-osx-x86_64