CRAN Package Check Results for Package textmineR

Last updated on 2022-11-28 07:50:06 CET.

Flavor Version Tinstall Tcheck Ttotal Status Flags
r-devel-linux-x86_64-debian-clang 3.0.5 121.42 404.37 525.79 OK
r-devel-linux-x86_64-debian-gcc 3.0.5 88.65 295.43 384.08 OK
r-devel-linux-x86_64-fedora-clang 3.0.5 675.70 NOTE
r-devel-linux-x86_64-fedora-gcc 3.0.5 725.33 OK
r-devel-windows-x86_64 3.0.5 111.00 560.00 671.00 OK
r-patched-linux-x86_64 3.0.5 100.16 397.20 497.36 OK
r-release-linux-x86_64 3.0.5 101.72 396.93 498.65 OK
r-release-macos-arm64 3.0.5 180.00 NOTE
r-release-macos-x86_64 3.0.5 221.00 NOTE
r-release-windows-x86_64 3.0.5 123.00 567.00 690.00 OK
r-oldrel-macos-arm64 3.0.5 216.00 NOTE
r-oldrel-macos-x86_64 3.0.5 213.00 NOTE
r-oldrel-windows-ix86+x86_64 3.0.5 261.00 668.00 929.00 OK

Check Details

Version: 3.0.5
Check: Rd cross-references
Result: NOTE
    Undeclared package ‘tm’ in Rd xrefs
Flavor: r-devel-linux-x86_64-fedora-clang

Version: 3.0.5
Check: installed package size
Result: NOTE
     installed size is 5.4Mb
     sub-directories of 1Mb or more:
     libs 3.5Mb
Flavors: r-release-macos-arm64, r-release-macos-x86_64, r-oldrel-macos-arm64, r-oldrel-macos-x86_64