CRAN Package Check Results for Package textgRid

Last updated on 2023-06-09 16:57:09 CEST.

Flavor Version Tinstall Tcheck Ttotal Status Flags
r-devel-linux-x86_64-debian-clang 1.0.1 1.82 27.10 28.92 NOTE
r-devel-linux-x86_64-debian-gcc 1.0.1 2.04 21.72 23.76 NOTE
r-devel-linux-x86_64-fedora-clang 1.0.1 39.00 NOTE
r-devel-linux-x86_64-fedora-gcc 1.0.1 36.56 NOTE
r-devel-windows-x86_64 1.0.1 4.00 51.00 55.00 NOTE
r-patched-linux-x86_64 1.0.1 2.43 27.08 29.51 NOTE
r-release-linux-x86_64 1.0.1 2.18 26.96 29.14 NOTE
r-release-macos-arm64 1.0.1 17.00 NOTE
r-release-macos-x86_64 1.0.1 23.00 NOTE
r-release-windows-x86_64 1.0.1 4.00 49.00 53.00 NOTE
r-oldrel-macos-arm64 1.0.1 21.00 NOTE
r-oldrel-macos-x86_64 1.0.1 22.00 NOTE
r-oldrel-windows-x86_64 1.0.1 4.00 50.00 54.00 NOTE

Check Details

Version: 1.0.1
Check: LazyData
Result: NOTE
     'LazyData' is specified without a 'data' directory
Flavors: r-devel-linux-x86_64-debian-clang, r-devel-linux-x86_64-debian-gcc, r-devel-linux-x86_64-fedora-clang, r-devel-linux-x86_64-fedora-gcc, r-devel-windows-x86_64, r-patched-linux-x86_64, r-release-linux-x86_64, r-release-macos-arm64, r-release-macos-x86_64, r-release-windows-x86_64, r-oldrel-macos-arm64, r-oldrel-macos-x86_64, r-oldrel-windows-x86_64