CRAN Package Check Results for Package textfeatures

Last updated on 2021-06-17 02:50:59 CEST.

Flavor Version Tinstall Tcheck Ttotal Status Flags
r-devel-linux-x86_64-debian-clang 0.3.3 11.50 46.57 58.07 NOTE
r-devel-linux-x86_64-debian-gcc 0.3.3 9.89 35.82 45.71 NOTE
r-devel-linux-x86_64-fedora-clang 0.3.3 80.45 NOTE
r-devel-linux-x86_64-fedora-gcc 0.3.3 70.98 NOTE
r-devel-windows-x86_64 0.3.3 18.00 61.00 79.00 NOTE
r-devel-windows-x86_64-gcc10-UCRT 0.3.3 NOTE
r-patched-linux-x86_64 0.3.3 11.14 45.46 56.60 NOTE
r-patched-solaris-x86 0.3.3 120.90 NOTE
r-release-linux-x86_64 0.3.3 10.81 44.33 55.14 NOTE
r-release-macos-arm64 0.3.3 NOTE
r-release-macos-x86_64 0.3.3 NOTE
r-release-windows-ix86+x86_64 0.3.3 20.00 62.00 82.00 NOTE
r-oldrel-macos-x86_64 0.3.3 OK
r-oldrel-windows-ix86+x86_64 0.3.3 17.00 65.00 82.00 OK

Check Details

Version: 0.3.3
Check: LazyData
Result: NOTE
     'LazyData' is specified without a 'data' directory
Flavors: r-devel-linux-x86_64-debian-clang, r-devel-linux-x86_64-debian-gcc, r-devel-linux-x86_64-fedora-clang, r-devel-linux-x86_64-fedora-gcc, r-devel-windows-x86_64, r-devel-windows-x86_64-gcc10-UCRT, r-patched-linux-x86_64, r-patched-solaris-x86, r-release-linux-x86_64, r-release-macos-arm64, r-release-macos-x86_64, r-release-windows-ix86+x86_64