CRAN Package Check Results for Package textfeatures

Last updated on 2022-07-01 02:54:30 CEST.

Flavor Version Tinstall Tcheck Ttotal Status Flags
r-devel-linux-x86_64-debian-clang 0.3.3 12.14 49.32 61.46 NOTE
r-devel-linux-x86_64-debian-gcc 0.3.3 9.93 37.17 47.10 NOTE
r-devel-linux-x86_64-fedora-clang 0.3.3 84.95 NOTE
r-devel-linux-x86_64-fedora-gcc 0.3.3 83.64 NOTE
r-devel-windows-x86_64 0.3.3 40.00 71.00 111.00 NOTE
r-patched-linux-x86_64 0.3.3 13.20 46.92 60.12 NOTE
r-release-linux-x86_64 0.3.3 11.83 46.61 58.44 NOTE
r-release-macos-arm64 0.3.3 30.00 NOTE
r-release-macos-x86_64 0.3.3 50.00 NOTE
r-release-windows-x86_64 0.3.3 36.00 71.00 107.00 NOTE
r-oldrel-macos-arm64 0.3.3 34.00 NOTE
r-oldrel-macos-x86_64 0.3.3 57.00 NOTE
r-oldrel-windows-ix86+x86_64 0.3.3 23.00 67.00 90.00 NOTE

Check Details

Version: 0.3.3
Check: LazyData
Result: NOTE
     'LazyData' is specified without a 'data' directory
Flavors: r-devel-linux-x86_64-debian-clang, r-devel-linux-x86_64-debian-gcc, r-devel-linux-x86_64-fedora-clang, r-devel-linux-x86_64-fedora-gcc, r-devel-windows-x86_64, r-patched-linux-x86_64, r-release-linux-x86_64, r-release-macos-arm64, r-release-macos-x86_64, r-release-windows-x86_64, r-oldrel-macos-arm64, r-oldrel-macos-x86_64, r-oldrel-windows-ix86+x86_64