CRAN Package Check Results for Package text2sdg

Last updated on 2022-06-27 09:50:28 CEST.

Flavor Version Tinstall Tcheck Ttotal Status Flags
r-devel-linux-x86_64-debian-clang 0.1.3 3.57 387.39 390.96 OK
r-devel-linux-x86_64-debian-gcc 0.1.3 2.93 242.73 245.66 OK
r-devel-linux-x86_64-fedora-clang 0.1.3 393.46 NOTE
r-devel-linux-x86_64-fedora-gcc 0.1.3 362.70 NOTE
r-devel-windows-x86_64 0.1.3 20.00 271.00 291.00 OK
r-patched-linux-x86_64 0.1.3 9.24 301.01 310.25 OK
r-release-linux-x86_64 0.1.3 2.75 302.96 305.71 OK
r-release-macos-arm64 0.1.3 88.00 NOTE
r-release-macos-x86_64 0.1.3 115.00 NOTE
r-release-windows-x86_64 0.1.3 24.00 273.00 297.00 OK
r-oldrel-macos-arm64 0.1.3 75.00 NOTE
r-oldrel-macos-x86_64 0.1.3 112.00 NOTE
r-oldrel-windows-ix86+x86_64 0.1.3 9.00 318.00 327.00 OK

Check Details

Version: 0.1.3
Check: data for non-ASCII characters
Result: NOTE
     Note: found 38 marked UTF-8 strings
Flavors: r-devel-linux-x86_64-fedora-clang, r-devel-linux-x86_64-fedora-gcc, r-release-macos-arm64, r-release-macos-x86_64, r-oldrel-macos-arm64, r-oldrel-macos-x86_64