CRAN Package Check Results for Package testthat

Last updated on 2018-10-18 19:48:25 CEST.

Flavor Version Tinstall Tcheck Ttotal Status Flags
r-devel-linux-x86_64-debian-clang 2.0.1 34.51 78.61 113.12 OK
r-devel-linux-x86_64-debian-gcc 2.0.1 OK
r-devel-linux-x86_64-fedora-clang 2.0.1 144.16 NOTE
r-devel-linux-x86_64-fedora-gcc 2.0.1 134.81 OK
r-devel-windows-ix86+x86_64 2.0.1 65.00 78.00 143.00 OK
r-patched-linux-x86_64 2.0.1 32.92 76.36 109.28 OK
r-patched-solaris-x86 2.0.1 76.50 OK
r-release-linux-x86_64 2.0.1 35.49 76.82 112.31 OK
r-release-windows-ix86+x86_64 2.0.1 73.00 96.00 169.00 OK
r-release-osx-x86_64 2.0.1 NOTE
r-oldrel-windows-ix86+x86_64 2.0.1 47.00 78.00 125.00 OK
r-oldrel-osx-x86_64 2.0.1 NOTE

Check Details

Version: 2.0.1
Check: installed package size
Result: NOTE
     installed size is 6.0Mb
     sub-directories of 1Mb or more:
     libs 4.7Mb
Flavors: r-devel-linux-x86_64-fedora-clang, r-release-osx-x86_64, r-oldrel-osx-x86_64