CRAN Package Check Results for Package testthat

Last updated on 2020-09-22 04:49:52 CEST.

Flavor Version Tinstall Tcheck Ttotal Status Flags
r-devel-linux-x86_64-debian-clang 2.3.2 41.70 92.16 133.86 OK
r-devel-linux-x86_64-debian-gcc 2.3.2 0.57 3.30 3.87 ERROR
r-devel-linux-x86_64-fedora-clang 2.3.2 203.70 NOTE
r-devel-linux-x86_64-fedora-gcc 2.3.2 232.84 OK
r-devel-windows-ix86+x86_64 2.3.2 85.00 97.00 182.00 OK
r-patched-linux-x86_64 2.3.2 40.21 96.22 136.43 OK
r-patched-solaris-x86 2.3.2 117.90 OK
r-release-linux-x86_64 2.3.2 39.18 95.47 134.65 OK
r-release-macos-x86_64 2.3.2 NOTE
r-release-windows-ix86+x86_64 2.3.2 84.00 123.00 207.00 OK
r-oldrel-macos-x86_64 2.3.2 NOTE
r-oldrel-windows-ix86+x86_64 2.3.2 57.00 95.00 152.00 OK

Check Details

Version: 2.3.2
Check: whether package can be installed
Result: ERROR
    Installation failed.
Flavor: r-devel-linux-x86_64-debian-gcc

Version: 2.3.2
Check: installed package size
Result: NOTE
     installed size is 6.9Mb
     sub-directories of 1Mb or more:
     libs 5.4Mb
Flavors: r-devel-linux-x86_64-fedora-clang, r-release-macos-x86_64, r-oldrel-macos-x86_64