CRAN Package Check Results for Package testthat

Last updated on 2019-07-15 22:55:23 CEST.

Flavor Version Tinstall Tcheck Ttotal Status Flags
r-devel-linux-x86_64-debian-clang 2.1.1 34.26 125.44 159.70 OK
r-devel-linux-x86_64-debian-gcc 2.1.1 31.43 97.35 128.78 OK
r-devel-linux-x86_64-fedora-clang 2.1.1 201.33 NOTE
r-devel-linux-x86_64-fedora-gcc 2.1.1 207.12 OK
r-devel-windows-ix86+x86_64 2.1.1 85.00 88.00 173.00 OK
r-patched-linux-x86_64 2.1.1 35.66 121.40 157.06 OK
r-patched-solaris-x86 2.1.1 103.80 OK
r-release-linux-x86_64 2.1.1 36.06 122.17 158.23 OK
r-release-windows-ix86+x86_64 2.1.1 63.00 122.00 185.00 OK
r-release-osx-x86_64 2.1.1 NOTE
r-oldrel-windows-ix86+x86_64 2.1.1 76.00 123.00 199.00 OK
r-oldrel-osx-x86_64 2.1.1 NOTE

Check Details

Version: 2.1.1
Check: installed package size
Result: NOTE
     installed size is 6.0Mb
     sub-directories of 1Mb or more:
     libs 4.5Mb
Flavors: r-devel-linux-x86_64-fedora-clang, r-release-osx-x86_64, r-oldrel-osx-x86_64