CRAN Package Check Results for Package testthat

Last updated on 2018-06-19 11:48:45 CEST.

Flavor Version Tinstall Tcheck Ttotal Status Flags
r-devel-linux-x86_64-debian-clang 2.0.0 32.01 68.87 100.88 NOTE
r-devel-linux-x86_64-debian-gcc 2.0.0 25.83 58.50 84.33 NOTE
r-devel-linux-x86_64-fedora-clang 2.0.0 131.86 NOTE
r-devel-linux-x86_64-fedora-gcc 2.0.0 119.40 NOTE
r-devel-windows-ix86+x86_64 2.0.0 73.00 92.00 165.00 NOTE
r-patched-linux-x86_64 2.0.0 32.62 75.16 107.78 NOTE
r-patched-solaris-x86 2.0.0 81.00 OK
r-release-linux-x86_64 2.0.0 32.15 74.52 106.67 NOTE
r-release-windows-ix86+x86_64 2.0.0 53.00 111.00 164.00 NOTE
r-release-osx-x86_64 2.0.0 NOTE
r-oldrel-windows-ix86+x86_64 2.0.0 45.00 107.00 152.00 OK
r-oldrel-osx-x86_64 2.0.0 NOTE

Check Details

Version: 2.0.0
Check: pragmas in C/C++ headers and code
Result: NOTE
    File which contains pragma(s) suppressing diagnostics:
     ‘inst/include/testthat/vendor/catch.h’
Flavors: r-devel-linux-x86_64-debian-clang, r-devel-linux-x86_64-debian-gcc, r-devel-linux-x86_64-fedora-clang, r-devel-linux-x86_64-fedora-gcc, r-devel-windows-ix86+x86_64, r-patched-linux-x86_64, r-release-linux-x86_64, r-release-windows-ix86+x86_64

Version: 2.0.0
Check: installed package size
Result: NOTE
     installed size is 5.7Mb
     sub-directories of 1Mb or more:
     libs 4.4Mb
Flavors: r-devel-linux-x86_64-fedora-clang, r-release-osx-x86_64, r-oldrel-osx-x86_64