CRAN Package Check Results for Package testthat

Last updated on 2019-02-19 11:52:30 CET.

Flavor Version Tinstall Tcheck Ttotal Status Flags
r-devel-linux-x86_64-debian-clang 2.0.1 32.14 80.60 112.74 OK
r-devel-linux-x86_64-debian-gcc 2.0.1 30.85 63.74 94.59 OK
r-devel-linux-x86_64-fedora-clang 2.0.1 153.90 NOTE
r-devel-linux-x86_64-fedora-gcc 2.0.1 135.16 OK
r-devel-windows-ix86+x86_64 2.0.1 77.00 130.00 207.00 OK
r-patched-linux-x86_64 2.0.1 32.97 76.84 109.81 OK
r-patched-solaris-x86 2.0.1 101.00 OK
r-release-linux-x86_64 2.0.1 30.46 76.04 106.50 OK
r-release-windows-ix86+x86_64 2.0.1 57.00 134.00 191.00 OK
r-release-osx-x86_64 2.0.1 NOTE
r-oldrel-windows-ix86+x86_64 2.0.1 55.00 90.00 145.00 OK
r-oldrel-osx-x86_64 2.0.1 NOTE

Check Details

Version: 2.0.1
Check: installed package size
Result: NOTE
     installed size is 6.0Mb
     sub-directories of 1Mb or more:
     libs 4.5Mb
Flavors: r-devel-linux-x86_64-fedora-clang, r-release-osx-x86_64, r-oldrel-osx-x86_64