CRAN Package Check Results for Package testthat

Last updated on 2019-04-24 22:51:06 CEST.

Flavor Version Tinstall Tcheck Ttotal Status Flags
r-devel-linux-x86_64-debian-clang 2.1.0 34.04 120.02 154.06 ERROR
r-devel-linux-x86_64-debian-gcc 2.1.1 30.87 95.83 126.70 OK
r-devel-linux-x86_64-fedora-clang 2.1.1 203.75 NOTE
r-devel-linux-x86_64-fedora-gcc 2.1.1 191.67 OK
r-devel-windows-ix86+x86_64 2.1.1 87.00 112.00 199.00 OK
r-patched-linux-x86_64 2.1.0 38.24 117.71 155.95 OK
r-patched-solaris-x86 2.1.1 101.30 OK
r-release-linux-x86_64 2.1.1 36.74 116.74 153.48 OK
r-release-windows-ix86+x86_64 2.1.1 79.00 98.00 177.00 OK
r-release-osx-x86_64 2.1.1 NOTE
r-oldrel-windows-ix86+x86_64 2.1.0 50.00 84.00 134.00 OK
r-oldrel-osx-x86_64 2.0.1 NOTE

Check Details

Version: 2.1.0
Check: tests
Result: ERROR
     Running 'test-catch.R' [43s/50s]
     Running 'testthat.R' [31s/34s]
    Running the tests in 'tests/testthat.R' failed.
    Complete output:
     > library(testthat)
     > options(testthat.use_colours = FALSE)
     > test_check("testthat")
     -- 1. Failure: generates informative failures (@test-expect-error.R#42) -------
     `with_reporter(test_that("", expr), reporter = FailureReporter$new())` has changed from known value recorded in 'test-expect-error.txt'.
     5/25 mismatches
     x[1]: "-- 1. Failure: (@test-expect-error.R#43) ------------------------------
     x[1]: -------"
     y[1]: "<U+2500><U+2500> 1. Failure: (@test-expect-error.R#43) <U+2500><U+2500>
     y[1]: <U+2500><U+2500><U+2500><U+2500><U+2500><U+2500><U+2500><U+2500><U+2500><U
     y[1]: +2500><U+2500><U+2500><U+2500><U+2500><U+2500><U+2500><U+2500><U+2500><U+2
     y[1]: 500><U+2500><U+2500><U+2500><U+2500><U+2500><U+2500><U+2500><U+2500><U+250
     y[1]: 0><U+2500><U+2500><U+2500><U+2500><U+2500><U+2500><U+2500>"
    
     x[4]: "-- 2. Failure: (@test-expect-error.R#44) ------------------------------
     x[4]: -------"
     y[4]: "<U+2500><U+2500> 2. Failure: (@test-expect-error.R#44) <U+2500><U+2500>
     y[4]: <U+2500><U+2500><U+2500><U+2500><U+2500><U+2500><U+2500><U+2500><U+2500><U
     y[4]: +2500><U+2500><U+2500><U+2500><U+2500><U+2500><U+2500><U+2500><U+2500><U+2
     y[4]: 500><U+2500><U+2500><U+2500><U+2500><U+2500><U+2500><U+2500><U+2500><U+250
     y[4]: 0><U+2500><U+2500><U+2500><U+2500><U+2500><U+2500><U+2500>"
    
     x[9]: "-- 3. Failure: (@test-expect-error.R#46) ------------------------------
     x[9]: -------"
     y[9]: "<U+2500><U+2500> 3. Failure: (@test-expect-error.R#46) <U+2500><U+2500>
     y[9]: <U+2500><U+2500><U+2500><U+2500><U+2500><U+2500><U+2500><U+2500><U+2500><U
     y[9]: +2500><U+2500><U+2500><U+2500><U+2500><U+2500><U+2500><U+2500><U+2500><U+2
     y[9]: 500><U+2500><U+2500><U+2500><U+2500><U+2500><U+2500><U+2500><U+2500><U+250
     y[9]: 0><U+2500><U+2500><U+2500><U+2500><U+2500><U+2500><U+2500>"
    
     x[14]: "-- 4. Failure: (@test-expect-error.R#47) ------------------------------
     x[14]: -------"
     y[14]: "<U+2500><U+2500> 4. Failure: (@test-expect-error.R#47) <U+2500><U+2500>
     y[14]: <U+2500><U+2500><U+2500><U+2500><U+2500><U+2500><U+2500><U+2500><U+2500><U
     y[14]: +2500><U+2500><U+2500><U+2500><U+2500><U+2500><U+2500><U+2500><U+2500><U+2
     y[14]: 500><U+2500><U+2500><U+2500><U+2500><U+2500><U+2500><U+2500><U+2500><U+250
     y[14]: 0><U+2500><U+2500><U+2500><U+2500><U+2500><U+2500><U+2500>"
    
     x[19]: "-- 5. Failure: (@test-expect-error.R#48) ------------------------------
     x[19]: -------"
     y[19]: "<U+2500><U+2500> 5. Failure: (@test-expect-error.R#48) <U+2500><U+2500>
     y[19]: <U+2500><U+2500><U+2500><U+2500><U+2500><U+2500><U+2500><U+2500><U+2500><U
     y[19]: +2500><U+2500><U+2500><U+2500><U+2500><U+2500><U+2500><U+2500><U+2500><U+2
     y[19]: 500><U+2500><U+2500><U+2500><U+2500><U+2500><U+2500><U+2500><U+2500><U+250
     y[19]: 0><U+2500><U+2500><U+2500><U+2500><U+2500><U+2500><U+2500>"
    
     -- 2. Failure: Unicode characters in output (@test-expect-output.R#42) --------
     Expectation did not succeed:
     `cat\(bar\)` does not match "<U+2551>".
     Actual value: "<U\+2551>"
    
     -- 3. Failure: generates informative failures (@test-expect-warning.R#33) -----
     `with_reporter(test_that("", expr), reporter = FailureReporter$new())` has changed from known value recorded in 'test-expect-warning.txt'.
     4/22 mismatches
     x[1]: "-- 1. Failure: (@test-expect-warning.R#39) ----------------------------
     x[1]: -------"
     y[1]: "<U+2500><U+2500> 1. Failure: (@test-expect-warning.R#39) <U+2500><U+250
     y[1]: 0><U+2500><U+2500><U+2500><U+2500><U+2500><U+2500><U+2500><U+2500><U+2500>
     y[1]: <U+2500><U+2500><U+2500><U+2500><U+2500><U+2500><U+2500><U+2500><U+2500><U
     y[1]: +2500><U+2500><U+2500><U+2500><U+2500><U+2500><U+2500><U+2500><U+2500><U+2
     y[1]: 500><U+2500><U+2500><U+2500><U+2500><U+2500>"
    
     x[4]: "-- 2. Failure: (@test-expect-warning.R#40) ----------------------------
     x[4]: -------"
     y[4]: "<U+2500><U+2500> 2. Failure: (@test-expect-warning.R#40) <U+2500><U+250
     y[4]: 0><U+2500><U+2500><U+2500><U+2500><U+2500><U+2500><U+2500><U+2500><U+2500>
     y[4]: <U+2500><U+2500><U+2500><U+2500><U+2500><U+2500><U+2500><U+2500><U+2500><U
     y[4]: +2500><U+2500><U+2500><U+2500><U+2500><U+2500><U+2500><U+2500><U+2500><U+2
     y[4]: 500><U+2500><U+2500><U+2500><U+2500><U+2500>"
    
     x[9]: "-- 3. Failure: (@test-expect-warning.R#41) ----------------------------
     x[9]: -------"
     y[9]: "<U+2500><U+2500> 3. Failure: (@test-expect-warning.R#41) <U+2500><U+250
     y[9]: 0><U+2500><U+2500><U+2500><U+2500><U+2500><U+2500><U+2500><U+2500><U+2500>
     y[9]: <U+2500><U+2500><U+2500><U+2500><U+2500><U+2500><U+2500><U+2500><U+2500><U
     y[9]: +2500><U+2500><U+2500><U+2500><U+2500><U+2500><U+2500><U+2500><U+2500><U+2
     y[9]: 500><U+2500><U+2500><U+2500><U+2500><U+2500>"
    
     x[16]: "-- 4. Failure: (@test-expect-warning.R#42) ----------------------------
     x[16]: -------"
     y[16]: "<U+2500><U+2500> 4. Failure: (@test-expect-warning.R#42) <U+2500><U+250
     y[16]: 0><U+2500><U+2500><U+2500><U+2500><U+2500><U+2500><U+2500><U+2500><U+2500>
     y[16]: <U+2500><U+2500><U+2500><U+2500><U+2500><U+2500><U+2500><U+2500><U+2500><U
     y[16]: +2500><U+2500><U+2500><U+2500><U+2500><U+2500><U+2500><U+2500><U+2500><U+2
     y[16]: 500><U+2500><U+2500><U+2500><U+2500><U+2500>"
    
     == testthat results ===========================================================
     OK: 529 SKIPPED: 2 WARNINGS: 5 FAILED: 3
     1. Failure: generates informative failures (@test-expect-error.R#42)
     2. Failure: Unicode characters in output (@test-expect-output.R#42)
     3. Failure: generates informative failures (@test-expect-warning.R#33)
    
     Error: testthat unit tests failed
     Execution halted
Flavor: r-devel-linux-x86_64-debian-clang

Version: 2.1.1
Check: installed package size
Result: NOTE
     installed size is 6.0Mb
     sub-directories of 1Mb or more:
     libs 4.5Mb
Flavors: r-devel-linux-x86_64-fedora-clang, r-release-osx-x86_64

Version: 2.0.1
Check: installed package size
Result: NOTE
     installed size is 5.6Mb
     sub-directories of 1Mb or more:
     libs 4.7Mb
Flavor: r-oldrel-osx-x86_64