CRAN Package Check Results for Package testthat

Last updated on 2020-01-19 19:48:07 CET.

Flavor Version Tinstall Tcheck Ttotal Status Flags
r-devel-linux-x86_64-debian-clang 2.3.1 38.87 136.49 175.36 OK
r-devel-linux-x86_64-debian-gcc 2.3.1 36.24 110.41 146.65 OK
r-devel-linux-x86_64-fedora-clang 2.3.1 222.99 NOTE
r-devel-linux-x86_64-fedora-gcc 2.3.1 228.86 OK
r-devel-windows-ix86+x86_64 2.3.1 99.00 151.00 250.00 OK
r-devel-windows-ix86+x86_64-gcc8 2.3.1 78.00 149.00 227.00 OK
r-patched-linux-x86_64 2.3.1 34.63 126.46 161.09 OK
r-patched-solaris-x86 2.3.1 117.40 OK
r-release-linux-x86_64 2.3.1 35.20 125.53 160.73 OK
r-release-windows-ix86+x86_64 2.3.1 96.00 151.00 247.00 OK
r-release-osx-x86_64 2.3.1 NOTE
r-oldrel-windows-ix86+x86_64 2.3.1 80.00 91.00 171.00 OK
r-oldrel-osx-x86_64 2.3.1 NOTE

Check Details

Version: 2.3.1
Check: installed package size
Result: NOTE
     installed size is 6.4Mb
     sub-directories of 1Mb or more:
     libs 4.9Mb
Flavors: r-devel-linux-x86_64-fedora-clang, r-release-osx-x86_64, r-oldrel-osx-x86_64