CRAN Package Check Results for Package testthat

Last updated on 2020-07-15 00:47:14 CEST.

Flavor Version Tinstall Tcheck Ttotal Status Flags
r-devel-linux-x86_64-debian-clang 2.3.2 42.07 91.83 133.90 OK
r-devel-linux-x86_64-debian-gcc 2.3.2 36.61 72.77 109.38 OK
r-devel-linux-x86_64-fedora-clang 2.3.2 177.39 NOTE
r-devel-linux-x86_64-fedora-gcc 2.3.2 234.47 OK
r-devel-windows-ix86+x86_64 2.3.2 99.00 96.00 195.00 OK
r-patched-linux-x86_64 2.3.2 40.58 110.23 150.81 OK
r-patched-solaris-x86 2.3.2 114.60 OK
r-release-linux-x86_64 2.3.2 40.75 96.04 136.79 OK
r-release-macos-x86_64 2.3.2 ERROR
r-release-windows-ix86+x86_64 2.3.2 90.00 103.00 193.00 OK
r-oldrel-macos-x86_64 2.3.2 NOTE
r-oldrel-windows-ix86+x86_64 2.3.2 88.00 146.00 234.00 OK

Check Details

Version: 2.3.2
Check: installed package size
Result: NOTE
     installed size is 6.9Mb
     sub-directories of 1Mb or more:
     libs 5.4Mb
Flavors: r-devel-linux-x86_64-fedora-clang, r-oldrel-macos-x86_64

Version: 2.3.2
Check: whether package can be installed
Result: ERROR
    Installation failed.
Flavor: r-release-macos-x86_64