CRAN Package Check Results for Package testthat

Last updated on 2022-01-24 02:51:16 CET.

Flavor Version Tinstall Tcheck Ttotal Status Flags
r-devel-linux-x86_64-debian-clang 3.1.1 42.44 139.78 182.22 OK
r-devel-linux-x86_64-debian-gcc 3.1.2 38.48 108.05 146.53 OK
r-devel-linux-x86_64-fedora-clang 3.1.2 263.24 NOTE
r-devel-linux-x86_64-fedora-gcc 3.1.2 239.64 OK
r-devel-windows-x86_64-new-UL 3.1.2 158.00 146.00 304.00 OK
r-devel-windows-x86_64-new-TK 3.1.2 OK
r-patched-linux-x86_64 3.1.2 44.76 147.81 192.57 OK
r-release-linux-x86_64 3.1.2 51.37 146.77 198.14 OK
r-release-macos-arm64 3.1.1 NOTE
r-release-macos-x86_64 3.1.2 NOTE
r-release-windows-ix86+x86_64 3.1.2 96.00 189.00 285.00 OK
r-oldrel-macos-x86_64 3.1.1 NOTE
r-oldrel-windows-ix86+x86_64 3.1.2 95.00 190.00 285.00 OK

Check Details

Version: 3.1.2
Check: installed package size
Result: NOTE
     installed size is 6.6Mb
     sub-directories of 1Mb or more:
     libs 4.2Mb
Flavors: r-devel-linux-x86_64-fedora-clang, r-release-macos-x86_64

Version: 3.1.1
Check: installed package size
Result: NOTE
     installed size is 9.0Mb
     sub-directories of 1Mb or more:
     libs 6.7Mb
Flavors: r-release-macos-arm64, r-oldrel-macos-x86_64