CRAN Package Check Results for Package testthat

Last updated on 2024-02-25 08:53:16 CET.

Flavor Version Tinstall Tcheck Ttotal Status Flags
r-devel-linux-x86_64-debian-clang 3.2.1 52.65 253.45 306.10 OK
r-devel-linux-x86_64-debian-gcc 3.2.1 46.09 188.03 234.12 OK
r-devel-linux-x86_64-fedora-clang 3.2.1 383.21 OK
r-devel-linux-x86_64-fedora-gcc 3.2.1 467.05 OK
r-devel-windows-x86_64 3.2.1 47.00 171.00 218.00 OK
r-patched-linux-x86_64 3.2.1 40.85 249.48 290.33 OK
r-release-linux-x86_64 3.2.1 51.59 250.99 302.58 OK
r-release-macos-arm64 3.2.1 130.00 NOTE
r-release-macos-x86_64 3.2.1 280.00 NOTE
r-release-windows-x86_64 3.2.1 62.00 205.00 267.00 OK
r-oldrel-macos-arm64 3.2.1 120.00 NOTE
r-oldrel-windows-x86_64 3.2.1 59.00 185.00 244.00 OK

Check Details

Version: 3.2.1
Check: installed package size
Result: NOTE installed size is 8.9Mb sub-directories of 1Mb or more: R 2.1Mb libs 5.4Mb Flavors: r-release-macos-arm64, r-release-macos-x86_64, r-oldrel-macos-arm64