CRAN Package Check Results for Package testthat

Last updated on 2021-02-25 01:49:45 CET.

Flavor Version Tinstall Tcheck Ttotal Status Flags
r-devel-linux-x86_64-debian-clang 3.0.2 48.37 159.16 207.53 OK
r-devel-linux-x86_64-debian-gcc 3.0.2 37.49 115.43 152.92 OK
r-devel-linux-x86_64-fedora-clang 3.0.2 277.57 NOTE
r-devel-linux-x86_64-fedora-gcc 3.0.2 324.93 OK
r-devel-windows-ix86+x86_64 3.0.1 70.00 135.00 205.00 ERROR
r-patched-linux-x86_64 3.0.2 44.38 159.58 203.96 OK
r-patched-solaris-x86 3.0.2 225.90 OK
r-release-linux-x86_64 3.0.2 50.11 156.74 206.85 OK
r-release-macos-x86_64 3.0.2 NOTE
r-release-windows-ix86+x86_64 3.0.2 100.00 162.00 262.00 OK
r-oldrel-macos-x86_64 3.0.2 NOTE
r-oldrel-windows-ix86+x86_64 3.0.2 57.00 127.00 184.00 OK

Check Details

Version: 3.0.2
Check: installed package size
Result: NOTE
     installed size is 7.7Mb
     sub-directories of 1Mb or more:
     libs 5.4Mb
Flavors: r-devel-linux-x86_64-fedora-clang, r-release-macos-x86_64, r-oldrel-macos-x86_64

Version: 3.0.1
Check: running tests for arch ‘i386’
Result: ERROR
     Running 'test-catch.R' [0s]
     Running 'testthat.R' [18s]
    Running the tests in 'tests/testthat.R' failed.
    Complete output:
     > library(testthat)
     > test_check("testthat")
     Starting 2 test processes
     == Skipped tests ===============================================================
     * On CRAN (52)
     * On Windows (1)
     * file.exists(rd_path) is not TRUE (2)
     * l10n_info()$`UTF-8` is not TRUE (1)
     * non utf8 locale (3)
     * teardown errors are ignored (1)
    
     == Failed tests ================================================================
     -- Failure (test-expect-known.R:49:3): works in non-UTF-8 locale ---------------
     Expectation did not succeed:
     Results have changed from known value recorded in 'D:\\temp\\Rtmp0u57s9\\file185985d76c18'.
    
     `old`: "ü" "<U+2A5D>" "<U+6211>" "<U+0438>"
     `new`: "ü" "<U+2A5D>" "<U+6211>" "<U+0438>"
     -- Failure (test-expect-known.R:50:3): works in non-UTF-8 locale ---------------
     Expectation did not succeed:
     Results have changed from known value recorded in 'D:\\temp\\Rtmp0u57s9\\file185985d76c18'.
    
     `old`: "ü" "<U+2A5D>" "<U+6211>" "<U+0438>"
     `new`: "\374" "<U+2A5D>" "<U+6211>" "<U+0438>"
    
     [ FAIL 2 | WARN 0 | SKIP 60 | PASS 690 ]
     Error: Test failures
     Execution halted
Flavor: r-devel-windows-ix86+x86_64

Version: 3.0.1
Check: running tests for arch ‘x64’
Result: ERROR
     Running 'test-catch.R' [0s]
     Running 'testthat.R' [19s]
    Running the tests in 'tests/testthat.R' failed.
    Complete output:
     > library(testthat)
     > test_check("testthat")
     Starting 2 test processes
     == Skipped tests ===============================================================
     * On CRAN (52)
     * On Windows (1)
     * file.exists(rd_path) is not TRUE (2)
     * l10n_info()$`UTF-8` is not TRUE (1)
     * non utf8 locale (3)
     * teardown errors are ignored (1)
    
     == Failed tests ================================================================
     -- Failure (test-expect-known.R:49:3): works in non-UTF-8 locale ---------------
     Expectation did not succeed:
     Results have changed from known value recorded in 'D:\\temp\\RtmpQjeyUf\\file91e8cd72c54'.
    
     `old`: "ü" "<U+2A5D>" "<U+6211>" "<U+0438>"
     `new`: "ü" "<U+2A5D>" "<U+6211>" "<U+0438>"
     -- Failure (test-expect-known.R:50:3): works in non-UTF-8 locale ---------------
     Expectation did not succeed:
     Results have changed from known value recorded in 'D:\\temp\\RtmpQjeyUf\\file91e8cd72c54'.
    
     `old`: "ü" "<U+2A5D>" "<U+6211>" "<U+0438>"
     `new`: "\374" "<U+2A5D>" "<U+6211>" "<U+0438>"
    
     [ FAIL 2 | WARN 0 | SKIP 60 | PASS 690 ]
     Error: Test failures
     Execution halted
Flavor: r-devel-windows-ix86+x86_64