Last updated on 2023-01-27 16:49:33 CET.
Flavor | Version | Tinstall | Tcheck | Ttotal | Status | Flags |
---|---|---|---|---|---|---|
r-devel-linux-x86_64-debian-clang | 3.1.6 | 48.25 | 181.02 | 229.27 | OK | |
r-devel-linux-x86_64-debian-gcc | 3.1.6 | 43.85 | 135.86 | 179.71 | OK | |
r-devel-linux-x86_64-fedora-clang | 3.1.6 | 292.67 | OK | |||
r-devel-linux-x86_64-fedora-gcc | 3.1.6 | 345.50 | OK | |||
r-patched-linux-x86_64 | 3.1.6 | 46.06 | 165.37 | 211.43 | OK | |
r-release-linux-x86_64 | 3.1.6 | 36.56 | 152.99 | 189.55 | OK | |
r-release-macos-arm64 | 3.1.6 | 99.00 | NOTE | |||
r-release-macos-x86_64 | 3.1.6 | 131.00 | NOTE | |||
r-release-windows-x86_64 | 3.1.6 | 214.00 | 203.00 | 417.00 | OK | |
r-oldrel-macos-arm64 | 3.1.6 | 103.00 | NOTE | |||
r-oldrel-macos-x86_64 | 3.1.6 | 143.00 | NOTE | |||
r-oldrel-windows-ix86+x86_64 | 3.1.6 | 103.00 | 249.00 | 352.00 | OK |
Version: 3.1.6
Check: compiled code
Result: NOTE
Note: information on .o files is not available
Flavor: r-release-macos-arm64
Version: 3.1.6
Check: installed package size
Result: NOTE
installed size is 7.9Mb
sub-directories of 1Mb or more:
libs 5.6Mb
Flavors: r-release-macos-x86_64, r-oldrel-macos-arm64, r-oldrel-macos-x86_64