CRAN Package Check Results for Package testthat

Last updated on 2020-04-04 15:48:36 CEST.

Flavor Version Tinstall Tcheck Ttotal Status Flags
r-devel-linux-x86_64-debian-clang 2.3.2 39.08 137.43 176.51 OK
r-devel-linux-x86_64-debian-gcc 2.3.2 35.05 108.98 144.03 OK
r-devel-linux-x86_64-fedora-clang 2.3.2 196.20 NOTE
r-devel-linux-x86_64-fedora-gcc 2.3.2 229.83 OK
r-devel-windows-ix86+x86_64 2.3.2 66.00 96.00 162.00 OK
r-devel-windows-ix86+x86_64-gcc8 2.3.2 75.00 92.00 167.00 OK
r-patched-linux-x86_64 2.3.2 37.33 141.86 179.19 OK
r-patched-solaris-x86 2.3.2 118.80 OK
r-release-linux-x86_64 2.3.2 34.13 122.62 156.75 OK
r-release-windows-ix86+x86_64 2.3.2 73.00 134.00 207.00 OK
r-release-osx-x86_64 2.3.2 NOTE
r-oldrel-windows-ix86+x86_64 2.3.2 64.00 100.00 164.00 OK
r-oldrel-osx-x86_64 2.3.2 NOTE

Check Details

Version: 2.3.2
Check: installed package size
Result: NOTE
     installed size is 6.9Mb
     sub-directories of 1Mb or more:
     libs 5.4Mb
Flavors: r-devel-linux-x86_64-fedora-clang, r-release-osx-x86_64, r-oldrel-osx-x86_64