Last updated on 2025-06-24 02:51:20 CEST.
Flavor | Version | Tinstall | Tcheck | Ttotal | Status | Flags |
---|---|---|---|---|---|---|
r-devel-linux-x86_64-debian-clang | 5.2.3 | 13.83 | 67.56 | 81.39 | OK | |
r-devel-linux-x86_64-debian-gcc | 5.2.3 | 10.31 | 63.32 | 73.63 | OK | |
r-devel-linux-x86_64-fedora-gcc | 5.2.3 | 118.24 | OK | |||
r-devel-windows-x86_64 | 5.2.3 | 44.00 | 146.00 | 190.00 | OK | |
r-patched-linux-x86_64 | 5.2.3 | 14.58 | 76.62 | 91.20 | OK | |
r-release-linux-x86_64 | 5.2.3 | 14.02 | 61.69 | 75.71 | OK | |
r-release-macos-arm64 | 5.2.3 | 86.00 | OK | |||
r-release-macos-x86_64 | 5.2.3 | 113.00 | OK | |||
r-release-windows-x86_64 | 5.2.3 | 40.00 | 141.00 | 181.00 | OK | |
r-oldrel-macos-arm64 | 5.2.3 | 67.00 | NOTE | |||
r-oldrel-macos-x86_64 | 5.2.3 | 148.00 | NOTE | |||
r-oldrel-windows-x86_64 | 5.2.3 | 47.00 | 164.00 | 211.00 | NOTE |
Version: 5.2.3
Check: installed package size
Result: NOTE
installed size is 32.3Mb
sub-directories of 1Mb or more:
doc 1.1Mb
libs 8.9Mb
tessdata 22.2Mb
Flavors: r-oldrel-macos-arm64, r-oldrel-macos-x86_64, r-oldrel-windows-x86_64